{"id":883,"date":"2019-03-17T22:34:36","date_gmt":"2019-03-17T21:34:36","guid":{"rendered":"http:\/\/www.handball-ulm.de\/?page_id=883"},"modified":"2025-11-16T16:03:21","modified_gmt":"2025-11-16T15:03:21","slug":"minis-ulm","status":"publish","type":"page","link":"https:\/\/www.handball-ulm.de\/?page_id=883","title":{"rendered":"Weststadt Minis 1"},"content":{"rendered":"\n\r\n\r\n<div id=\"tabs-1079371412\">\n\r\n<ul class=\"resp-tabs-list\">\r\n    <li>Kader<\/li>\r\n\n\r\n    <li>Aktuelles<\/li>\r\n\n\r\n    <li>Spielplan<\/li>\r\n\n\r\n    <li>Trainingszeiten<\/li>\r\n\n\r\n    <li>Jahrgang<\/li>\r\n\n\r\n    <li>Trainer<\/li>\r\n<\/ul>\r\n<div class=\"resp-tabs-container\">\n \r\n<div>\r\n\n<p class=\"standart\"><strong>Weststadt Minis 1<br><\/strong><\/p>\n<p class=\"standart\">Trainer: Hannes, Franzi, Patrick, Lili<br>Zinos, Adam, Letizia, Johann, Linus, Jakob, Vanessa, Timo, Hugo, Emma, Frida, Hanna, Joel,&nbsp;Paul,&nbsp;Emil<\/p>\n<p><strong>Es fehlen:<\/strong> Luca, Lukas, Lea, Paul,Yusuf und&nbsp;Michael<\/p>\n\r\n<\/div>\r\n\n\r\n<div>\r\n\n<article class=\"post\">\r\n    <div class=\"post-20178 post type-post status-publish format-standard has-post-thumbnail hentry category-aktive category-aktuelles-foerderverein category-allgemein category-aus-dem-sg-leben category-aus-dem-sg-leben-25-26 category-events category-frauen-1 category-frauen-2 category-gaenswiescup-2025 category-gaenswiescup-2026 category-gaenswiesturnier category-gemischt-d1 category-gemischt-d2 category-gemischt-d3 category-gemischt-e-ulm category-gemischt-e-wiblingen category-gemischt-f-ulm category-gemischt-f-wiblingen category-jugend category-maenner-1 category-maenner-2 category-maenner-3 category-maennlich-a category-maennlich-b1 category-maennlich-c category-maennlich-c2 category-miniminis-oststadt category-miniminis-weststadt category-miniminis-wiblingen category-minis-goegglingen category-minis-oststadt category-minis-weststadt-1 category-minis-weststadt-2 category-minis-wiblingen category-spielgemeinschaft category-startseite category-weiblich-a category-weiblich-b category-weiblich-b2 category-weiblich-c category-weiblich-c2 category-weiblich-d category-weiblich-e\"  id=\"post-20178\">\r\n      \r\n    <figure>\r\n        <a href=\"https:\/\/www.handball-ulm.de\/?p=20178\">\r\n            <img loading=\"lazy\" decoding=\"async\" width=\"964\" height=\"428\" src=\"https:\/\/www.handball-ulm.de\/wp-content\/uploads\/2026\/04\/torwart-Website.jpg\" class=\"attachment-sporty-blog-image size-sporty-blog-image wp-post-image\" alt=\"Torwart gesucht\" srcset=\"https:\/\/www.handball-ulm.de\/wp-content\/uploads\/2026\/04\/torwart-Website.jpg 964w, https:\/\/www.handball-ulm.de\/wp-content\/uploads\/2026\/04\/torwart-Website-300x133.jpg 300w, https:\/\/www.handball-ulm.de\/wp-content\/uploads\/2026\/04\/torwart-Website-768x341.jpg 768w\" sizes=\"(max-width: 964px) 100vw, 964px\" \/>        <\/a>\r\n    <\/figure>\r\n            <div class=\"postbox\">  \r\n            <h3>\r\n                <a href=\"https:\/\/www.handball-ulm.de\/?p=20178\">Aufruf: Wer kennt einen Torh\u00fcter?!<\/a>\r\n            <\/h3>\r\n        <div class=\"date-without-thumb\">15. April 2026<\/div> \r\n        <p>Liebe Vereinsfamilie, unsere Herren 1 steht vor einer wichtigen Frage: Wer h\u00fctet n\u00e4chste Saison unser Tor? Trainer Ralf und die Mannschaft suchen dringend einen Torh\u00fcter \u2013 ab sofort, aber ganz besonders f\u00fcr die kommende Saison. Und jetzt kommt ihr ins Spiel! \ud83d\udc49 Fragt in eurem Freundeskreis, in der Familie, bei Arbeitskollegen, beim Stammtisch \u2013 einfach [&hellip;]<\/p>\n<br\/><br\/><a class=\"read-more\" href=\"https:\/\/www.handball-ulm.de\/?p=20178\"> Mehr lesen...<\/a>        <\/div>    \r\n    <\/div>\r\n<\/article>\r\n<article class=\"post\">\r\n    <div class=\"post-15488 post type-post status-publish format-standard hentry category-aus-dem-sg-leben-23-24 category-jugend category-minis-oststadt category-minis-weststadt-1 category-startseite\"  id=\"post-15488\">\r\n            <div class=\"postbox\">  \r\n            <h3>\r\n                <a href=\"https:\/\/www.handball-ulm.de\/?p=15488\">Minispieltag am 10.12.2023<\/a>\r\n            <\/h3>\r\n        <div class=\"date-without-thumb\">12. Dezember 2023<\/div> \r\n        <p>65 handballbegeisterte Kinder tummelten sich am Sonntagvormittag in der Tannenplatzhalle beim Mini-Spieltag der SG Ulm &amp; Wiblingen. Nach dem Aufw\u00e4rmspiel, in dem die Kleinen einen Sternlauf absolvieren mussten, konnten sich die Kinder beim K\u00f6nigsball und Aufsetzerhandball messen, sowie in einem Parkour ihre Geschicklichkeit und Sportlichkeit unter Beweis stellen. Neben den eigenen beiden Mini-Handballmannschaften der SG [&hellip;]<\/p>\n<br\/><br\/><a class=\"read-more\" href=\"https:\/\/www.handball-ulm.de\/?p=15488\"> Mehr lesen...<\/a>        <\/div>    \r\n    <\/div>\r\n<\/article>\r\n<article class=\"post\">\r\n    <div class=\"post-15018 post type-post status-publish format-standard has-post-thumbnail hentry category-aus-dem-sg-leben-23-24 category-minis-oststadt category-minis-weststadt-1 category-startseite\"  id=\"post-15018\">\r\n      \r\n    <figure>\r\n        <a href=\"https:\/\/www.handball-ulm.de\/?p=15018\">\r\n            <img loading=\"lazy\" decoding=\"async\" width=\"631\" height=\"428\" src=\"https:\/\/www.handball-ulm.de\/wp-content\/uploads\/2023\/10\/image-3-631x428.png\" class=\"attachment-sporty-blog-image size-sporty-blog-image wp-post-image\" alt=\"\" \/>        <\/a>\r\n    <\/figure>\r\n            <div class=\"postbox\">  \r\n            <h3>\r\n                <a href=\"https:\/\/www.handball-ulm.de\/?p=15018\">Minis SG Ulm&#038;Wiblingen 4 in Biberach<\/a>\r\n            <\/h3>\r\n        <div class=\"date-without-thumb\">22. Oktober 2023<\/div> \r\n        <p>Flitzen wie die Blitze<\/p>\n<br\/><br\/><a class=\"read-more\" href=\"https:\/\/www.handball-ulm.de\/?p=15018\"> Mehr lesen...<\/a>        <\/div>    \r\n    <\/div>\r\n<\/article>\r\n<article class=\"post\">\r\n    <div class=\"post-14856 post type-post status-publish format-standard has-post-thumbnail hentry category-aus-dem-sg-leben-23-24 category-minis-weststadt-1 category-startseite\"  id=\"post-14856\">\r\n      \r\n    <figure>\r\n        <a href=\"https:\/\/www.handball-ulm.de\/?p=14856\">\r\n            <img loading=\"lazy\" decoding=\"async\" width=\"964\" height=\"428\" src=\"https:\/\/www.handball-ulm.de\/wp-content\/uploads\/2023\/10\/IMG-20231007-WA0002-964x428.jpeg\" class=\"attachment-sporty-blog-image size-sporty-blog-image wp-post-image\" alt=\"\" \/>        <\/a>\r\n    <\/figure>\r\n            <div class=\"postbox\">  \r\n            <h3>\r\n                <a href=\"https:\/\/www.handball-ulm.de\/?p=14856\">Weststadtminis 1 in Blaustein<\/a>\r\n            <\/h3>\r\n        <div class=\"date-without-thumb\">7. Oktober 2023<\/div> \r\n        <p>Handball? Turnen? oder doch Tanzen? \u263a<\/p>\n<br\/><br\/><a class=\"read-more\" href=\"https:\/\/www.handball-ulm.de\/?p=14856\"> Mehr lesen...<\/a>        <\/div>    \r\n    <\/div>\r\n<\/article>\r\n<article class=\"post\">\r\n    <div class=\"post-12688 post type-post status-publish format-standard hentry category-aus-dem-sg-leben-22-23 category-miniminis-oststadt category-miniminis-weststadt category-miniminis-wiblingen category-minis-oststadt category-minis-weststadt-1 category-minis-wiblingen category-startseite\"  id=\"post-12688\">\r\n            <div class=\"postbox\">  \r\n            <h3>\r\n                <a href=\"https:\/\/www.handball-ulm.de\/?p=12688\">Ein neuer Jugendleiter beginnt seine Arbeit<\/a>\r\n            <\/h3>\r\n        <div class=\"date-without-thumb\">17. April 2023<\/div> \r\n        <p>Verst\u00e4rkung in der Jugendleitung<\/p>\n<br\/><br\/><a class=\"read-more\" href=\"https:\/\/www.handball-ulm.de\/?p=12688\"> Mehr lesen...<\/a>        <\/div>    \r\n    <\/div>\r\n<\/article>\r\n<!-- VIEW ALL BUTTON -->\r\n<div class=\"blogpager\">\r\n    <div class=\"previous\">\r\n        <a href=\"https:\/\/www.handball-ulm.de\/?cat=29\">Alle<\/a>\r\n    <\/div>\r\n<\/div>\r\n\n\r\n<\/div>\r\n\n\r\n<div>\r\n<br>\n\r\n<div class=\"clearfix\">\r\n    <div id=\"subtabs-1931242995\">\n\r\n      <ul class=\"resp-tabs-list\">\r\n    <li>2023\/2024<\/li>\r\n\n\r\n    <li>2022\/2023<\/li>\r\n\n\r\n    <li>2021\/2022<\/li>\r\n\n\r\n    <li>2020\/2021<\/li>\r\n\n\r\n    <li>2019\/2020<\/li>\r\n\n\r\n    <li>2018\/2019<\/li>\r\n<\/ul>\r\n      <div class=\"resp-tabs-container\">\n \r\n<div>\r\n<strong><br>Weststadt Minis 1<br><\/strong>(Minis Oststadt ist im nachfolgenden Spielplan SG Ulm &amp; Wibl 3)<br><strong><br><\/strong><br>\r\n<\/div>\r\n\n\r\n<div>\r\n<strong><br>Weststadt Minis 1<\/strong><\/p>\n<p><br>\r\n<\/div>\r\n\n\r\n<div>\r\n<strong><br>Minis Staffel 1<\/strong><\/p>\n<p><br>\r\n<\/div>\r\n\n\r\n<div>\r\n<strong><br><\/strong>Corona-bedingt nicht gemeldet!<br>\r\n<\/div>\r\n\n\r\n<div>\r\n<strong><br><\/strong><br>\r\n<\/div>\r\n\n\r\n<div>\r\n<br><br>\r\n<\/div>\r\n<\/div>\r\n    <\/div>\r\n<\/div>\r\n\n<br>\r\n<\/div>\r\n\n\r\n<div>\r\n<br>Freitag 16:30 \u2013 17:30 Uhr BSH<\/p>\n<p><a href=\"\/?page_id=127\">Link zu den Hallen<\/a><br>\r\n<\/div>\r\n\n\r\n<div>\r\n<br>2019\/2020<br>\r\n<\/div>\r\n\n\r\n<div>\r\n<br><strong>Name:<\/strong> &nbsp; Lili Gyaja, Leni B\u00f6sl und Alba Pagliari<br><strong>E-Mail: <\/strong><a href=\"mailto:weststadtminis@sgulm.de\">weststadtminis@sgulm.de <\/a><br>jugendleitungminis@sgulm.de&nbsp;&nbsp;&nbsp; 0 163 7827149<br>\r\n<\/div>\r\n\r\n\r\n<\/div><\/div>\r\n<script type=\"text\/javascript\">jQuery(document).ready(function() { \r\n    jQuery(\"#tabs-1079371412\").easyResponsiveTabs({ type: \"default\", width: \"auto\", fit: true}); \r\njQuery(\"#subtabs-1931242995\").easyResponsiveTabs({ type: \"default\", width: \"auto\", fit: true});\n    \r\n}); <\/script>\r\n\n\n\n\n<p><\/p>\n","protected":false},"excerpt":{"rendered":"<br\/><br\/><a class=\"read-more\" href=\"https:\/\/www.handball-ulm.de\/?p=12688\"> Mehr lesen...<\/a>","protected":false},"author":1,"featured_media":14457,"parent":0,"menu_order":0,"comment_status":"closed","ping_status":"closed","template":"","meta":{"ngg_post_thumbnail":0,"footnotes":""},"_links":{"self":[{"href":"https:\/\/www.handball-ulm.de\/index.php?rest_route=\/wp\/v2\/pages\/883"}],"collection":[{"href":"https:\/\/www.handball-ulm.de\/index.php?rest_route=\/wp\/v2\/pages"}],"about":[{"href":"https:\/\/www.handball-ulm.de\/index.php?rest_route=\/wp\/v2\/types\/page"}],"author":[{"embeddable":true,"href":"https:\/\/www.handball-ulm.de\/index.php?rest_route=\/wp\/v2\/users\/1"}],"replies":[{"embeddable":true,"href":"https:\/\/www.handball-ulm.de\/index.php?rest_route=%2Fwp%2Fv2%2Fcomments&post=883"}],"version-history":[{"count":41,"href":"https:\/\/www.handball-ulm.de\/index.php?rest_route=\/wp\/v2\/pages\/883\/revisions"}],"predecessor-version":[{"id":19583,"href":"https:\/\/www.handball-ulm.de\/index.php?rest_route=\/wp\/v2\/pages\/883\/revisions\/19583"}],"wp:featuredmedia":[{"embeddable":true,"href":"https:\/\/www.handball-ulm.de\/index.php?rest_route=\/wp\/v2\/media\/14457"}],"wp:attachment":[{"href":"https:\/\/www.handball-ulm.de\/index.php?rest_route=%2Fwp%2Fv2%2Fmedia&parent=883"}],"curies":[{"name":"wp","href":"https:\/\/api.w.org\/{rel}","templated":true}]}}

<div id="tabs-1079371412">

<ul class="resp-tabs-list">
    <li>Kader</li>


    <li>Aktuelles</li>


    <li>Spielplan</li>


    <li>Trainingszeiten</li>


    <li>Jahrgang</li>


    <li>Trainer</li>
</ul>
<div class="resp-tabs-container">
 
<div>

<p class="standart"><strong>Weststadt Minis 1<br></strong></p>
<p class="standart">Trainer: Hannes, Franzi, Patrick, Lili<br>Zinos, Adam, Letizia, Johann, Linus, Jakob, Vanessa, Timo, Hugo, Emma, Frida, Hanna, Joel,&nbsp;Paul,&nbsp;Emil</p>
<p><strong>Es fehlen:</strong> Luca, Lukas, Lea, Paul,Yusuf und&nbsp;Michael</p>

</div>


<div>

<article class="post">
    <div class="post-20178 post type-post status-publish format-standard has-post-thumbnail hentry category-aktive category-aktuelles-foerderverein category-allgemein category-aus-dem-sg-leben category-aus-dem-sg-leben-25-26 category-events category-frauen-1 category-frauen-2 category-gaenswiescup-2025 category-gaenswiescup-2026 category-gaenswiesturnier category-gemischt-d1 category-gemischt-d2 category-gemischt-d3 category-gemischt-e-ulm category-gemischt-e-wiblingen category-gemischt-f-ulm category-gemischt-f-wiblingen category-jugend category-maenner-1 category-maenner-2 category-maenner-3 category-maennlich-a category-maennlich-b1 category-maennlich-c category-maennlich-c2 category-miniminis-oststadt category-miniminis-weststadt category-miniminis-wiblingen category-minis-goegglingen category-minis-oststadt category-minis-weststadt-1 category-minis-weststadt-2 category-minis-wiblingen category-spielgemeinschaft category-startseite category-weiblich-a category-weiblich-b category-weiblich-b2 category-weiblich-c category-weiblich-c2 category-weiblich-d category-weiblich-e"  id="post-20178">
      
    <figure>
        <a href="https://www.handball-ulm.de/?p=20178">
            <img loading="lazy" decoding="async" width="964" height="428" src="https://www.handball-ulm.de/wp-content/uploads/2026/04/torwart-Website.jpg" class="attachment-sporty-blog-image size-sporty-blog-image wp-post-image" alt="Torwart gesucht" srcset="https://www.handball-ulm.de/wp-content/uploads/2026/04/torwart-Website.jpg 964w, https://www.handball-ulm.de/wp-content/uploads/2026/04/torwart-Website-300x133.jpg 300w, https://www.handball-ulm.de/wp-content/uploads/2026/04/torwart-Website-768x341.jpg 768w" sizes="(max-width: 964px) 100vw, 964px" />        </a>
    </figure>
            <div class="postbox">  
            <h3>
                <a href="https://www.handball-ulm.de/?p=20178">Aufruf: Wer kennt einen Torhüter?!</a>
            </h3>
        <div class="date-without-thumb">15. April 2026</div> 
        <p>Liebe Vereinsfamilie, unsere Herren 1 steht vor einer wichtigen Frage: Wer hütet nächste Saison unser Tor? Trainer Ralf und die Mannschaft suchen dringend einen Torhüter – ab sofort, aber ganz besonders für die kommende Saison. Und jetzt kommt ihr ins Spiel! 👉 Fragt in eurem Freundeskreis, in der Familie, bei Arbeitskollegen, beim Stammtisch – einfach [&hellip;]</p>
<br/><br/><a class="read-more" href="https://www.handball-ulm.de/?p=20178"> Mehr lesen...</a>        </div>    
    </div>
</article>
<article class="post">
    <div class="post-15488 post type-post status-publish format-standard hentry category-aus-dem-sg-leben-23-24 category-jugend category-minis-oststadt category-minis-weststadt-1 category-startseite"  id="post-15488">
            <div class="postbox">  
            <h3>
                <a href="https://www.handball-ulm.de/?p=15488">Minispieltag am 10.12.2023</a>
            </h3>
        <div class="date-without-thumb">12. Dezember 2023</div> 
        <p>65 handballbegeisterte Kinder tummelten sich am Sonntagvormittag in der Tannenplatzhalle beim Mini-Spieltag der SG Ulm &amp; Wiblingen. Nach dem Aufwärmspiel, in dem die Kleinen einen Sternlauf absolvieren mussten, konnten sich die Kinder beim Königsball und Aufsetzerhandball messen, sowie in einem Parkour ihre Geschicklichkeit und Sportlichkeit unter Beweis stellen. Neben den eigenen beiden Mini-Handballmannschaften der SG [&hellip;]</p>
<br/><br/><a class="read-more" href="https://www.handball-ulm.de/?p=15488"> Mehr lesen...</a>        </div>    
    </div>
</article>
<article class="post">
    <div class="post-15018 post type-post status-publish format-standard has-post-thumbnail hentry category-aus-dem-sg-leben-23-24 category-minis-oststadt category-minis-weststadt-1 category-startseite"  id="post-15018">
      
    <figure>
        <a href="https://www.handball-ulm.de/?p=15018">
            <img loading="lazy" decoding="async" width="631" height="428" src="https://www.handball-ulm.de/wp-content/uploads/2023/10/image-3-631x428.png" class="attachment-sporty-blog-image size-sporty-blog-image wp-post-image" alt="" />        </a>
    </figure>
            <div class="postbox">  
            <h3>
                <a href="https://www.handball-ulm.de/?p=15018">Minis SG Ulm&#038;Wiblingen 4 in Biberach</a>
            </h3>
        <div class="date-without-thumb">22. Oktober 2023</div> 
        <p>Flitzen wie die Blitze</p>
<br/><br/><a class="read-more" href="https://www.handball-ulm.de/?p=15018"> Mehr lesen...</a>        </div>    
    </div>
</article>
<article class="post">
    <div class="post-14856 post type-post status-publish format-standard has-post-thumbnail hentry category-aus-dem-sg-leben-23-24 category-minis-weststadt-1 category-startseite"  id="post-14856">
      
    <figure>
        <a href="https://www.handball-ulm.de/?p=14856">
            <img loading="lazy" decoding="async" width="964" height="428" src="https://www.handball-ulm.de/wp-content/uploads/2023/10/IMG-20231007-WA0002-964x428.jpeg" class="attachment-sporty-blog-image size-sporty-blog-image wp-post-image" alt="" />        </a>
    </figure>
            <div class="postbox">  
            <h3>
                <a href="https://www.handball-ulm.de/?p=14856">Weststadtminis 1 in Blaustein</a>
            </h3>
        <div class="date-without-thumb">7. Oktober 2023</div> 
        <p>Handball? Turnen? oder doch Tanzen? ☺</p>
<br/><br/><a class="read-more" href="https://www.handball-ulm.de/?p=14856"> Mehr lesen...</a>        </div>    
    </div>
</article>
<article class="post">
    <div class="post-12688 post type-post status-publish format-standard hentry category-aus-dem-sg-leben-22-23 category-miniminis-oststadt category-miniminis-weststadt category-miniminis-wiblingen category-minis-oststadt category-minis-weststadt-1 category-minis-wiblingen category-startseite"  id="post-12688">
            <div class="postbox">  
            <h3>
                <a href="https://www.handball-ulm.de/?p=12688">Ein neuer Jugendleiter beginnt seine Arbeit</a>
            </h3>
        <div class="date-without-thumb">17. April 2023</div> 
        <p>Verstärkung in der Jugendleitung</p>
<br/><br/><a class="read-more" href="https://www.handball-ulm.de/?p=12688"> Mehr lesen...</a>        </div>    
    </div>
</article>
<!-- VIEW ALL BUTTON -->
<div class="blogpager">
    <div class="previous">
        <a href="https://www.handball-ulm.de/?cat=29">Alle</a>
    </div>
</div>


</div>


<div>
<br>

<div class="clearfix">
    <div id="subtabs-1931242995">

      <ul class="resp-tabs-list">
    <li>2023/2024</li>


    <li>2022/2023</li>


    <li>2021/2022</li>


    <li>2020/2021</li>


    <li>2019/2020</li>


    <li>2018/2019</li>
</ul>
      <div class="resp-tabs-container">
 
<div>
<strong><br>Weststadt Minis 1<br></strong>(Minis Oststadt ist im nachfolgenden Spielplan SG Ulm &amp; Wibl 3)<br><strong><br></strong><br>
</div>


<div>
<strong><br>Weststadt Minis 1</strong></p>
<p><br>
</div>


<div>
<strong><br>Minis Staffel 1</strong></p>
<p><br>
</div>


<div>
<strong><br></strong>Corona-bedingt nicht gemeldet!<br>
</div>


<div>
<strong><br></strong><br>
</div>


<div>
<br><br>
</div>
</div>
    </div>
</div>

<br>
</div>


<div>
<br>Freitag 16:30 – 17:30 Uhr BSH</p>
<p><a href="/?page_id=127">Link zu den Hallen</a><br>
</div>


<div>
<br>2019/2020<br>
</div>


<div>
<br><strong>Name:</strong> &nbsp; Lili Gyaja, Leni Bösl und Alba Pagliari<br><strong>E-Mail: </strong><a href="mailto:weststadtminis@sgulm.de">weststadtminis@sgulm.de </a><br>jugendleitungminis@sgulm.de&nbsp;&nbsp;&nbsp; 0 163 7827149<br>
</div>


</div></div>
<script type="text/javascript">jQuery(document).ready(function() { 
    jQuery("#tabs-1079371412").easyResponsiveTabs({ type: "default", width: "auto", fit: true}); 
jQuery("#subtabs-1931242995").easyResponsiveTabs({ type: "default", width: "auto", fit: true});
    
}); </script>




<p></p>
