{"id":678,"date":"2019-02-04T23:20:34","date_gmt":"2019-02-04T22:20:34","guid":{"rendered":"https:\/\/sgulm.tcremer.de\/?page_id=678"},"modified":"2026-01-17T11:06:31","modified_gmt":"2026-01-17T10:06:31","slug":"maennlich-a","status":"publish","type":"page","link":"https:\/\/www.handball-ulm.de\/?page_id=678","title":{"rendered":"M\u00e4nnlich A"},"content":{"rendered":"\n\r\n\r\n<div id=\"tabs-228118707\">\n\r\n<ul class=\"resp-tabs-list\">\r\n    <li>Kader<\/li>\r\n\n\r\n    <li>Aktuelles<\/li>\r\n\n\r\n    <li>Tabelle<\/li>\r\n\n\r\n    <li>Spielplan<\/li>\r\n\n\r\n    <li>Trainingszeiten<\/li>\r\n\n\r\n    <li>Jahrgang<\/li>\r\n\n\r\n    <li>Trainer<\/li>\r\n<\/ul>\r\n<div class=\"resp-tabs-container\">\n \r\n<div>\r\n\n<p><strong>hintere Reihe v.l.n.r.: <br \/><\/strong><strong><br \/>mittlere Reihe v.l.n.r.: <br \/><\/strong><\/p>\n<p><strong>Es fehlen:<br \/><\/strong>&#8211;<strong><br \/><\/strong><\/p>\n\r\n<\/div>\r\n\n\r\n<div>\r\n<article class=\"post\">\r\n    <div class=\"post-20178 post type-post status-publish format-standard has-post-thumbnail hentry category-aktive category-aktuelles-foerderverein category-allgemein category-aus-dem-sg-leben category-aus-dem-sg-leben-25-26 category-events category-frauen-1 category-frauen-2 category-gaenswiescup-2025 category-gaenswiescup-2026 category-gaenswiesturnier category-gemischt-d1 category-gemischt-d2 category-gemischt-d3 category-gemischt-e-ulm category-gemischt-e-wiblingen category-gemischt-f-ulm category-gemischt-f-wiblingen category-jugend category-maenner-1 category-maenner-2 category-maenner-3 category-maennlich-a category-maennlich-b1 category-maennlich-c category-maennlich-c2 category-miniminis-oststadt category-miniminis-weststadt category-miniminis-wiblingen category-minis-goegglingen category-minis-oststadt category-minis-weststadt-1 category-minis-weststadt-2 category-minis-wiblingen category-spielgemeinschaft category-startseite category-weiblich-a category-weiblich-b category-weiblich-b2 category-weiblich-c category-weiblich-c2 category-weiblich-d category-weiblich-e\"  id=\"post-20178\">\r\n      \r\n    <figure>\r\n        <a href=\"https:\/\/www.handball-ulm.de\/?p=20178\">\r\n            <img loading=\"lazy\" decoding=\"async\" width=\"964\" height=\"428\" src=\"https:\/\/www.handball-ulm.de\/wp-content\/uploads\/2026\/04\/torwart-Website.jpg\" class=\"attachment-sporty-blog-image size-sporty-blog-image wp-post-image\" alt=\"Torwart gesucht\" srcset=\"https:\/\/www.handball-ulm.de\/wp-content\/uploads\/2026\/04\/torwart-Website.jpg 964w, https:\/\/www.handball-ulm.de\/wp-content\/uploads\/2026\/04\/torwart-Website-300x133.jpg 300w, https:\/\/www.handball-ulm.de\/wp-content\/uploads\/2026\/04\/torwart-Website-768x341.jpg 768w\" sizes=\"(max-width: 964px) 100vw, 964px\" \/>        <\/a>\r\n    <\/figure>\r\n            <div class=\"postbox\">  \r\n            <h3>\r\n                <a href=\"https:\/\/www.handball-ulm.de\/?p=20178\">Aufruf: Wer kennt einen Torh\u00fcter?!<\/a>\r\n            <\/h3>\r\n        <div class=\"date-without-thumb\">15. April 2026<\/div> \r\n        <p>Liebe Vereinsfamilie, unsere Herren 1 steht vor einer wichtigen Frage: Wer h\u00fctet n\u00e4chste Saison unser Tor? Trainer Ralf und die Mannschaft suchen dringend einen Torh\u00fcter \u2013 ab sofort, aber ganz besonders f\u00fcr die kommende Saison. Und jetzt kommt ihr ins Spiel! \ud83d\udc49 Fragt in eurem Freundeskreis, in der Familie, bei Arbeitskollegen, beim Stammtisch \u2013 einfach [&hellip;]<\/p>\n<br\/><br\/><a class=\"read-more\" href=\"https:\/\/www.handball-ulm.de\/?p=20178\"> Mehr lesen...<\/a>        <\/div>    \r\n    <\/div>\r\n<\/article>\r\n<article class=\"post\">\r\n    <div class=\"post-20134 post type-post status-publish format-standard has-post-thumbnail hentry category-allgemein category-aus-dem-sg-leben-25-26 category-maennlich-a category-startseite category-weiblich-b category-weiblich-c category-weiblich-d\"  id=\"post-20134\">\r\n      \r\n    <figure>\r\n        <a href=\"https:\/\/www.handball-ulm.de\/?p=20134\">\r\n            <img loading=\"lazy\" decoding=\"async\" width=\"964\" height=\"428\" src=\"https:\/\/www.handball-ulm.de\/wp-content\/uploads\/2026\/03\/IMG_6688-964x428.jpeg\" class=\"attachment-sporty-blog-image size-sporty-blog-image wp-post-image\" alt=\"Weibliche C-Jugend\" \/>        <\/a>\r\n    <\/figure>\r\n            <div class=\"postbox\">  \r\n            <h3>\r\n                <a href=\"https:\/\/www.handball-ulm.de\/?p=20134\">Spieltag 28.02. &#8211; ein starker Samstag!<\/a>\r\n            <\/h3>\r\n        <div class=\"date-without-thumb\">1. M\u00e4rz 2026<\/div> \r\n        <p>Was f\u00fcr ein Tag! Siege und Niederlagen wechselten sich ab \u2013 hier der \u00dcberblick: Den Anfang machte unsere weibliche C-Jugend mit einem echten Krimi in Herbrechtingen. Lange Zeit war&#8217;s ein Kopf-an-Kopf-Rennen, zur Halbzeit lagen wir noch knapp hinten \u2013 aber am Ende haben wir&#8217;s gedreht und mit 25:23 gewonnen. Klasse Moral, M\u00e4dels! \ud83d\ude4c Direkt im [&hellip;]<\/p>\n<br\/><br\/><a class=\"read-more\" href=\"https:\/\/www.handball-ulm.de\/?p=20134\"> Mehr lesen...<\/a>        <\/div>    \r\n    <\/div>\r\n<\/article>\r\n<article class=\"post\">\r\n    <div class=\"post-18142 post type-post status-publish format-standard has-post-thumbnail hentry category-aus-dem-sg-leben-24-25 category-maennlich-a category-maennlich-b1 category-startseite category-weiblich-a category-weiblich-b\"  id=\"post-18142\">\r\n      \r\n    <figure>\r\n        <a href=\"https:\/\/www.handball-ulm.de\/?p=18142\">\r\n            <img loading=\"lazy\" decoding=\"async\" width=\"964\" height=\"428\" src=\"https:\/\/www.handball-ulm.de\/wp-content\/uploads\/2025\/03\/maennlich-a-meister-e1743060141802-964x428.jpg\" class=\"attachment-sporty-blog-image size-sporty-blog-image wp-post-image\" alt=\"B-Jugend m\u00e4nnlich\" \/>        <\/a>\r\n    <\/figure>\r\n            <div class=\"postbox\">  \r\n            <h3>\r\n                <a href=\"https:\/\/www.handball-ulm.de\/?p=18142\">Erfolgreiches Meisterwochenende f\u00fcr die SG Ulm &amp; Wiblingen<\/a>\r\n            <\/h3>\r\n        <div class=\"date-without-thumb\">27. M\u00e4rz 2025<\/div> \r\n        <p>Meistertitel f\u00fcr die A-Jugenden und Vizemeister f\u00fcr die B-Jugenden. <\/p>\n<br\/><br\/><a class=\"read-more\" href=\"https:\/\/www.handball-ulm.de\/?p=18142\"> Mehr lesen...<\/a>        <\/div>    \r\n    <\/div>\r\n<\/article>\r\n<article class=\"post\">\r\n    <div class=\"post-16591 post type-post status-publish format-standard has-post-thumbnail hentry category-aus-dem-sg-leben-24-25 category-maennlich-a category-startseite\"  id=\"post-16591\">\r\n      \r\n    <figure>\r\n        <a href=\"https:\/\/www.handball-ulm.de\/?p=16591\">\r\n            <img loading=\"lazy\" decoding=\"async\" width=\"964\" height=\"428\" src=\"https:\/\/www.handball-ulm.de\/wp-content\/uploads\/2024\/06\/Screenshot-2-964x428.png\" class=\"attachment-sporty-blog-image size-sporty-blog-image wp-post-image\" alt=\"\" \/>        <\/a>\r\n    <\/figure>\r\n            <div class=\"postbox\">  \r\n            <h3>\r\n                <a href=\"https:\/\/www.handball-ulm.de\/?p=16591\">Deutliche Siege f\u00fcr die m\u00e4nnliche A-Jugend bei der Bezirksqualifikation<\/a>\r\n            <\/h3>\r\n        <div class=\"date-without-thumb\">13. Juni 2024<\/div> \r\n        <p>Eine starke A-Jugend<\/p>\n<br\/><br\/><a class=\"read-more\" href=\"https:\/\/www.handball-ulm.de\/?p=16591\"> Mehr lesen...<\/a>        <\/div>    \r\n    <\/div>\r\n<\/article>\r\n<article class=\"post\">\r\n    <div class=\"post-16557 post type-post status-publish format-standard has-post-thumbnail hentry category-aus-dem-sg-leben-24-25 category-maennlich-a category-maennlich-b1 category-maennlich-c category-startseite category-weiblich-a\"  id=\"post-16557\">\r\n      \r\n    <figure>\r\n        <a href=\"https:\/\/www.handball-ulm.de\/?p=16557\">\r\n            <img loading=\"lazy\" decoding=\"async\" width=\"964\" height=\"428\" src=\"https:\/\/www.handball-ulm.de\/wp-content\/uploads\/2024\/05\/WhatsApp-Bild-2024-05-01-um-13.29.29_9f4300e4-964x428.jpg\" class=\"attachment-sporty-blog-image size-sporty-blog-image wp-post-image\" alt=\"\" \/>        <\/a>\r\n    <\/figure>\r\n            <div class=\"postbox\">  \r\n            <h3>\r\n                <a href=\"https:\/\/www.handball-ulm.de\/?p=16557\">Qualifikation zur Verbandsebene<\/a>\r\n            <\/h3>\r\n        <div class=\"date-without-thumb\">28. April 2024<\/div> \r\n        <p>Vier Mannschaften waren unterwegs<\/p>\n<br\/><br\/><a class=\"read-more\" href=\"https:\/\/www.handball-ulm.de\/?p=16557\"> Mehr lesen...<\/a>        <\/div>    \r\n    <\/div>\r\n<\/article>\r\n<!-- VIEW ALL BUTTON -->\r\n<div class=\"blogpager\">\r\n    <div class=\"previous\">\r\n        <a href=\"https:\/\/www.handball-ulm.de\/?cat=15\">Alle<\/a>\r\n    <\/div>\r\n<\/div>\r\n\r\n<\/div>\r\n\n\r\n<div>\r\n\n\r\n<div class=\"clearfix\">\r\n    <div id=\"subtabs-309254419\">\n\r\n      <ul class=\"resp-tabs-list\">\r\n    <li>2023\/2024<\/li>\r\n\n\r\n    <li>2022\/2023<\/li>\r\n\n\r\n    <li>2021\/2022<\/li>\r\n\n\r\n    <li>2020\/2021<\/li>\r\n\n\r\n    <li>2019\/2020<\/li>\r\n\n\r\n    <li>2018\/2019<\/li>\r\n<\/ul>\r\n      <div class=\"resp-tabs-container\">\n \r\n<div>\r\n<strong>Kreisliga Staffel 1<br \/><\/strong><br \/>\r\n<\/div>\r\n\n\r\n<div>\r\nF\u00fcr die Saison 2022\/2023 ist keine m\u00e4nnliche A-Jugend gemeldet.<br \/>\r\n<\/div>\r\n\n\r\n<div>\r\nF\u00fcr die Saison 2021\/2022 ist keine m\u00e4nnliche A-Jugend gemeldet.<br \/>\r\n<\/div>\r\n\n\r\n<div>\r\n<strong><br \/><\/strong>Die Saison 2020\/2021 wurde corona-bedingt abgesagt!<br \/>\r\n<\/div>\r\n\n\r\n<div>\r\n<strong>Bezirksliga<br \/><\/strong><br \/>\r\n<\/div>\r\n\n\r\n<div>\r\n<strong>Bezirksliga<br \/><\/strong><br \/>\r\n<\/div>\r\n<\/div>\r\n    <\/div>\r\n<\/div>\r\n\n\r\n<\/div>\r\n\n\r\n<div>\r\n\n\r\n<div class=\"clearfix\">\r\n    <div id=\"subtabs-956550433\">\n\r\n      <ul class=\"resp-tabs-list\">\r\n    <li>2023\/2024<\/li>\r\n\n\r\n    <li>2022\/2023<\/li>\r\n\n\r\n    <li>2021\/2022<\/li>\r\n\n\r\n    <li>2020\/2021<\/li>\r\n\n\r\n    <li>2019\/2020<\/li>\r\n\n\r\n    <li>2018\/2019<\/li>\r\n<\/ul>\r\n      <div class=\"resp-tabs-container\">\n \r\n<div>\r\n<strong>Kreisliga Staffel 1<br \/><\/strong><br \/>\r\n<\/div>\r\n\n\r\n<div>\r\nF\u00fcr die Saison 2022\/2023 ist keine m\u00e4nnliche A-Jugend gemeldet.<br \/>\r\n<\/div>\r\n\n\r\n<div>\r\nF\u00fcr die Saison 2021\/2022 ist keine m\u00e4nnliche A-Jugend gemeldet.<br \/>\r\n<\/div>\r\n\n\r\n<div>\r\n<strong><br \/><\/strong>Die Saison 2020\/2021 wurde corona-bedingt abgesagt!<br \/>\r\n<\/div>\r\n\n\r\n<div>\r\n\n<p><strong>Bezirksliga<\/strong><\/p>\n<p><br \/>\r\n<\/div>\r\n\n\r\n<div>\r\n\n<p><strong>Bezirksliga<\/strong><\/p>\n<p><br \/>\r\n<\/div>\r\n<\/div>\r\n    <\/div>\r\n<\/div>\r\n\n\r\n<\/div>\r\n\n\r\n<div>\r\n<br \/><\/p>\n<p><a href=\"\/?page_id=127\">Link zu den Hallen<\/a><br \/>\r\n<\/div>\r\n\n\r\n<div>\r\n2007\/2008<br \/>\r\n<\/div>\r\n\n\r\n<div>\r\n<strong>Name:<\/strong>\u00a0<br \/><strong>E-Mail:<\/strong> <a href=\"mailto:mA@sgulm.de\">mA@sgulm.de<\/a><br \/>\r\n<\/div>\r\n\r\n\r\n<\/div><\/div>\r\n<script type=\"text\/javascript\">jQuery(document).ready(function() { \r\n    jQuery(\"#tabs-228118707\").easyResponsiveTabs({ type: \"default\", width: \"auto\", fit: true}); \r\njQuery(\"#subtabs-309254419\").easyResponsiveTabs({ type: \"default\", width: \"auto\", fit: true});\njQuery(\"#subtabs-956550433\").easyResponsiveTabs({ type: \"default\", width: \"auto\", fit: true});\n    \r\n}); <\/script>\r\n\n\n\n\n<p><\/p>\n","protected":false},"excerpt":{"rendered":"<br\/><br\/><a class=\"read-more\" href=\"https:\/\/www.handball-ulm.de\/?p=16557\"> Mehr lesen...<\/a>","protected":false},"author":1,"featured_media":0,"parent":0,"menu_order":0,"comment_status":"closed","ping_status":"closed","template":"","meta":{"ngg_post_thumbnail":0,"footnotes":""},"_links":{"self":[{"href":"https:\/\/www.handball-ulm.de\/index.php?rest_route=\/wp\/v2\/pages\/678"}],"collection":[{"href":"https:\/\/www.handball-ulm.de\/index.php?rest_route=\/wp\/v2\/pages"}],"about":[{"href":"https:\/\/www.handball-ulm.de\/index.php?rest_route=\/wp\/v2\/types\/page"}],"author":[{"embeddable":true,"href":"https:\/\/www.handball-ulm.de\/index.php?rest_route=\/wp\/v2\/users\/1"}],"replies":[{"embeddable":true,"href":"https:\/\/www.handball-ulm.de\/index.php?rest_route=%2Fwp%2Fv2%2Fcomments&post=678"}],"version-history":[{"count":51,"href":"https:\/\/www.handball-ulm.de\/index.php?rest_route=\/wp\/v2\/pages\/678\/revisions"}],"predecessor-version":[{"id":20089,"href":"https:\/\/www.handball-ulm.de\/index.php?rest_route=\/wp\/v2\/pages\/678\/revisions\/20089"}],"wp:attachment":[{"href":"https:\/\/www.handball-ulm.de\/index.php?rest_route=%2Fwp%2Fv2%2Fmedia&parent=678"}],"curies":[{"name":"wp","href":"https:\/\/api.w.org\/{rel}","templated":true}]}}

Männlich A

<div id="tabs-228118707">

<ul class="resp-tabs-list">
    <li>Kader</li>


    <li>Aktuelles</li>


    <li>Tabelle</li>


    <li>Spielplan</li>


    <li>Trainingszeiten</li>


    <li>Jahrgang</li>


    <li>Trainer</li>
</ul>
<div class="resp-tabs-container">
 
<div>

<p><strong>hintere Reihe v.l.n.r.: <br /></strong><strong><br />mittlere Reihe v.l.n.r.: <br /></strong></p>
<p><strong>Es fehlen:<br /></strong>&#8211;<strong><br /></strong></p>

</div>


<div>
<article class="post">
    <div class="post-20178 post type-post status-publish format-standard has-post-thumbnail hentry category-aktive category-aktuelles-foerderverein category-allgemein category-aus-dem-sg-leben category-aus-dem-sg-leben-25-26 category-events category-frauen-1 category-frauen-2 category-gaenswiescup-2025 category-gaenswiescup-2026 category-gaenswiesturnier category-gemischt-d1 category-gemischt-d2 category-gemischt-d3 category-gemischt-e-ulm category-gemischt-e-wiblingen category-gemischt-f-ulm category-gemischt-f-wiblingen category-jugend category-maenner-1 category-maenner-2 category-maenner-3 category-maennlich-a category-maennlich-b1 category-maennlich-c category-maennlich-c2 category-miniminis-oststadt category-miniminis-weststadt category-miniminis-wiblingen category-minis-goegglingen category-minis-oststadt category-minis-weststadt-1 category-minis-weststadt-2 category-minis-wiblingen category-spielgemeinschaft category-startseite category-weiblich-a category-weiblich-b category-weiblich-b2 category-weiblich-c category-weiblich-c2 category-weiblich-d category-weiblich-e"  id="post-20178">
      
    <figure>
        <a href="https://www.handball-ulm.de/?p=20178">
            <img loading="lazy" decoding="async" width="964" height="428" src="https://www.handball-ulm.de/wp-content/uploads/2026/04/torwart-Website.jpg" class="attachment-sporty-blog-image size-sporty-blog-image wp-post-image" alt="Torwart gesucht" srcset="https://www.handball-ulm.de/wp-content/uploads/2026/04/torwart-Website.jpg 964w, https://www.handball-ulm.de/wp-content/uploads/2026/04/torwart-Website-300x133.jpg 300w, https://www.handball-ulm.de/wp-content/uploads/2026/04/torwart-Website-768x341.jpg 768w" sizes="(max-width: 964px) 100vw, 964px" />        </a>
    </figure>
            <div class="postbox">  
            <h3>
                <a href="https://www.handball-ulm.de/?p=20178">Aufruf: Wer kennt einen Torhüter?!</a>
            </h3>
        <div class="date-without-thumb">15. April 2026</div> 
        <p>Liebe Vereinsfamilie, unsere Herren 1 steht vor einer wichtigen Frage: Wer hütet nächste Saison unser Tor? Trainer Ralf und die Mannschaft suchen dringend einen Torhüter – ab sofort, aber ganz besonders für die kommende Saison. Und jetzt kommt ihr ins Spiel! 👉 Fragt in eurem Freundeskreis, in der Familie, bei Arbeitskollegen, beim Stammtisch – einfach [&hellip;]</p>
<br/><br/><a class="read-more" href="https://www.handball-ulm.de/?p=20178"> Mehr lesen...</a>        </div>    
    </div>
</article>
<article class="post">
    <div class="post-20134 post type-post status-publish format-standard has-post-thumbnail hentry category-allgemein category-aus-dem-sg-leben-25-26 category-maennlich-a category-startseite category-weiblich-b category-weiblich-c category-weiblich-d"  id="post-20134">
      
    <figure>
        <a href="https://www.handball-ulm.de/?p=20134">
            <img loading="lazy" decoding="async" width="964" height="428" src="https://www.handball-ulm.de/wp-content/uploads/2026/03/IMG_6688-964x428.jpeg" class="attachment-sporty-blog-image size-sporty-blog-image wp-post-image" alt="Weibliche C-Jugend" />        </a>
    </figure>
            <div class="postbox">  
            <h3>
                <a href="https://www.handball-ulm.de/?p=20134">Spieltag 28.02. &#8211; ein starker Samstag!</a>
            </h3>
        <div class="date-without-thumb">1. März 2026</div> 
        <p>Was für ein Tag! Siege und Niederlagen wechselten sich ab – hier der Überblick: Den Anfang machte unsere weibliche C-Jugend mit einem echten Krimi in Herbrechtingen. Lange Zeit war&#8217;s ein Kopf-an-Kopf-Rennen, zur Halbzeit lagen wir noch knapp hinten – aber am Ende haben wir&#8217;s gedreht und mit 25:23 gewonnen. Klasse Moral, Mädels! 🙌 Direkt im [&hellip;]</p>
<br/><br/><a class="read-more" href="https://www.handball-ulm.de/?p=20134"> Mehr lesen...</a>        </div>    
    </div>
</article>
<article class="post">
    <div class="post-18142 post type-post status-publish format-standard has-post-thumbnail hentry category-aus-dem-sg-leben-24-25 category-maennlich-a category-maennlich-b1 category-startseite category-weiblich-a category-weiblich-b"  id="post-18142">
      
    <figure>
        <a href="https://www.handball-ulm.de/?p=18142">
            <img loading="lazy" decoding="async" width="964" height="428" src="https://www.handball-ulm.de/wp-content/uploads/2025/03/maennlich-a-meister-e1743060141802-964x428.jpg" class="attachment-sporty-blog-image size-sporty-blog-image wp-post-image" alt="B-Jugend männlich" />        </a>
    </figure>
            <div class="postbox">  
            <h3>
                <a href="https://www.handball-ulm.de/?p=18142">Erfolgreiches Meisterwochenende für die SG Ulm &amp; Wiblingen</a>
            </h3>
        <div class="date-without-thumb">27. März 2025</div> 
        <p>Meistertitel für die A-Jugenden und Vizemeister für die B-Jugenden. </p>
<br/><br/><a class="read-more" href="https://www.handball-ulm.de/?p=18142"> Mehr lesen...</a>        </div>    
    </div>
</article>
<article class="post">
    <div class="post-16591 post type-post status-publish format-standard has-post-thumbnail hentry category-aus-dem-sg-leben-24-25 category-maennlich-a category-startseite"  id="post-16591">
      
    <figure>
        <a href="https://www.handball-ulm.de/?p=16591">
            <img loading="lazy" decoding="async" width="964" height="428" src="https://www.handball-ulm.de/wp-content/uploads/2024/06/Screenshot-2-964x428.png" class="attachment-sporty-blog-image size-sporty-blog-image wp-post-image" alt="" />        </a>
    </figure>
            <div class="postbox">  
            <h3>
                <a href="https://www.handball-ulm.de/?p=16591">Deutliche Siege für die männliche A-Jugend bei der Bezirksqualifikation</a>
            </h3>
        <div class="date-without-thumb">13. Juni 2024</div> 
        <p>Eine starke A-Jugend</p>
<br/><br/><a class="read-more" href="https://www.handball-ulm.de/?p=16591"> Mehr lesen...</a>        </div>    
    </div>
</article>
<article class="post">
    <div class="post-16557 post type-post status-publish format-standard has-post-thumbnail hentry category-aus-dem-sg-leben-24-25 category-maennlich-a category-maennlich-b1 category-maennlich-c category-startseite category-weiblich-a"  id="post-16557">
      
    <figure>
        <a href="https://www.handball-ulm.de/?p=16557">
            <img loading="lazy" decoding="async" width="964" height="428" src="https://www.handball-ulm.de/wp-content/uploads/2024/05/WhatsApp-Bild-2024-05-01-um-13.29.29_9f4300e4-964x428.jpg" class="attachment-sporty-blog-image size-sporty-blog-image wp-post-image" alt="" />        </a>
    </figure>
            <div class="postbox">  
            <h3>
                <a href="https://www.handball-ulm.de/?p=16557">Qualifikation zur Verbandsebene</a>
            </h3>
        <div class="date-without-thumb">28. April 2024</div> 
        <p>Vier Mannschaften waren unterwegs</p>
<br/><br/><a class="read-more" href="https://www.handball-ulm.de/?p=16557"> Mehr lesen...</a>        </div>    
    </div>
</article>
<!-- VIEW ALL BUTTON -->
<div class="blogpager">
    <div class="previous">
        <a href="https://www.handball-ulm.de/?cat=15">Alle</a>
    </div>
</div>

</div>


<div>


<div class="clearfix">
    <div id="subtabs-309254419">

      <ul class="resp-tabs-list">
    <li>2023/2024</li>


    <li>2022/2023</li>


    <li>2021/2022</li>


    <li>2020/2021</li>


    <li>2019/2020</li>


    <li>2018/2019</li>
</ul>
      <div class="resp-tabs-container">
 
<div>
<strong>Kreisliga Staffel 1<br /></strong><br />
</div>


<div>
Für die Saison 2022/2023 ist keine männliche A-Jugend gemeldet.<br />
</div>


<div>
Für die Saison 2021/2022 ist keine männliche A-Jugend gemeldet.<br />
</div>


<div>
<strong><br /></strong>Die Saison 2020/2021 wurde corona-bedingt abgesagt!<br />
</div>


<div>
<strong>Bezirksliga<br /></strong><br />
</div>


<div>
<strong>Bezirksliga<br /></strong><br />
</div>
</div>
    </div>
</div>


</div>


<div>


<div class="clearfix">
    <div id="subtabs-956550433">

      <ul class="resp-tabs-list">
    <li>2023/2024</li>


    <li>2022/2023</li>


    <li>2021/2022</li>


    <li>2020/2021</li>


    <li>2019/2020</li>


    <li>2018/2019</li>
</ul>
      <div class="resp-tabs-container">
 
<div>
<strong>Kreisliga Staffel 1<br /></strong><br />
</div>


<div>
Für die Saison 2022/2023 ist keine männliche A-Jugend gemeldet.<br />
</div>


<div>
Für die Saison 2021/2022 ist keine männliche A-Jugend gemeldet.<br />
</div>


<div>
<strong><br /></strong>Die Saison 2020/2021 wurde corona-bedingt abgesagt!<br />
</div>


<div>

<p><strong>Bezirksliga</strong></p>
<p><br />
</div>


<div>

<p><strong>Bezirksliga</strong></p>
<p><br />
</div>
</div>
    </div>
</div>


</div>


<div>
<br /></p>
<p><a href="/?page_id=127">Link zu den Hallen</a><br />
</div>


<div>
2007/2008<br />
</div>


<div>
<strong>Name:</strong> <br /><strong>E-Mail:</strong> <a href="mailto:mA@sgulm.de">mA@sgulm.de</a><br />
</div>


</div></div>
<script type="text/javascript">jQuery(document).ready(function() { 
    jQuery("#tabs-228118707").easyResponsiveTabs({ type: "default", width: "auto", fit: true}); 
jQuery("#subtabs-309254419").easyResponsiveTabs({ type: "default", width: "auto", fit: true});
jQuery("#subtabs-956550433").easyResponsiveTabs({ type: "default", width: "auto", fit: true});
    
}); </script>




<p></p>
