{"id":665,"date":"2019-02-04T23:12:30","date_gmt":"2019-02-04T22:12:30","guid":{"rendered":"https:\/\/sgulm.tcremer.de\/?page_id=665"},"modified":"2026-01-17T10:59:01","modified_gmt":"2026-01-17T09:59:01","slug":"weiblich-a-2","status":"publish","type":"page","link":"https:\/\/www.handball-ulm.de\/?page_id=665","title":{"rendered":"M\u00e4nnlich C"},"content":{"rendered":"\n\r\n\r\n<div id=\"tabs-1641966538\">\n\r\n<ul class=\"resp-tabs-list\">\r\n    <li>Kader<\/li>\r\n\n\r\n    <li>Aktuelles<\/li>\r\n\n\r\n    <li>Tabelle<\/li>\r\n\n\r\n    <li>Spielplan<\/li>\r\n\n\r\n    <li>Trainingszeiten<\/li>\r\n\n\r\n    <li>Jahrgang<\/li>\r\n\n\r\n    <li>Trainer<\/li>\r\n<\/ul>\r\n<div class=\"resp-tabs-container\">\n \r\n<div>\r\n\n<p><strong>Hintere Reihe v.l.n.r.:<\/strong><\/p>\n<p><strong>Vordere Reihe v.l.n.r.:<\/strong><\/p>\n<p><strong>Es fehlt:<br \/>\n<\/strong><\/p>\n\r\n<\/div>\r\n\n\r\n<div>\r\n\n<article class=\"post\">\r\n    <div class=\"post-20178 post type-post status-publish format-standard has-post-thumbnail hentry category-aktive category-aktuelles-foerderverein category-allgemein category-aus-dem-sg-leben category-aus-dem-sg-leben-25-26 category-events category-frauen-1 category-frauen-2 category-gaenswiescup-2025 category-gaenswiescup-2026 category-gaenswiesturnier category-gemischt-d1 category-gemischt-d2 category-gemischt-d3 category-gemischt-e-ulm category-gemischt-e-wiblingen category-gemischt-f-ulm category-gemischt-f-wiblingen category-jugend category-maenner-1 category-maenner-2 category-maenner-3 category-maennlich-a category-maennlich-b1 category-maennlich-c category-maennlich-c2 category-miniminis-oststadt category-miniminis-weststadt category-miniminis-wiblingen category-minis-goegglingen category-minis-oststadt category-minis-weststadt-1 category-minis-weststadt-2 category-minis-wiblingen category-spielgemeinschaft category-startseite category-weiblich-a category-weiblich-b category-weiblich-b2 category-weiblich-c category-weiblich-c2 category-weiblich-d category-weiblich-e\"  id=\"post-20178\">\r\n      \r\n    <figure>\r\n        <a href=\"https:\/\/www.handball-ulm.de\/?p=20178\">\r\n            <img loading=\"lazy\" decoding=\"async\" width=\"964\" height=\"428\" src=\"https:\/\/www.handball-ulm.de\/wp-content\/uploads\/2026\/04\/torwart-Website.jpg\" class=\"attachment-sporty-blog-image size-sporty-blog-image wp-post-image\" alt=\"Torwart gesucht\" srcset=\"https:\/\/www.handball-ulm.de\/wp-content\/uploads\/2026\/04\/torwart-Website.jpg 964w, https:\/\/www.handball-ulm.de\/wp-content\/uploads\/2026\/04\/torwart-Website-300x133.jpg 300w, https:\/\/www.handball-ulm.de\/wp-content\/uploads\/2026\/04\/torwart-Website-768x341.jpg 768w\" sizes=\"(max-width: 964px) 100vw, 964px\" \/>        <\/a>\r\n    <\/figure>\r\n            <div class=\"postbox\">  \r\n            <h3>\r\n                <a href=\"https:\/\/www.handball-ulm.de\/?p=20178\">Aufruf: Wer kennt einen Torh\u00fcter?!<\/a>\r\n            <\/h3>\r\n        <div class=\"date-without-thumb\">15. April 2026<\/div> \r\n        <p>Liebe Vereinsfamilie, unsere Herren 1 steht vor einer wichtigen Frage: Wer h\u00fctet n\u00e4chste Saison unser Tor? Trainer Ralf und die Mannschaft suchen dringend einen Torh\u00fcter \u2013 ab sofort, aber ganz besonders f\u00fcr die kommende Saison. Und jetzt kommt ihr ins Spiel! \ud83d\udc49 Fragt in eurem Freundeskreis, in der Familie, bei Arbeitskollegen, beim Stammtisch \u2013 einfach [&hellip;]<\/p>\n<br\/><br\/><a class=\"read-more\" href=\"https:\/\/www.handball-ulm.de\/?p=20178\"> Mehr lesen...<\/a>        <\/div>    \r\n    <\/div>\r\n<\/article>\r\n<article class=\"post\">\r\n    <div class=\"post-17943 post type-post status-publish format-standard has-post-thumbnail hentry category-aus-dem-sg-leben-24-25 category-maennlich-c category-startseite\"  id=\"post-17943\">\r\n      \r\n    <figure>\r\n        <a href=\"https:\/\/www.handball-ulm.de\/?p=17943\">\r\n            <img loading=\"lazy\" decoding=\"async\" width=\"964\" height=\"428\" src=\"https:\/\/www.handball-ulm.de\/wp-content\/uploads\/2025\/01\/IMG-20250111-WA0008-964x428.jpg\" class=\"attachment-sporty-blog-image size-sporty-blog-image wp-post-image\" alt=\"\" \/>        <\/a>\r\n    <\/figure>\r\n            <div class=\"postbox\">  \r\n            <h3>\r\n                <a href=\"https:\/\/www.handball-ulm.de\/?p=17943\">Trikotdurcheinander &#8211; m\u00e4nnliche C-Jugend<\/a>\r\n            <\/h3>\r\n        <div class=\"date-without-thumb\">11. Januar 2025<\/div> \r\n        <p>Trikots on Tour<\/p>\n<br\/><br\/><a class=\"read-more\" href=\"https:\/\/www.handball-ulm.de\/?p=17943\"> Mehr lesen...<\/a>        <\/div>    \r\n    <\/div>\r\n<\/article>\r\n<article class=\"post\">\r\n    <div class=\"post-17906 post type-post status-publish format-standard has-post-thumbnail hentry category-aus-dem-sg-leben-24-25 category-maennlich-c category-startseite\"  id=\"post-17906\">\r\n      \r\n    <figure>\r\n        <a href=\"https:\/\/www.handball-ulm.de\/?p=17906\">\r\n            <img loading=\"lazy\" decoding=\"async\" width=\"964\" height=\"428\" src=\"https:\/\/www.handball-ulm.de\/wp-content\/uploads\/2024\/12\/20241214_170843-964x428.jpg\" class=\"attachment-sporty-blog-image size-sporty-blog-image wp-post-image\" alt=\"\" \/>        <\/a>\r\n    <\/figure>\r\n            <div class=\"postbox\">  \r\n            <h3>\r\n                <a href=\"https:\/\/www.handball-ulm.de\/?p=17906\">M\u00e4nnliche C-Jugend  &#8211; Doppelwochenende<\/a>\r\n            <\/h3>\r\n        <div class=\"date-without-thumb\">15. Dezember 2024<\/div> \r\n        <p>H\u00f6hen und Tiefen<\/p>\n<br\/><br\/><a class=\"read-more\" href=\"https:\/\/www.handball-ulm.de\/?p=17906\"> Mehr lesen...<\/a>        <\/div>    \r\n    <\/div>\r\n<\/article>\r\n<article class=\"post\">\r\n    <div class=\"post-17886 post type-post status-publish format-standard has-post-thumbnail hentry category-aus-dem-sg-leben-24-25 category-maennlich-c category-startseite\"  id=\"post-17886\">\r\n      \r\n    <figure>\r\n        <a href=\"https:\/\/www.handball-ulm.de\/?p=17886\">\r\n            <img loading=\"lazy\" decoding=\"async\" width=\"964\" height=\"428\" src=\"https:\/\/www.handball-ulm.de\/wp-content\/uploads\/2024\/12\/mc_bc-964x428.jpg\" class=\"attachment-sporty-blog-image size-sporty-blog-image wp-post-image\" alt=\"\" \/>        <\/a>\r\n    <\/figure>\r\n            <div class=\"postbox\">  \r\n            <h3>\r\n                <a href=\"https:\/\/www.handball-ulm.de\/?p=17886\">M\u00e4nnliche C-Jugend &#8211; TG Biberach<\/a>\r\n            <\/h3>\r\n        <div class=\"date-without-thumb\">8. Dezember 2024<\/div> \r\n        <p>Willenssieg!<\/p>\n<br\/><br\/><a class=\"read-more\" href=\"https:\/\/www.handball-ulm.de\/?p=17886\"> Mehr lesen...<\/a>        <\/div>    \r\n    <\/div>\r\n<\/article>\r\n<article class=\"post\">\r\n    <div class=\"post-17879 post type-post status-publish format-standard has-post-thumbnail hentry category-aus-dem-sg-leben-24-25 category-maennlich-c category-startseite\"  id=\"post-17879\">\r\n      \r\n    <figure>\r\n        <a href=\"https:\/\/www.handball-ulm.de\/?p=17879\">\r\n            <img loading=\"lazy\" decoding=\"async\" width=\"964\" height=\"428\" src=\"https:\/\/www.handball-ulm.de\/wp-content\/uploads\/2024\/12\/PB090147-964x428.jpg\" class=\"attachment-sporty-blog-image size-sporty-blog-image wp-post-image\" alt=\"\" \/>        <\/a>\r\n    <\/figure>\r\n            <div class=\"postbox\">  \r\n            <h3>\r\n                <a href=\"https:\/\/www.handball-ulm.de\/?p=17879\">M\u00e4nnlichen C-Jugend gegen HC Hohenems<\/a>\r\n            <\/h3>\r\n        <div class=\"date-without-thumb\">30. November 2024<\/div> \r\n        <p>Die Punkte blieben in \u00d6sterreich<\/p>\n<br\/><br\/><a class=\"read-more\" href=\"https:\/\/www.handball-ulm.de\/?p=17879\"> Mehr lesen...<\/a>        <\/div>    \r\n    <\/div>\r\n<\/article>\r\n<!-- VIEW ALL BUTTON -->\r\n<div class=\"blogpager\">\r\n    <div class=\"previous\">\r\n        <a href=\"https:\/\/www.handball-ulm.de\/?cat=19\">Alle<\/a>\r\n    <\/div>\r\n<\/div>\r\n\n\r\n<\/div>\r\n\n\r\n<div>\r\n\n\n\r\n<div class=\"clearfix\">\r\n    <div id=\"subtabs-36141174\">\n\r\n      <ul class=\"resp-tabs-list\">\r\n    <li>2023\/2024<\/li>\r\n\n\r\n    <li>2022\/2023<\/li>\r\n\n\r\n    <li>2021\/2022<\/li>\r\n\n\r\n    <li>2020\/2021<\/li>\r\n\n\r\n    <li>2019\/2020<\/li>\r\n\n\r\n    <li>2018\/2019<\/li>\r\n<\/ul>\r\n      <div class=\"resp-tabs-container\">\n \r\n<div>\r\n\n<strong>Bezirksliga<\/strong><br \/>\n<br \/>\n\r\n<\/div>\r\n\n\r\n<div>\r\n\n<strong>Bezirksliga<\/strong><br \/>\n<br \/>\n\r\n<\/div>\r\n\n\r\n<div>\r\n\n<strong>Verbandsklasse Staffel 4<\/strong><br \/>\n<br \/>\n\r\n<\/div>\r\n\n\r\n<div>\r\n\nDie Saison 2020\/2021 wurde corona-bedingt abgesagt!<br \/>\n\r\n<\/div>\r\n\n\r\n<div>\r\n\n<strong>Bezirksliga<\/strong><br \/>\n<br \/>\n\r\n<\/div>\r\n\n\r\n<div>\r\n\n<strong>Bezirksklasse<\/strong><br \/>\n<br \/>\n\r\n<\/div>\r\n<\/div>\r\n    <\/div>\r\n<\/div>\r\n\n\n\r\n<\/div>\r\n\n\r\n<div>\r\n\n\n\r\n<div class=\"clearfix\">\r\n    <div id=\"subtabs-762418556\">\n\r\n      <ul class=\"resp-tabs-list\">\r\n    <li>2023\/2024<\/li>\r\n\n\r\n    <li>2022\/2023<\/li>\r\n\n\r\n    <li>2021\/2022<\/li>\r\n\n\r\n    <li>2020\/2021<\/li>\r\n\n\r\n    <li>2019\/2020<\/li>\r\n\n\r\n    <li>2018\/2019<\/li>\r\n<\/ul>\r\n      <div class=\"resp-tabs-container\">\n \r\n<div>\r\n\n<strong>Bezirksliga<\/strong><br \/>\n<br \/>\n\r\n<\/div>\r\n\n\r\n<div>\r\n\n<strong>Bezirksliga<\/strong><br \/>\n<br \/>\n\r\n<\/div>\r\n\n\r\n<div>\r\n\n<strong>Verbandsklasse Staffel 4<\/strong><br \/>\n<br \/>\n\r\n<\/div>\r\n\n\r\n<div>\r\n\nDie Saison 2020\/2021 wurde corona-bedingt abgesagt!<br \/>\n\r\n<\/div>\r\n\n\r\n<div>\r\n\n<strong>Bezirksliga<\/strong><br \/>\n<br \/>\n\r\n<\/div>\r\n\n\r\n<div>\r\n\n<strong>Bezirksklasse<\/strong><br \/>\n<br \/>\n\r\n<\/div>\r\n<\/div>\r\n    <\/div>\r\n<\/div>\r\n\n\n\r\n<\/div>\r\n\n\r\n<div>\r\n\n<p><a href=\"\/?page_id=127\">Link zu den Hallen<\/a><br \/>\n\r\n<\/div>\r\n\n\r\n<div>\r\n\n2011\/2012<br \/>\n\r\n<\/div>\r\n\n\r\n<div>\r\n\n<strong>Name:<\/strong><br \/>\n<strong>E-Mail:<\/strong> <a href=\"mailto:mC@sgulm.de\">mC@sgulm.de<\/a><br \/>\n\r\n<\/div>\r\n\r\n\r\n<\/div><\/div>\r\n<script type=\"text\/javascript\">jQuery(document).ready(function() { \r\n    jQuery(\"#tabs-1641966538\").easyResponsiveTabs({ type: \"default\", width: \"auto\", fit: true}); \r\njQuery(\"#subtabs-36141174\").easyResponsiveTabs({ type: \"default\", width: \"auto\", fit: true});\njQuery(\"#subtabs-762418556\").easyResponsiveTabs({ type: \"default\", width: \"auto\", fit: true});\n    \r\n}); <\/script>\r\n\n\n","protected":false},"excerpt":{"rendered":"<br\/><br\/><a class=\"read-more\" href=\"https:\/\/www.handball-ulm.de\/?p=17879\"> Mehr lesen...<\/a>","protected":false},"author":1,"featured_media":0,"parent":0,"menu_order":0,"comment_status":"closed","ping_status":"closed","template":"","meta":{"ngg_post_thumbnail":0,"footnotes":""},"_links":{"self":[{"href":"https:\/\/www.handball-ulm.de\/index.php?rest_route=\/wp\/v2\/pages\/665"}],"collection":[{"href":"https:\/\/www.handball-ulm.de\/index.php?rest_route=\/wp\/v2\/pages"}],"about":[{"href":"https:\/\/www.handball-ulm.de\/index.php?rest_route=\/wp\/v2\/types\/page"}],"author":[{"embeddable":true,"href":"https:\/\/www.handball-ulm.de\/index.php?rest_route=\/wp\/v2\/users\/1"}],"replies":[{"embeddable":true,"href":"https:\/\/www.handball-ulm.de\/index.php?rest_route=%2Fwp%2Fv2%2Fcomments&post=665"}],"version-history":[{"count":37,"href":"https:\/\/www.handball-ulm.de\/index.php?rest_route=\/wp\/v2\/pages\/665\/revisions"}],"predecessor-version":[{"id":20087,"href":"https:\/\/www.handball-ulm.de\/index.php?rest_route=\/wp\/v2\/pages\/665\/revisions\/20087"}],"wp:attachment":[{"href":"https:\/\/www.handball-ulm.de\/index.php?rest_route=%2Fwp%2Fv2%2Fmedia&parent=665"}],"curies":[{"name":"wp","href":"https:\/\/api.w.org\/{rel}","templated":true}]}}

Männlich C

<div id="tabs-1641966538">

<ul class="resp-tabs-list">
    <li>Kader</li>


    <li>Aktuelles</li>


    <li>Tabelle</li>


    <li>Spielplan</li>


    <li>Trainingszeiten</li>


    <li>Jahrgang</li>


    <li>Trainer</li>
</ul>
<div class="resp-tabs-container">
 
<div>

<p><strong>Hintere Reihe v.l.n.r.:</strong></p>
<p><strong>Vordere Reihe v.l.n.r.:</strong></p>
<p><strong>Es fehlt:<br />
</strong></p>

</div>


<div>

<article class="post">
    <div class="post-20178 post type-post status-publish format-standard has-post-thumbnail hentry category-aktive category-aktuelles-foerderverein category-allgemein category-aus-dem-sg-leben category-aus-dem-sg-leben-25-26 category-events category-frauen-1 category-frauen-2 category-gaenswiescup-2025 category-gaenswiescup-2026 category-gaenswiesturnier category-gemischt-d1 category-gemischt-d2 category-gemischt-d3 category-gemischt-e-ulm category-gemischt-e-wiblingen category-gemischt-f-ulm category-gemischt-f-wiblingen category-jugend category-maenner-1 category-maenner-2 category-maenner-3 category-maennlich-a category-maennlich-b1 category-maennlich-c category-maennlich-c2 category-miniminis-oststadt category-miniminis-weststadt category-miniminis-wiblingen category-minis-goegglingen category-minis-oststadt category-minis-weststadt-1 category-minis-weststadt-2 category-minis-wiblingen category-spielgemeinschaft category-startseite category-weiblich-a category-weiblich-b category-weiblich-b2 category-weiblich-c category-weiblich-c2 category-weiblich-d category-weiblich-e"  id="post-20178">
      
    <figure>
        <a href="https://www.handball-ulm.de/?p=20178">
            <img loading="lazy" decoding="async" width="964" height="428" src="https://www.handball-ulm.de/wp-content/uploads/2026/04/torwart-Website.jpg" class="attachment-sporty-blog-image size-sporty-blog-image wp-post-image" alt="Torwart gesucht" srcset="https://www.handball-ulm.de/wp-content/uploads/2026/04/torwart-Website.jpg 964w, https://www.handball-ulm.de/wp-content/uploads/2026/04/torwart-Website-300x133.jpg 300w, https://www.handball-ulm.de/wp-content/uploads/2026/04/torwart-Website-768x341.jpg 768w" sizes="(max-width: 964px) 100vw, 964px" />        </a>
    </figure>
            <div class="postbox">  
            <h3>
                <a href="https://www.handball-ulm.de/?p=20178">Aufruf: Wer kennt einen Torhüter?!</a>
            </h3>
        <div class="date-without-thumb">15. April 2026</div> 
        <p>Liebe Vereinsfamilie, unsere Herren 1 steht vor einer wichtigen Frage: Wer hütet nächste Saison unser Tor? Trainer Ralf und die Mannschaft suchen dringend einen Torhüter – ab sofort, aber ganz besonders für die kommende Saison. Und jetzt kommt ihr ins Spiel! 👉 Fragt in eurem Freundeskreis, in der Familie, bei Arbeitskollegen, beim Stammtisch – einfach [&hellip;]</p>
<br/><br/><a class="read-more" href="https://www.handball-ulm.de/?p=20178"> Mehr lesen...</a>        </div>    
    </div>
</article>
<article class="post">
    <div class="post-17943 post type-post status-publish format-standard has-post-thumbnail hentry category-aus-dem-sg-leben-24-25 category-maennlich-c category-startseite"  id="post-17943">
      
    <figure>
        <a href="https://www.handball-ulm.de/?p=17943">
            <img loading="lazy" decoding="async" width="964" height="428" src="https://www.handball-ulm.de/wp-content/uploads/2025/01/IMG-20250111-WA0008-964x428.jpg" class="attachment-sporty-blog-image size-sporty-blog-image wp-post-image" alt="" />        </a>
    </figure>
            <div class="postbox">  
            <h3>
                <a href="https://www.handball-ulm.de/?p=17943">Trikotdurcheinander &#8211; männliche C-Jugend</a>
            </h3>
        <div class="date-without-thumb">11. Januar 2025</div> 
        <p>Trikots on Tour</p>
<br/><br/><a class="read-more" href="https://www.handball-ulm.de/?p=17943"> Mehr lesen...</a>        </div>    
    </div>
</article>
<article class="post">
    <div class="post-17906 post type-post status-publish format-standard has-post-thumbnail hentry category-aus-dem-sg-leben-24-25 category-maennlich-c category-startseite"  id="post-17906">
      
    <figure>
        <a href="https://www.handball-ulm.de/?p=17906">
            <img loading="lazy" decoding="async" width="964" height="428" src="https://www.handball-ulm.de/wp-content/uploads/2024/12/20241214_170843-964x428.jpg" class="attachment-sporty-blog-image size-sporty-blog-image wp-post-image" alt="" />        </a>
    </figure>
            <div class="postbox">  
            <h3>
                <a href="https://www.handball-ulm.de/?p=17906">Männliche C-Jugend  &#8211; Doppelwochenende</a>
            </h3>
        <div class="date-without-thumb">15. Dezember 2024</div> 
        <p>Höhen und Tiefen</p>
<br/><br/><a class="read-more" href="https://www.handball-ulm.de/?p=17906"> Mehr lesen...</a>        </div>    
    </div>
</article>
<article class="post">
    <div class="post-17886 post type-post status-publish format-standard has-post-thumbnail hentry category-aus-dem-sg-leben-24-25 category-maennlich-c category-startseite"  id="post-17886">
      
    <figure>
        <a href="https://www.handball-ulm.de/?p=17886">
            <img loading="lazy" decoding="async" width="964" height="428" src="https://www.handball-ulm.de/wp-content/uploads/2024/12/mc_bc-964x428.jpg" class="attachment-sporty-blog-image size-sporty-blog-image wp-post-image" alt="" />        </a>
    </figure>
            <div class="postbox">  
            <h3>
                <a href="https://www.handball-ulm.de/?p=17886">Männliche C-Jugend &#8211; TG Biberach</a>
            </h3>
        <div class="date-without-thumb">8. Dezember 2024</div> 
        <p>Willenssieg!</p>
<br/><br/><a class="read-more" href="https://www.handball-ulm.de/?p=17886"> Mehr lesen...</a>        </div>    
    </div>
</article>
<article class="post">
    <div class="post-17879 post type-post status-publish format-standard has-post-thumbnail hentry category-aus-dem-sg-leben-24-25 category-maennlich-c category-startseite"  id="post-17879">
      
    <figure>
        <a href="https://www.handball-ulm.de/?p=17879">
            <img loading="lazy" decoding="async" width="964" height="428" src="https://www.handball-ulm.de/wp-content/uploads/2024/12/PB090147-964x428.jpg" class="attachment-sporty-blog-image size-sporty-blog-image wp-post-image" alt="" />        </a>
    </figure>
            <div class="postbox">  
            <h3>
                <a href="https://www.handball-ulm.de/?p=17879">Männlichen C-Jugend gegen HC Hohenems</a>
            </h3>
        <div class="date-without-thumb">30. November 2024</div> 
        <p>Die Punkte blieben in Österreich</p>
<br/><br/><a class="read-more" href="https://www.handball-ulm.de/?p=17879"> Mehr lesen...</a>        </div>    
    </div>
</article>
<!-- VIEW ALL BUTTON -->
<div class="blogpager">
    <div class="previous">
        <a href="https://www.handball-ulm.de/?cat=19">Alle</a>
    </div>
</div>


</div>


<div>



<div class="clearfix">
    <div id="subtabs-36141174">

      <ul class="resp-tabs-list">
    <li>2023/2024</li>


    <li>2022/2023</li>


    <li>2021/2022</li>


    <li>2020/2021</li>


    <li>2019/2020</li>


    <li>2018/2019</li>
</ul>
      <div class="resp-tabs-container">
 
<div>

<strong>Bezirksliga</strong><br />
<br />

</div>


<div>

<strong>Bezirksliga</strong><br />
<br />

</div>


<div>

<strong>Verbandsklasse Staffel 4</strong><br />
<br />

</div>


<div>

Die Saison 2020/2021 wurde corona-bedingt abgesagt!<br />

</div>


<div>

<strong>Bezirksliga</strong><br />
<br />

</div>


<div>

<strong>Bezirksklasse</strong><br />
<br />

</div>
</div>
    </div>
</div>



</div>


<div>



<div class="clearfix">
    <div id="subtabs-762418556">

      <ul class="resp-tabs-list">
    <li>2023/2024</li>


    <li>2022/2023</li>


    <li>2021/2022</li>


    <li>2020/2021</li>


    <li>2019/2020</li>


    <li>2018/2019</li>
</ul>
      <div class="resp-tabs-container">
 
<div>

<strong>Bezirksliga</strong><br />
<br />

</div>


<div>

<strong>Bezirksliga</strong><br />
<br />

</div>


<div>

<strong>Verbandsklasse Staffel 4</strong><br />
<br />

</div>


<div>

Die Saison 2020/2021 wurde corona-bedingt abgesagt!<br />

</div>


<div>

<strong>Bezirksliga</strong><br />
<br />

</div>


<div>

<strong>Bezirksklasse</strong><br />
<br />

</div>
</div>
    </div>
</div>



</div>


<div>

<p><a href="/?page_id=127">Link zu den Hallen</a><br />

</div>


<div>

2011/2012<br />

</div>


<div>

<strong>Name:</strong><br />
<strong>E-Mail:</strong> <a href="mailto:mC@sgulm.de">mC@sgulm.de</a><br />

</div>


</div></div>
<script type="text/javascript">jQuery(document).ready(function() { 
    jQuery("#tabs-1641966538").easyResponsiveTabs({ type: "default", width: "auto", fit: true}); 
jQuery("#subtabs-36141174").easyResponsiveTabs({ type: "default", width: "auto", fit: true});
jQuery("#subtabs-762418556").easyResponsiveTabs({ type: "default", width: "auto", fit: true});
    
}); </script>
