{"id":660,"date":"2019-02-04T23:06:20","date_gmt":"2019-02-04T22:06:20","guid":{"rendered":"https:\/\/sgulm.tcremer.de\/?page_id=660"},"modified":"2025-11-16T16:11:36","modified_gmt":"2025-11-16T15:11:36","slug":"weiblich-a","status":"publish","type":"page","link":"https:\/\/www.handball-ulm.de\/?page_id=660","title":{"rendered":"Weiblich A"},"content":{"rendered":"\n\r\n\r\n<div id=\"tabs-1956479828\">\n\r\n<ul class=\"resp-tabs-list\">\r\n    <li>Kader<\/li>\r\n\n\r\n    <li>Aktuelles<\/li>\r\n\n\r\n    <li>Tabelle<\/li>\r\n\n\r\n    <li>Spielplan<\/li>\r\n\n\r\n    <li>Trainingszeiten<\/li>\r\n\n\r\n    <li>Jahrgang<\/li>\r\n\n\r\n    <li>Trainer<\/li>\r\n<\/ul>\r\n<div class=\"resp-tabs-container\">\n \r\n<div>\r\n\n<p><strong>hintere Reihe v.l.n.r.:<br \/>\n<\/strong>Magda, Pennie, Ronja, Luisa, Leonie, Carlotta, Patricia, Ali<br \/>\nSvenja, Lola, Annika, Verena, Alba, Mia<\/p>\n<p><strong>Es fehlen: <\/strong>Maja<\/p>\n\r\n<\/div>\r\n\n\r\n<div>\r\n\n<article class=\"post\">\r\n    <div class=\"post-20178 post type-post status-publish format-standard has-post-thumbnail hentry category-aktive category-aktuelles-foerderverein category-allgemein category-aus-dem-sg-leben category-aus-dem-sg-leben-25-26 category-events category-frauen-1 category-frauen-2 category-gaenswiescup-2025 category-gaenswiescup-2026 category-gaenswiesturnier category-gemischt-d1 category-gemischt-d2 category-gemischt-d3 category-gemischt-e-ulm category-gemischt-e-wiblingen category-gemischt-f-ulm category-gemischt-f-wiblingen category-jugend category-maenner-1 category-maenner-2 category-maenner-3 category-maennlich-a category-maennlich-b1 category-maennlich-c category-maennlich-c2 category-miniminis-oststadt category-miniminis-weststadt category-miniminis-wiblingen category-minis-goegglingen category-minis-oststadt category-minis-weststadt-1 category-minis-weststadt-2 category-minis-wiblingen category-spielgemeinschaft category-startseite category-weiblich-a category-weiblich-b category-weiblich-b2 category-weiblich-c category-weiblich-c2 category-weiblich-d category-weiblich-e\"  id=\"post-20178\">\r\n      \r\n    <figure>\r\n        <a href=\"https:\/\/www.handball-ulm.de\/?p=20178\">\r\n            <img loading=\"lazy\" decoding=\"async\" width=\"964\" height=\"428\" src=\"https:\/\/www.handball-ulm.de\/wp-content\/uploads\/2026\/04\/torwart-Website.jpg\" class=\"attachment-sporty-blog-image size-sporty-blog-image wp-post-image\" alt=\"Torwart gesucht\" srcset=\"https:\/\/www.handball-ulm.de\/wp-content\/uploads\/2026\/04\/torwart-Website.jpg 964w, https:\/\/www.handball-ulm.de\/wp-content\/uploads\/2026\/04\/torwart-Website-300x133.jpg 300w, https:\/\/www.handball-ulm.de\/wp-content\/uploads\/2026\/04\/torwart-Website-768x341.jpg 768w\" sizes=\"(max-width: 964px) 100vw, 964px\" \/>        <\/a>\r\n    <\/figure>\r\n            <div class=\"postbox\">  \r\n            <h3>\r\n                <a href=\"https:\/\/www.handball-ulm.de\/?p=20178\">Aufruf: Wer kennt einen Torh\u00fcter?!<\/a>\r\n            <\/h3>\r\n        <div class=\"date-without-thumb\">15. April 2026<\/div> \r\n        <p>Liebe Vereinsfamilie, unsere Herren 1 steht vor einer wichtigen Frage: Wer h\u00fctet n\u00e4chste Saison unser Tor? Trainer Ralf und die Mannschaft suchen dringend einen Torh\u00fcter \u2013 ab sofort, aber ganz besonders f\u00fcr die kommende Saison. Und jetzt kommt ihr ins Spiel! \ud83d\udc49 Fragt in eurem Freundeskreis, in der Familie, bei Arbeitskollegen, beim Stammtisch \u2013 einfach [&hellip;]<\/p>\n<br\/><br\/><a class=\"read-more\" href=\"https:\/\/www.handball-ulm.de\/?p=20178\"> Mehr lesen...<\/a>        <\/div>    \r\n    <\/div>\r\n<\/article>\r\n<article class=\"post\">\r\n    <div class=\"post-20131 post type-post status-publish format-standard hentry category-allgemein category-aus-dem-sg-leben-25-26 category-frauen-1 category-startseite category-weiblich-a\"  id=\"post-20131\">\r\n            <div class=\"postbox\">  \r\n            <h3>\r\n                <a href=\"https:\/\/www.handball-ulm.de\/?p=20131\">Bescheidener Spieltag &#8211; 22.02.2026<\/a>\r\n            <\/h3>\r\n        <div class=\"date-without-thumb\">1. M\u00e4rz 2026<\/div> \r\n        <p>Das war nicht unser Wochenende &#8211; gleich zweimal mussten wir uns geschlagen geben. Am Mittag verlor unsere weibliche A-Jugend ausw\u00e4rts in K\u00f6nigsbronn mit 24:35. Die Gastgeberinnen waren von Beginn an hellwach und zogen fr\u00fch mit 12:6 davon \u2013 von diesem R\u00fcckstand haben wir uns leider nicht mehr erholt. Trotzdem: Hut ab f\u00fcrs faire und disziplinierte [&hellip;]<\/p>\n<br\/><br\/><a class=\"read-more\" href=\"https:\/\/www.handball-ulm.de\/?p=20131\"> Mehr lesen...<\/a>        <\/div>    \r\n    <\/div>\r\n<\/article>\r\n<article class=\"post\">\r\n    <div class=\"post-18142 post type-post status-publish format-standard has-post-thumbnail hentry category-aus-dem-sg-leben-24-25 category-maennlich-a category-maennlich-b1 category-startseite category-weiblich-a category-weiblich-b\"  id=\"post-18142\">\r\n      \r\n    <figure>\r\n        <a href=\"https:\/\/www.handball-ulm.de\/?p=18142\">\r\n            <img loading=\"lazy\" decoding=\"async\" width=\"964\" height=\"428\" src=\"https:\/\/www.handball-ulm.de\/wp-content\/uploads\/2025\/03\/maennlich-a-meister-e1743060141802-964x428.jpg\" class=\"attachment-sporty-blog-image size-sporty-blog-image wp-post-image\" alt=\"B-Jugend m\u00e4nnlich\" \/>        <\/a>\r\n    <\/figure>\r\n            <div class=\"postbox\">  \r\n            <h3>\r\n                <a href=\"https:\/\/www.handball-ulm.de\/?p=18142\">Erfolgreiches Meisterwochenende f\u00fcr die SG Ulm &amp; Wiblingen<\/a>\r\n            <\/h3>\r\n        <div class=\"date-without-thumb\">27. M\u00e4rz 2025<\/div> \r\n        <p>Meistertitel f\u00fcr die A-Jugenden und Vizemeister f\u00fcr die B-Jugenden. <\/p>\n<br\/><br\/><a class=\"read-more\" href=\"https:\/\/www.handball-ulm.de\/?p=18142\"> Mehr lesen...<\/a>        <\/div>    \r\n    <\/div>\r\n<\/article>\r\n<article class=\"post\">\r\n    <div class=\"post-16557 post type-post status-publish format-standard has-post-thumbnail hentry category-aus-dem-sg-leben-24-25 category-maennlich-a category-maennlich-b1 category-maennlich-c category-startseite category-weiblich-a\"  id=\"post-16557\">\r\n      \r\n    <figure>\r\n        <a href=\"https:\/\/www.handball-ulm.de\/?p=16557\">\r\n            <img loading=\"lazy\" decoding=\"async\" width=\"964\" height=\"428\" src=\"https:\/\/www.handball-ulm.de\/wp-content\/uploads\/2024\/05\/WhatsApp-Bild-2024-05-01-um-13.29.29_9f4300e4-964x428.jpg\" class=\"attachment-sporty-blog-image size-sporty-blog-image wp-post-image\" alt=\"\" \/>        <\/a>\r\n    <\/figure>\r\n            <div class=\"postbox\">  \r\n            <h3>\r\n                <a href=\"https:\/\/www.handball-ulm.de\/?p=16557\">Qualifikation zur Verbandsebene<\/a>\r\n            <\/h3>\r\n        <div class=\"date-without-thumb\">28. April 2024<\/div> \r\n        <p>Vier Mannschaften waren unterwegs<\/p>\n<br\/><br\/><a class=\"read-more\" href=\"https:\/\/www.handball-ulm.de\/?p=16557\"> Mehr lesen...<\/a>        <\/div>    \r\n    <\/div>\r\n<\/article>\r\n<article class=\"post\">\r\n    <div class=\"post-15517 post type-post status-publish format-standard has-post-thumbnail hentry category-allgemein category-aus-dem-sg-leben-23-24 category-maennlich-a category-maennlich-c category-maennlich-c2 category-startseite category-weiblich-a category-weiblich-b category-weiblich-c\"  id=\"post-15517\">\r\n      \r\n    <figure>\r\n        <a href=\"https:\/\/www.handball-ulm.de\/?p=15517\">\r\n            <img loading=\"lazy\" decoding=\"async\" width=\"964\" height=\"428\" src=\"https:\/\/www.handball-ulm.de\/wp-content\/uploads\/2023\/12\/Screenshot-496-964x428.png\" class=\"attachment-sporty-blog-image size-sporty-blog-image wp-post-image\" alt=\"\" \/>        <\/a>\r\n    <\/figure>\r\n            <div class=\"postbox\">  \r\n            <h3>\r\n                <a href=\"https:\/\/www.handball-ulm.de\/?p=15517\">Internationales Handballturnier in Lund\/Schweden &#8211; Wir sind dabei<\/a>\r\n            <\/h3>\r\n        <div class=\"date-without-thumb\">31. Dezember 2023<\/div> \r\n        <p>Internationales Handballturnier in Lund\/Schweden &#8211; die SG ist dabei.<\/p>\n<br\/><br\/><a class=\"read-more\" href=\"https:\/\/www.handball-ulm.de\/?p=15517\"> Mehr lesen...<\/a>        <\/div>    \r\n    <\/div>\r\n<\/article>\r\n<!-- VIEW ALL BUTTON -->\r\n<div class=\"blogpager\">\r\n    <div class=\"previous\">\r\n        <a href=\"https:\/\/www.handball-ulm.de\/?cat=16\">Alle<\/a>\r\n    <\/div>\r\n<\/div>\r\n\n\r\n<\/div>\r\n\n\r\n<div>\r\n\n\n\r\n<div class=\"clearfix\">\r\n    <div id=\"subtabs-1619007205\">\n\r\n      <ul class=\"resp-tabs-list\">\r\n    <li>2023\/2024<\/li>\r\n\n\r\n    <li>2022\/2023<\/li>\r\n\n\r\n    <li>2021\/2022<\/li>\r\n\n\r\n    <li>2020\/2021<\/li>\r\n\n\r\n    <li>2019\/2020<\/li>\r\n\n\r\n    <li>2018\/2019<\/li>\r\n<\/ul>\r\n      <div class=\"resp-tabs-container\">\n \r\n<div>\r\n\n<h3 class=\"ng-binding\">W\u00fcrttemberg-Liga<\/h3>\n<p><\/p>\n\r\n<\/div>\r\n\n\r\n<div>\r\n\n<h3 class=\"ng-binding\"><small class=\"ng-binding\">Bezirksklasse<\/small><\/h3>\n<p><\/p>\n\r\n<\/div>\r\n\n\r\n<div>\r\n\n<p>F\u00fcr die Saison 2021\/2022 ist keine weibliche A-Jugend gemeldet.<\/p>\n\r\n<\/div>\r\n\n\r\n<div>\r\n\n<p>F\u00fcr die Saison 2020\/2021 ist keine weibliche A-Jugend gemeldet.<\/p>\n\r\n<\/div>\r\n\n\r\n<div>\r\n\n<p>F\u00fcr die Saison 2019\/2020 ist keine weibliche A-Jugend gemeldet.<\/p>\n\r\n<\/div>\r\n\n\r\n<div>\r\n\n<h3 class=\"ng-binding\"><small class=\"ng-binding\">Bezirksliga<\/small><\/h3>\n<p><\/p>\n\r\n<\/div>\r\n<\/div>\r\n    <\/div>\r\n<\/div>\r\n\n\n\r\n<\/div>\r\n\n\r\n<div>\r\n\n\n\r\n<div class=\"clearfix\">\r\n    <div id=\"subtabs-677307414\">\n\r\n      <ul class=\"resp-tabs-list\">\r\n    <li>2023\/2024<\/li>\r\n\n\r\n    <li>2022\/2023<\/li>\r\n\n\r\n    <li>2021\/2022<\/li>\r\n\n\r\n    <li>2020\/2021<\/li>\r\n\n\r\n    <li>2019\/2020<\/li>\r\n\n\r\n    <li>2018\/2019<\/li>\r\n<\/ul>\r\n      <div class=\"resp-tabs-container\">\n \r\n<div>\r\n\n<h3 class=\"ng-binding\">W\u00fcrttemberg-Liga<\/h3>\n<p><\/p>\n\r\n<\/div>\r\n\n\r\n<div>\r\n\n<h3 class=\"ng-binding\"><small class=\"ng-binding\">Bezirksklasse<\/small><\/h3>\n<p><\/p>\n\r\n<\/div>\r\n\n\r\n<div>\r\n\n<p>F\u00fcr die Saison 2021\/2022 ist keine weibliche A-Jugend gemeldet.<\/p>\n\r\n<\/div>\r\n\n\r\n<div>\r\n\n<p>F\u00fcr die Saison 2020\/2021 ist keine weibliche A-Jugend gemeldet.<\/p>\n\r\n<\/div>\r\n\n\r\n<div>\r\n\n<p>F\u00fcr die Saison 2019\/2020 ist keine weibliche A-Jugend gemeldet.<\/p>\n\r\n<\/div>\r\n\n\r\n<div>\r\n\n<h3 class=\"ng-binding\"><small class=\"ng-binding\">Bezirksliga<br \/>\n<\/small><\/h3>\n<p><\/p>\n\r\n<\/div>\r\n<\/div>\r\n    <\/div>\r\n<\/div>\r\n\n\n\r\n<\/div>\r\n\n\r\n<div>\r\n\nDienstag 20:00 &#8211; 21:30 Uhr Tannenplatzhalle<\/p>\n<p>Freitag 19:30 &#8211; 21:00 Uhr Friedrichshafener Halle<\/p>\n<p><a href=\"\/?page_id=127\">Link zu den Hallen<\/a><br \/>\n\r\n<\/div>\r\n\n\r\n<div>\r\n\n2007\/2008<br \/>\n\r\n<\/div>\r\n\n\r\n<div>\r\n\n<strong>Name:<\/strong> Ali Sancak<br \/>\n<strong>E-Mail:<\/strong> <a href=\"mailto:wA@sgulm.de\">wA@sgulm.de<\/a><br \/>\n\r\n<\/div>\r\n\r\n\r\n<\/div><\/div>\r\n<script type=\"text\/javascript\">jQuery(document).ready(function() { \r\n    jQuery(\"#tabs-1956479828\").easyResponsiveTabs({ type: \"default\", width: \"auto\", fit: true}); \r\njQuery(\"#subtabs-1619007205\").easyResponsiveTabs({ type: \"default\", width: \"auto\", fit: true});\njQuery(\"#subtabs-677307414\").easyResponsiveTabs({ type: \"default\", width: \"auto\", fit: true});\n    \r\n}); <\/script>\r\n\n\n","protected":false},"excerpt":{"rendered":"<br\/><br\/><a class=\"read-more\" href=\"https:\/\/www.handball-ulm.de\/?p=15517\"> Mehr lesen...<\/a>","protected":false},"author":1,"featured_media":17246,"parent":0,"menu_order":0,"comment_status":"closed","ping_status":"closed","template":"","meta":{"ngg_post_thumbnail":0,"footnotes":""},"_links":{"self":[{"href":"https:\/\/www.handball-ulm.de\/index.php?rest_route=\/wp\/v2\/pages\/660"}],"collection":[{"href":"https:\/\/www.handball-ulm.de\/index.php?rest_route=\/wp\/v2\/pages"}],"about":[{"href":"https:\/\/www.handball-ulm.de\/index.php?rest_route=\/wp\/v2\/types\/page"}],"author":[{"embeddable":true,"href":"https:\/\/www.handball-ulm.de\/index.php?rest_route=\/wp\/v2\/users\/1"}],"replies":[{"embeddable":true,"href":"https:\/\/www.handball-ulm.de\/index.php?rest_route=%2Fwp%2Fv2%2Fcomments&post=660"}],"version-history":[{"count":23,"href":"https:\/\/www.handball-ulm.de\/index.php?rest_route=\/wp\/v2\/pages\/660\/revisions"}],"predecessor-version":[{"id":19585,"href":"https:\/\/www.handball-ulm.de\/index.php?rest_route=\/wp\/v2\/pages\/660\/revisions\/19585"}],"wp:featuredmedia":[{"embeddable":true,"href":"https:\/\/www.handball-ulm.de\/index.php?rest_route=\/wp\/v2\/media\/17246"}],"wp:attachment":[{"href":"https:\/\/www.handball-ulm.de\/index.php?rest_route=%2Fwp%2Fv2%2Fmedia&parent=660"}],"curies":[{"name":"wp","href":"https:\/\/api.w.org\/{rel}","templated":true}]}}

<div id="tabs-1956479828">

<ul class="resp-tabs-list">
    <li>Kader</li>


    <li>Aktuelles</li>


    <li>Tabelle</li>


    <li>Spielplan</li>


    <li>Trainingszeiten</li>


    <li>Jahrgang</li>


    <li>Trainer</li>
</ul>
<div class="resp-tabs-container">
 
<div>

<p><strong>hintere Reihe v.l.n.r.:<br />
</strong>Magda, Pennie, Ronja, Luisa, Leonie, Carlotta, Patricia, Ali<br />
Svenja, Lola, Annika, Verena, Alba, Mia</p>
<p><strong>Es fehlen: </strong>Maja</p>

</div>


<div>

<article class="post">
    <div class="post-20178 post type-post status-publish format-standard has-post-thumbnail hentry category-aktive category-aktuelles-foerderverein category-allgemein category-aus-dem-sg-leben category-aus-dem-sg-leben-25-26 category-events category-frauen-1 category-frauen-2 category-gaenswiescup-2025 category-gaenswiescup-2026 category-gaenswiesturnier category-gemischt-d1 category-gemischt-d2 category-gemischt-d3 category-gemischt-e-ulm category-gemischt-e-wiblingen category-gemischt-f-ulm category-gemischt-f-wiblingen category-jugend category-maenner-1 category-maenner-2 category-maenner-3 category-maennlich-a category-maennlich-b1 category-maennlich-c category-maennlich-c2 category-miniminis-oststadt category-miniminis-weststadt category-miniminis-wiblingen category-minis-goegglingen category-minis-oststadt category-minis-weststadt-1 category-minis-weststadt-2 category-minis-wiblingen category-spielgemeinschaft category-startseite category-weiblich-a category-weiblich-b category-weiblich-b2 category-weiblich-c category-weiblich-c2 category-weiblich-d category-weiblich-e"  id="post-20178">
      
    <figure>
        <a href="https://www.handball-ulm.de/?p=20178">
            <img loading="lazy" decoding="async" width="964" height="428" src="https://www.handball-ulm.de/wp-content/uploads/2026/04/torwart-Website.jpg" class="attachment-sporty-blog-image size-sporty-blog-image wp-post-image" alt="Torwart gesucht" srcset="https://www.handball-ulm.de/wp-content/uploads/2026/04/torwart-Website.jpg 964w, https://www.handball-ulm.de/wp-content/uploads/2026/04/torwart-Website-300x133.jpg 300w, https://www.handball-ulm.de/wp-content/uploads/2026/04/torwart-Website-768x341.jpg 768w" sizes="(max-width: 964px) 100vw, 964px" />        </a>
    </figure>
            <div class="postbox">  
            <h3>
                <a href="https://www.handball-ulm.de/?p=20178">Aufruf: Wer kennt einen Torhüter?!</a>
            </h3>
        <div class="date-without-thumb">15. April 2026</div> 
        <p>Liebe Vereinsfamilie, unsere Herren 1 steht vor einer wichtigen Frage: Wer hütet nächste Saison unser Tor? Trainer Ralf und die Mannschaft suchen dringend einen Torhüter – ab sofort, aber ganz besonders für die kommende Saison. Und jetzt kommt ihr ins Spiel! 👉 Fragt in eurem Freundeskreis, in der Familie, bei Arbeitskollegen, beim Stammtisch – einfach [&hellip;]</p>
<br/><br/><a class="read-more" href="https://www.handball-ulm.de/?p=20178"> Mehr lesen...</a>        </div>    
    </div>
</article>
<article class="post">
    <div class="post-20131 post type-post status-publish format-standard hentry category-allgemein category-aus-dem-sg-leben-25-26 category-frauen-1 category-startseite category-weiblich-a"  id="post-20131">
            <div class="postbox">  
            <h3>
                <a href="https://www.handball-ulm.de/?p=20131">Bescheidener Spieltag &#8211; 22.02.2026</a>
            </h3>
        <div class="date-without-thumb">1. März 2026</div> 
        <p>Das war nicht unser Wochenende &#8211; gleich zweimal mussten wir uns geschlagen geben. Am Mittag verlor unsere weibliche A-Jugend auswärts in Königsbronn mit 24:35. Die Gastgeberinnen waren von Beginn an hellwach und zogen früh mit 12:6 davon – von diesem Rückstand haben wir uns leider nicht mehr erholt. Trotzdem: Hut ab fürs faire und disziplinierte [&hellip;]</p>
<br/><br/><a class="read-more" href="https://www.handball-ulm.de/?p=20131"> Mehr lesen...</a>        </div>    
    </div>
</article>
<article class="post">
    <div class="post-18142 post type-post status-publish format-standard has-post-thumbnail hentry category-aus-dem-sg-leben-24-25 category-maennlich-a category-maennlich-b1 category-startseite category-weiblich-a category-weiblich-b"  id="post-18142">
      
    <figure>
        <a href="https://www.handball-ulm.de/?p=18142">
            <img loading="lazy" decoding="async" width="964" height="428" src="https://www.handball-ulm.de/wp-content/uploads/2025/03/maennlich-a-meister-e1743060141802-964x428.jpg" class="attachment-sporty-blog-image size-sporty-blog-image wp-post-image" alt="B-Jugend männlich" />        </a>
    </figure>
            <div class="postbox">  
            <h3>
                <a href="https://www.handball-ulm.de/?p=18142">Erfolgreiches Meisterwochenende für die SG Ulm &amp; Wiblingen</a>
            </h3>
        <div class="date-without-thumb">27. März 2025</div> 
        <p>Meistertitel für die A-Jugenden und Vizemeister für die B-Jugenden. </p>
<br/><br/><a class="read-more" href="https://www.handball-ulm.de/?p=18142"> Mehr lesen...</a>        </div>    
    </div>
</article>
<article class="post">
    <div class="post-16557 post type-post status-publish format-standard has-post-thumbnail hentry category-aus-dem-sg-leben-24-25 category-maennlich-a category-maennlich-b1 category-maennlich-c category-startseite category-weiblich-a"  id="post-16557">
      
    <figure>
        <a href="https://www.handball-ulm.de/?p=16557">
            <img loading="lazy" decoding="async" width="964" height="428" src="https://www.handball-ulm.de/wp-content/uploads/2024/05/WhatsApp-Bild-2024-05-01-um-13.29.29_9f4300e4-964x428.jpg" class="attachment-sporty-blog-image size-sporty-blog-image wp-post-image" alt="" />        </a>
    </figure>
            <div class="postbox">  
            <h3>
                <a href="https://www.handball-ulm.de/?p=16557">Qualifikation zur Verbandsebene</a>
            </h3>
        <div class="date-without-thumb">28. April 2024</div> 
        <p>Vier Mannschaften waren unterwegs</p>
<br/><br/><a class="read-more" href="https://www.handball-ulm.de/?p=16557"> Mehr lesen...</a>        </div>    
    </div>
</article>
<article class="post">
    <div class="post-15517 post type-post status-publish format-standard has-post-thumbnail hentry category-allgemein category-aus-dem-sg-leben-23-24 category-maennlich-a category-maennlich-c category-maennlich-c2 category-startseite category-weiblich-a category-weiblich-b category-weiblich-c"  id="post-15517">
      
    <figure>
        <a href="https://www.handball-ulm.de/?p=15517">
            <img loading="lazy" decoding="async" width="964" height="428" src="https://www.handball-ulm.de/wp-content/uploads/2023/12/Screenshot-496-964x428.png" class="attachment-sporty-blog-image size-sporty-blog-image wp-post-image" alt="" />        </a>
    </figure>
            <div class="postbox">  
            <h3>
                <a href="https://www.handball-ulm.de/?p=15517">Internationales Handballturnier in Lund/Schweden &#8211; Wir sind dabei</a>
            </h3>
        <div class="date-without-thumb">31. Dezember 2023</div> 
        <p>Internationales Handballturnier in Lund/Schweden &#8211; die SG ist dabei.</p>
<br/><br/><a class="read-more" href="https://www.handball-ulm.de/?p=15517"> Mehr lesen...</a>        </div>    
    </div>
</article>
<!-- VIEW ALL BUTTON -->
<div class="blogpager">
    <div class="previous">
        <a href="https://www.handball-ulm.de/?cat=16">Alle</a>
    </div>
</div>


</div>


<div>



<div class="clearfix">
    <div id="subtabs-1619007205">

      <ul class="resp-tabs-list">
    <li>2023/2024</li>


    <li>2022/2023</li>


    <li>2021/2022</li>


    <li>2020/2021</li>


    <li>2019/2020</li>


    <li>2018/2019</li>
</ul>
      <div class="resp-tabs-container">
 
<div>

<h3 class="ng-binding">Württemberg-Liga</h3>
<p></p>

</div>


<div>

<h3 class="ng-binding"><small class="ng-binding">Bezirksklasse</small></h3>
<p></p>

</div>


<div>

<p>Für die Saison 2021/2022 ist keine weibliche A-Jugend gemeldet.</p>

</div>


<div>

<p>Für die Saison 2020/2021 ist keine weibliche A-Jugend gemeldet.</p>

</div>


<div>

<p>Für die Saison 2019/2020 ist keine weibliche A-Jugend gemeldet.</p>

</div>


<div>

<h3 class="ng-binding"><small class="ng-binding">Bezirksliga</small></h3>
<p></p>

</div>
</div>
    </div>
</div>



</div>


<div>



<div class="clearfix">
    <div id="subtabs-677307414">

      <ul class="resp-tabs-list">
    <li>2023/2024</li>


    <li>2022/2023</li>


    <li>2021/2022</li>


    <li>2020/2021</li>


    <li>2019/2020</li>


    <li>2018/2019</li>
</ul>
      <div class="resp-tabs-container">
 
<div>

<h3 class="ng-binding">Württemberg-Liga</h3>
<p></p>

</div>


<div>

<h3 class="ng-binding"><small class="ng-binding">Bezirksklasse</small></h3>
<p></p>

</div>


<div>

<p>Für die Saison 2021/2022 ist keine weibliche A-Jugend gemeldet.</p>

</div>


<div>

<p>Für die Saison 2020/2021 ist keine weibliche A-Jugend gemeldet.</p>

</div>


<div>

<p>Für die Saison 2019/2020 ist keine weibliche A-Jugend gemeldet.</p>

</div>


<div>

<h3 class="ng-binding"><small class="ng-binding">Bezirksliga<br />
</small></h3>
<p></p>

</div>
</div>
    </div>
</div>



</div>


<div>

Dienstag 20:00 &#8211; 21:30 Uhr Tannenplatzhalle</p>
<p>Freitag 19:30 &#8211; 21:00 Uhr Friedrichshafener Halle</p>
<p><a href="/?page_id=127">Link zu den Hallen</a><br />

</div>


<div>

2007/2008<br />

</div>


<div>

<strong>Name:</strong> Ali Sancak<br />
<strong>E-Mail:</strong> <a href="mailto:wA@sgulm.de">wA@sgulm.de</a><br />

</div>


</div></div>
<script type="text/javascript">jQuery(document).ready(function() { 
    jQuery("#tabs-1956479828").easyResponsiveTabs({ type: "default", width: "auto", fit: true}); 
jQuery("#subtabs-1619007205").easyResponsiveTabs({ type: "default", width: "auto", fit: true});
jQuery("#subtabs-677307414").easyResponsiveTabs({ type: "default", width: "auto", fit: true});
    
}); </script>
