{"id":646,"date":"2019-02-04T22:55:57","date_gmt":"2019-02-04T21:55:57","guid":{"rendered":"https:\/\/sgulm.tcremer.de\/?page_id=646"},"modified":"2025-11-16T16:12:03","modified_gmt":"2025-11-16T15:12:03","slug":"weiblich-c","status":"publish","type":"page","link":"https:\/\/www.handball-ulm.de\/?page_id=646","title":{"rendered":"Weiblich C"},"content":{"rendered":"\n\r\n\r\n<div id=\"tabs-515215293\">\n\r\n<ul class=\"resp-tabs-list\">\r\n    <li>Kader<\/li>\r\n\n\r\n    <li>Aktuelles<\/li>\r\n\n\r\n    <li>Spielplan\/Tabelle<\/li>\r\n\n\r\n    <li>Trainingszeiten<\/li>\r\n\n\r\n    <li>Jahrgang<\/li>\r\n\n\r\n    <li>Trainer<\/li>\r\n<\/ul>\r\n<div class=\"resp-tabs-container\">\n \r\n<div>\r\n\n<p><strong>Hintere Reihe v.l.n.r.:<br><\/strong>Peter, Alara, Emma, Lara G., Maia, Judith, Ana, Elisabeth, Xenia, Eve, Judith, Graziella<br><strong>Vordere Reihe v.l.n.r.:<br><\/strong>Inci, Hannah, Anca, Lara M., Augustine, Charlotte, Sarah, Joudy<\/p>\n<p><strong>Es fehlen:<br><\/strong>Reiner<\/p>\n\r\n<\/div>\r\n\n\r\n<div>\r\n<br><article class=\"post\">\r\n    <div class=\"post-20184 post type-post status-publish format-standard has-post-thumbnail hentry category-allgemein category-aus-dem-sg-leben category-aus-dem-sg-leben-25-26 category-startseite category-weiblich-c\"  id=\"post-20184\">\r\n      \r\n    <figure>\r\n        <a href=\"https:\/\/www.handball-ulm.de\/?p=20184\">\r\n            <img loading=\"lazy\" decoding=\"async\" width=\"964\" height=\"428\" src=\"https:\/\/www.handball-ulm.de\/wp-content\/uploads\/2026\/04\/20042026_neuesteam-964x428.jpg\" class=\"attachment-sporty-blog-image size-sporty-blog-image wp-post-image\" alt=\"Weibilche C-Jugend SG Ulm &amp; Wiblingen 2026\" \/>        <\/a>\r\n    <\/figure>\r\n            <div class=\"postbox\">  \r\n            <h3>\r\n                <a href=\"https:\/\/www.handball-ulm.de\/?p=20184\">Erfolgreicher Start in die Qualifikation der weiblichen C-Jugend<\/a>\r\n            <\/h3>\r\n        <div class=\"date-without-thumb\">20. April 2026<\/div> \r\n        <p>Am 18.04.2026 war es f\u00fcr die weibliche C-Jugend der SG Ulm &amp; Wiblingen endlich soweit: Nach gerade einmal drei gemeinsamen Trainingseinheiten stand in Langenau bereits die erste Qualifikationsrunde f\u00fcr das neu formierte Team an. Gleich im ersten Spiel traf die Mannschaft auf den wohl st\u00e4rksten Gegner des Tages, die TSG Schnaitheim. In einer torreichen Partie [&hellip;]<\/p>\n<br\/><br\/><a class=\"read-more\" href=\"https:\/\/www.handball-ulm.de\/?p=20184\"> Mehr lesen...<\/a>        <\/div>    \r\n    <\/div>\r\n<\/article>\r\n<article class=\"post\">\r\n    <div class=\"post-20178 post type-post status-publish format-standard has-post-thumbnail hentry category-aktive category-aktuelles-foerderverein category-allgemein category-aus-dem-sg-leben category-aus-dem-sg-leben-25-26 category-events category-frauen-1 category-frauen-2 category-gaenswiescup-2025 category-gaenswiescup-2026 category-gaenswiesturnier category-gemischt-d1 category-gemischt-d2 category-gemischt-d3 category-gemischt-e-ulm category-gemischt-e-wiblingen category-gemischt-f-ulm category-gemischt-f-wiblingen category-jugend category-maenner-1 category-maenner-2 category-maenner-3 category-maennlich-a category-maennlich-b1 category-maennlich-c category-maennlich-c2 category-miniminis-oststadt category-miniminis-weststadt category-miniminis-wiblingen category-minis-goegglingen category-minis-oststadt category-minis-weststadt-1 category-minis-weststadt-2 category-minis-wiblingen category-spielgemeinschaft category-startseite category-weiblich-a category-weiblich-b category-weiblich-b2 category-weiblich-c category-weiblich-c2 category-weiblich-d category-weiblich-e\"  id=\"post-20178\">\r\n      \r\n    <figure>\r\n        <a href=\"https:\/\/www.handball-ulm.de\/?p=20178\">\r\n            <img loading=\"lazy\" decoding=\"async\" width=\"964\" height=\"428\" src=\"https:\/\/www.handball-ulm.de\/wp-content\/uploads\/2026\/04\/torwart-Website.jpg\" class=\"attachment-sporty-blog-image size-sporty-blog-image wp-post-image\" alt=\"Torwart gesucht\" srcset=\"https:\/\/www.handball-ulm.de\/wp-content\/uploads\/2026\/04\/torwart-Website.jpg 964w, https:\/\/www.handball-ulm.de\/wp-content\/uploads\/2026\/04\/torwart-Website-300x133.jpg 300w, https:\/\/www.handball-ulm.de\/wp-content\/uploads\/2026\/04\/torwart-Website-768x341.jpg 768w\" sizes=\"(max-width: 964px) 100vw, 964px\" \/>        <\/a>\r\n    <\/figure>\r\n            <div class=\"postbox\">  \r\n            <h3>\r\n                <a href=\"https:\/\/www.handball-ulm.de\/?p=20178\">Aufruf: Wer kennt einen Torh\u00fcter?!<\/a>\r\n            <\/h3>\r\n        <div class=\"date-without-thumb\">15. April 2026<\/div> \r\n        <p>Liebe Vereinsfamilie, unsere Herren 1 steht vor einer wichtigen Frage: Wer h\u00fctet n\u00e4chste Saison unser Tor? Trainer Ralf und die Mannschaft suchen dringend einen Torh\u00fcter \u2013 ab sofort, aber ganz besonders f\u00fcr die kommende Saison. Und jetzt kommt ihr ins Spiel! \ud83d\udc49 Fragt in eurem Freundeskreis, in der Familie, bei Arbeitskollegen, beim Stammtisch \u2013 einfach [&hellip;]<\/p>\n<br\/><br\/><a class=\"read-more\" href=\"https:\/\/www.handball-ulm.de\/?p=20178\"> Mehr lesen...<\/a>        <\/div>    \r\n    <\/div>\r\n<\/article>\r\n<article class=\"post\">\r\n    <div class=\"post-20137 post type-post status-publish format-standard has-post-thumbnail hentry category-aus-dem-sg-leben-25-26 category-startseite category-weiblich-c\"  id=\"post-20137\">\r\n      \r\n    <figure>\r\n        <a href=\"https:\/\/www.handball-ulm.de\/?p=20137\">\r\n            <img loading=\"lazy\" decoding=\"async\" width=\"964\" height=\"428\" src=\"https:\/\/www.handball-ulm.de\/wp-content\/uploads\/2026\/03\/wC_Extratraining_0000-964x428.jpg\" class=\"attachment-sporty-blog-image size-sporty-blog-image wp-post-image\" alt=\"wC Extratraining\" \/>        <\/a>\r\n    <\/figure>\r\n            <div class=\"postbox\">  \r\n            <h3>\r\n                <a href=\"https:\/\/www.handball-ulm.de\/?p=20137\">Auch in den Ferien nicht stillgestanden &#8211; die wC macht sich bereit!<\/a>\r\n            <\/h3>\r\n        <div class=\"date-without-thumb\">1. M\u00e4rz 2026<\/div> \r\n        <p>Auch in der spielfreien Zeit standen unsere weiblichen C-Jugend-M\u00e4dels nicht still! Statt die Faschingsferien zum Entspannen zu nutzen, wurde flei\u00dfig an Kraft und Athletik gearbeitet \u2013 die Vorbereitung auf die letzten, schweren Spiele der Saison hat h\u00f6chste Priorit\u00e4t. \ud83d\udcaa Und es gibt noch einen besonderen Grund, hart zu trainieren: Zu Ostern steht f\u00fcr die M\u00e4dels [&hellip;]<\/p>\n<br\/><br\/><a class=\"read-more\" href=\"https:\/\/www.handball-ulm.de\/?p=20137\"> Mehr lesen...<\/a>        <\/div>    \r\n    <\/div>\r\n<\/article>\r\n<article class=\"post\">\r\n    <div class=\"post-20134 post type-post status-publish format-standard has-post-thumbnail hentry category-allgemein category-aus-dem-sg-leben-25-26 category-maennlich-a category-startseite category-weiblich-b category-weiblich-c category-weiblich-d\"  id=\"post-20134\">\r\n      \r\n    <figure>\r\n        <a href=\"https:\/\/www.handball-ulm.de\/?p=20134\">\r\n            <img loading=\"lazy\" decoding=\"async\" width=\"964\" height=\"428\" src=\"https:\/\/www.handball-ulm.de\/wp-content\/uploads\/2026\/03\/IMG_6688-964x428.jpeg\" class=\"attachment-sporty-blog-image size-sporty-blog-image wp-post-image\" alt=\"Weibliche C-Jugend\" \/>        <\/a>\r\n    <\/figure>\r\n            <div class=\"postbox\">  \r\n            <h3>\r\n                <a href=\"https:\/\/www.handball-ulm.de\/?p=20134\">Spieltag 28.02. &#8211; ein starker Samstag!<\/a>\r\n            <\/h3>\r\n        <div class=\"date-without-thumb\">1. M\u00e4rz 2026<\/div> \r\n        <p>Was f\u00fcr ein Tag! Siege und Niederlagen wechselten sich ab \u2013 hier der \u00dcberblick: Den Anfang machte unsere weibliche C-Jugend mit einem echten Krimi in Herbrechtingen. Lange Zeit war&#8217;s ein Kopf-an-Kopf-Rennen, zur Halbzeit lagen wir noch knapp hinten \u2013 aber am Ende haben wir&#8217;s gedreht und mit 25:23 gewonnen. Klasse Moral, M\u00e4dels! \ud83d\ude4c Direkt im [&hellip;]<\/p>\n<br\/><br\/><a class=\"read-more\" href=\"https:\/\/www.handball-ulm.de\/?p=20134\"> Mehr lesen...<\/a>        <\/div>    \r\n    <\/div>\r\n<\/article>\r\n<article class=\"post\">\r\n    <div class=\"post-19751 post type-post status-publish format-standard has-post-thumbnail hentry category-startseite category-weiblich-c\"  id=\"post-19751\">\r\n      \r\n    <figure>\r\n        <a href=\"https:\/\/www.handball-ulm.de\/?p=19751\">\r\n            <img loading=\"lazy\" decoding=\"async\" width=\"964\" height=\"428\" src=\"https:\/\/www.handball-ulm.de\/wp-content\/uploads\/2025\/11\/1_wC_2025_23_11_Lindau0144-964x428.jpg\" class=\"attachment-sporty-blog-image size-sporty-blog-image wp-post-image\" alt=\"C Jugend Teambild SG Ulm &amp; Wiblingen\" \/>        <\/a>\r\n    <\/figure>\r\n            <div class=\"postbox\">  \r\n            <h3>\r\n                <a href=\"https:\/\/www.handball-ulm.de\/?p=19751\">Last-Minute-Erfolg f\u00fcr die weibliche C-Jugend<\/a>\r\n            <\/h3>\r\n        <div class=\"date-without-thumb\">30. November 2025<\/div> \r\n        <p>Die weibliche C-Jugend der SG Ulm Wiblingen hat sich in der Bezirksliga einen hart erk\u00e4mpften 25:24-Heimsieg gegen den TSV Lindau gesichert. Vor rund 40 Zuschauerinnen und Zuschauern entwickelte sich am 23.11.2025 ein spannendes Match, das erst in der allerletzten Sekunde entschieden wurde. Umk\u00e4mpfter Start \u2013 leichte F\u00fchrung zur Pause Beide Teams fanden schnell ins Spiel [&hellip;]<\/p>\n<br\/><br\/><a class=\"read-more\" href=\"https:\/\/www.handball-ulm.de\/?p=19751\"> Mehr lesen...<\/a>        <\/div>    \r\n    <\/div>\r\n<\/article>\r\n<!-- VIEW ALL BUTTON -->\r\n<div class=\"blogpager\">\r\n    <div class=\"previous\">\r\n        <a href=\"https:\/\/www.handball-ulm.de\/?cat=20\">Alle<\/a>\r\n    <\/div>\r\n<\/div>\r\n<br>\r\n<\/div>\r\n\n\r\n<div>\r\n<br><a href=\"https:\/\/www.handball.net\/mannschaften\/handball4all.baden-wuerttemberg.1359146\/spielplan\">SG Ulm &amp; Wiblingen Oberschwaben-Ostalb &#8211; weibliche C-Jugend Bezirksliga (Hallenrunde 2025\/2026)<\/a><br>\r\n<\/div>\r\n\n\r\n<div>\r\n\n<p>Mittwoch 18:30 \u2013 20:00 Uhr BSH<br>Freitag 18:30 \u2013 20:00 Uhr TPH<\/p>\n<p><a href=\"\/?page_id=127\">Link zu den Hallen<\/a><br>\r\n<\/div>\r\n\n\r\n<div>\r\n<br>2011\/2012<br>\r\n<\/div>\r\n\n\r\n<div>\r\n<br><strong>Name: Peter <\/strong>O\u00dfwald, Reiner Kazmeier und Graziella H\u00e4u\u00dfler<br><strong>E-Mail:<\/strong> <a href=\"mailto:wC@sgulm.de\">wC@sgulm.de<\/a><\/p>\n\r\n<\/div>\r\n\r\n\r\n<\/div><\/div>\r\n<script type=\"text\/javascript\">jQuery(document).ready(function() { \r\n    jQuery(\"#tabs-515215293\").easyResponsiveTabs({ type: \"default\", width: \"auto\", fit: true}); \r\n    \r\n}); <\/script>\r\n\n\n\n\n<p><\/p>\n","protected":false},"excerpt":{"rendered":"<br\/><br\/><a class=\"read-more\" href=\"https:\/\/www.handball-ulm.de\/?p=19751\"> Mehr lesen...<\/a>","protected":false},"author":1,"featured_media":19316,"parent":0,"menu_order":0,"comment_status":"closed","ping_status":"closed","template":"","meta":{"ngg_post_thumbnail":0,"footnotes":""},"_links":{"self":[{"href":"https:\/\/www.handball-ulm.de\/index.php?rest_route=\/wp\/v2\/pages\/646"}],"collection":[{"href":"https:\/\/www.handball-ulm.de\/index.php?rest_route=\/wp\/v2\/pages"}],"about":[{"href":"https:\/\/www.handball-ulm.de\/index.php?rest_route=\/wp\/v2\/types\/page"}],"author":[{"embeddable":true,"href":"https:\/\/www.handball-ulm.de\/index.php?rest_route=\/wp\/v2\/users\/1"}],"replies":[{"embeddable":true,"href":"https:\/\/www.handball-ulm.de\/index.php?rest_route=%2Fwp%2Fv2%2Fcomments&post=646"}],"version-history":[{"count":47,"href":"https:\/\/www.handball-ulm.de\/index.php?rest_route=\/wp\/v2\/pages\/646\/revisions"}],"predecessor-version":[{"id":19587,"href":"https:\/\/www.handball-ulm.de\/index.php?rest_route=\/wp\/v2\/pages\/646\/revisions\/19587"}],"wp:featuredmedia":[{"embeddable":true,"href":"https:\/\/www.handball-ulm.de\/index.php?rest_route=\/wp\/v2\/media\/19316"}],"wp:attachment":[{"href":"https:\/\/www.handball-ulm.de\/index.php?rest_route=%2Fwp%2Fv2%2Fmedia&parent=646"}],"curies":[{"name":"wp","href":"https:\/\/api.w.org\/{rel}","templated":true}]}}

<div id="tabs-515215293">

<ul class="resp-tabs-list">
    <li>Kader</li>


    <li>Aktuelles</li>


    <li>Spielplan/Tabelle</li>


    <li>Trainingszeiten</li>


    <li>Jahrgang</li>


    <li>Trainer</li>
</ul>
<div class="resp-tabs-container">
 
<div>

<p><strong>Hintere Reihe v.l.n.r.:<br></strong>Peter, Alara, Emma, Lara G., Maia, Judith, Ana, Elisabeth, Xenia, Eve, Judith, Graziella<br><strong>Vordere Reihe v.l.n.r.:<br></strong>Inci, Hannah, Anca, Lara M., Augustine, Charlotte, Sarah, Joudy</p>
<p><strong>Es fehlen:<br></strong>Reiner</p>

</div>


<div>
<br><article class="post">
    <div class="post-20184 post type-post status-publish format-standard has-post-thumbnail hentry category-allgemein category-aus-dem-sg-leben category-aus-dem-sg-leben-25-26 category-startseite category-weiblich-c"  id="post-20184">
      
    <figure>
        <a href="https://www.handball-ulm.de/?p=20184">
            <img loading="lazy" decoding="async" width="964" height="428" src="https://www.handball-ulm.de/wp-content/uploads/2026/04/20042026_neuesteam-964x428.jpg" class="attachment-sporty-blog-image size-sporty-blog-image wp-post-image" alt="Weibilche C-Jugend SG Ulm &amp; Wiblingen 2026" />        </a>
    </figure>
            <div class="postbox">  
            <h3>
                <a href="https://www.handball-ulm.de/?p=20184">Erfolgreicher Start in die Qualifikation der weiblichen C-Jugend</a>
            </h3>
        <div class="date-without-thumb">20. April 2026</div> 
        <p>Am 18.04.2026 war es für die weibliche C-Jugend der SG Ulm &amp; Wiblingen endlich soweit: Nach gerade einmal drei gemeinsamen Trainingseinheiten stand in Langenau bereits die erste Qualifikationsrunde für das neu formierte Team an. Gleich im ersten Spiel traf die Mannschaft auf den wohl stärksten Gegner des Tages, die TSG Schnaitheim. In einer torreichen Partie [&hellip;]</p>
<br/><br/><a class="read-more" href="https://www.handball-ulm.de/?p=20184"> Mehr lesen...</a>        </div>    
    </div>
</article>
<article class="post">
    <div class="post-20178 post type-post status-publish format-standard has-post-thumbnail hentry category-aktive category-aktuelles-foerderverein category-allgemein category-aus-dem-sg-leben category-aus-dem-sg-leben-25-26 category-events category-frauen-1 category-frauen-2 category-gaenswiescup-2025 category-gaenswiescup-2026 category-gaenswiesturnier category-gemischt-d1 category-gemischt-d2 category-gemischt-d3 category-gemischt-e-ulm category-gemischt-e-wiblingen category-gemischt-f-ulm category-gemischt-f-wiblingen category-jugend category-maenner-1 category-maenner-2 category-maenner-3 category-maennlich-a category-maennlich-b1 category-maennlich-c category-maennlich-c2 category-miniminis-oststadt category-miniminis-weststadt category-miniminis-wiblingen category-minis-goegglingen category-minis-oststadt category-minis-weststadt-1 category-minis-weststadt-2 category-minis-wiblingen category-spielgemeinschaft category-startseite category-weiblich-a category-weiblich-b category-weiblich-b2 category-weiblich-c category-weiblich-c2 category-weiblich-d category-weiblich-e"  id="post-20178">
      
    <figure>
        <a href="https://www.handball-ulm.de/?p=20178">
            <img loading="lazy" decoding="async" width="964" height="428" src="https://www.handball-ulm.de/wp-content/uploads/2026/04/torwart-Website.jpg" class="attachment-sporty-blog-image size-sporty-blog-image wp-post-image" alt="Torwart gesucht" srcset="https://www.handball-ulm.de/wp-content/uploads/2026/04/torwart-Website.jpg 964w, https://www.handball-ulm.de/wp-content/uploads/2026/04/torwart-Website-300x133.jpg 300w, https://www.handball-ulm.de/wp-content/uploads/2026/04/torwart-Website-768x341.jpg 768w" sizes="(max-width: 964px) 100vw, 964px" />        </a>
    </figure>
            <div class="postbox">  
            <h3>
                <a href="https://www.handball-ulm.de/?p=20178">Aufruf: Wer kennt einen Torhüter?!</a>
            </h3>
        <div class="date-without-thumb">15. April 2026</div> 
        <p>Liebe Vereinsfamilie, unsere Herren 1 steht vor einer wichtigen Frage: Wer hütet nächste Saison unser Tor? Trainer Ralf und die Mannschaft suchen dringend einen Torhüter – ab sofort, aber ganz besonders für die kommende Saison. Und jetzt kommt ihr ins Spiel! 👉 Fragt in eurem Freundeskreis, in der Familie, bei Arbeitskollegen, beim Stammtisch – einfach [&hellip;]</p>
<br/><br/><a class="read-more" href="https://www.handball-ulm.de/?p=20178"> Mehr lesen...</a>        </div>    
    </div>
</article>
<article class="post">
    <div class="post-20137 post type-post status-publish format-standard has-post-thumbnail hentry category-aus-dem-sg-leben-25-26 category-startseite category-weiblich-c"  id="post-20137">
      
    <figure>
        <a href="https://www.handball-ulm.de/?p=20137">
            <img loading="lazy" decoding="async" width="964" height="428" src="https://www.handball-ulm.de/wp-content/uploads/2026/03/wC_Extratraining_0000-964x428.jpg" class="attachment-sporty-blog-image size-sporty-blog-image wp-post-image" alt="wC Extratraining" />        </a>
    </figure>
            <div class="postbox">  
            <h3>
                <a href="https://www.handball-ulm.de/?p=20137">Auch in den Ferien nicht stillgestanden &#8211; die wC macht sich bereit!</a>
            </h3>
        <div class="date-without-thumb">1. März 2026</div> 
        <p>Auch in der spielfreien Zeit standen unsere weiblichen C-Jugend-Mädels nicht still! Statt die Faschingsferien zum Entspannen zu nutzen, wurde fleißig an Kraft und Athletik gearbeitet – die Vorbereitung auf die letzten, schweren Spiele der Saison hat höchste Priorität. 💪 Und es gibt noch einen besonderen Grund, hart zu trainieren: Zu Ostern steht für die Mädels [&hellip;]</p>
<br/><br/><a class="read-more" href="https://www.handball-ulm.de/?p=20137"> Mehr lesen...</a>        </div>    
    </div>
</article>
<article class="post">
    <div class="post-20134 post type-post status-publish format-standard has-post-thumbnail hentry category-allgemein category-aus-dem-sg-leben-25-26 category-maennlich-a category-startseite category-weiblich-b category-weiblich-c category-weiblich-d"  id="post-20134">
      
    <figure>
        <a href="https://www.handball-ulm.de/?p=20134">
            <img loading="lazy" decoding="async" width="964" height="428" src="https://www.handball-ulm.de/wp-content/uploads/2026/03/IMG_6688-964x428.jpeg" class="attachment-sporty-blog-image size-sporty-blog-image wp-post-image" alt="Weibliche C-Jugend" />        </a>
    </figure>
            <div class="postbox">  
            <h3>
                <a href="https://www.handball-ulm.de/?p=20134">Spieltag 28.02. &#8211; ein starker Samstag!</a>
            </h3>
        <div class="date-without-thumb">1. März 2026</div> 
        <p>Was für ein Tag! Siege und Niederlagen wechselten sich ab – hier der Überblick: Den Anfang machte unsere weibliche C-Jugend mit einem echten Krimi in Herbrechtingen. Lange Zeit war&#8217;s ein Kopf-an-Kopf-Rennen, zur Halbzeit lagen wir noch knapp hinten – aber am Ende haben wir&#8217;s gedreht und mit 25:23 gewonnen. Klasse Moral, Mädels! 🙌 Direkt im [&hellip;]</p>
<br/><br/><a class="read-more" href="https://www.handball-ulm.de/?p=20134"> Mehr lesen...</a>        </div>    
    </div>
</article>
<article class="post">
    <div class="post-19751 post type-post status-publish format-standard has-post-thumbnail hentry category-startseite category-weiblich-c"  id="post-19751">
      
    <figure>
        <a href="https://www.handball-ulm.de/?p=19751">
            <img loading="lazy" decoding="async" width="964" height="428" src="https://www.handball-ulm.de/wp-content/uploads/2025/11/1_wC_2025_23_11_Lindau0144-964x428.jpg" class="attachment-sporty-blog-image size-sporty-blog-image wp-post-image" alt="C Jugend Teambild SG Ulm &amp; Wiblingen" />        </a>
    </figure>
            <div class="postbox">  
            <h3>
                <a href="https://www.handball-ulm.de/?p=19751">Last-Minute-Erfolg für die weibliche C-Jugend</a>
            </h3>
        <div class="date-without-thumb">30. November 2025</div> 
        <p>Die weibliche C-Jugend der SG Ulm Wiblingen hat sich in der Bezirksliga einen hart erkämpften 25:24-Heimsieg gegen den TSV Lindau gesichert. Vor rund 40 Zuschauerinnen und Zuschauern entwickelte sich am 23.11.2025 ein spannendes Match, das erst in der allerletzten Sekunde entschieden wurde. Umkämpfter Start – leichte Führung zur Pause Beide Teams fanden schnell ins Spiel [&hellip;]</p>
<br/><br/><a class="read-more" href="https://www.handball-ulm.de/?p=19751"> Mehr lesen...</a>        </div>    
    </div>
</article>
<!-- VIEW ALL BUTTON -->
<div class="blogpager">
    <div class="previous">
        <a href="https://www.handball-ulm.de/?cat=20">Alle</a>
    </div>
</div>
<br>
</div>


<div>
<br><a href="https://www.handball.net/mannschaften/handball4all.baden-wuerttemberg.1359146/spielplan">SG Ulm &amp; Wiblingen Oberschwaben-Ostalb &#8211; weibliche C-Jugend Bezirksliga (Hallenrunde 2025/2026)</a><br>
</div>


<div>

<p>Mittwoch 18:30 – 20:00 Uhr BSH<br>Freitag 18:30 – 20:00 Uhr TPH</p>
<p><a href="/?page_id=127">Link zu den Hallen</a><br>
</div>


<div>
<br>2011/2012<br>
</div>


<div>
<br><strong>Name: Peter </strong>Oßwald, Reiner Kazmeier und Graziella Häußler<br><strong>E-Mail:</strong> <a href="mailto:wC@sgulm.de">wC@sgulm.de</a></p>

</div>


</div></div>
<script type="text/javascript">jQuery(document).ready(function() { 
    jQuery("#tabs-515215293").easyResponsiveTabs({ type: "default", width: "auto", fit: true}); 
    
}); </script>




<p></p>
