{"id":640,"date":"2019-02-04T22:50:01","date_gmt":"2019-02-04T21:50:01","guid":{"rendered":"https:\/\/sgulm.tcremer.de\/?page_id=640"},"modified":"2025-11-16T16:12:16","modified_gmt":"2025-11-16T15:12:16","slug":"weiblich-d","status":"publish","type":"page","link":"https:\/\/www.handball-ulm.de\/?page_id=640","title":{"rendered":"Weiblich D"},"content":{"rendered":"\n\r\n\r\n<div id=\"tabs-1818328729\">\n\r\n<ul class=\"resp-tabs-list\">\r\n    <li>Kader<\/li>\r\n\n\r\n    <li>Aktuelles<\/li>\r\n\n\r\n    <li>Tabelle<\/li>\r\n\n\r\n    <li>Spielplan<\/li>\r\n\n\r\n    <li>Trainingszeiten<\/li>\r\n\n\r\n    <li>Jahrgang<\/li>\r\n\n\r\n    <li>Trainer<\/li>\r\n<\/ul>\r\n<div class=\"resp-tabs-container\">\n \r\n<div>\r\n\n<strong>Hintere Reihe v.l.n.r.:<\/strong><br \/>\nLuisa, Julia, Corinna, Lara, Maia, Ana, Xenja, Melina, Judith, Penni<br \/>\n<strong>Vordere Reihe v.l.n.r.:<br \/>\n<\/strong>Luna, Leni, Sarah, Augu, Lara, Eve<\/p>\n<p><strong>Es fehlen:<\/strong><br \/>\nJojo<br \/>\n\r\n<\/div>\r\n\n\r\n<div>\r\n\n<article class=\"post\">\r\n    <div class=\"post-20178 post type-post status-publish format-standard has-post-thumbnail hentry category-aktive category-aktuelles-foerderverein category-allgemein category-aus-dem-sg-leben category-aus-dem-sg-leben-25-26 category-events category-frauen-1 category-frauen-2 category-gaenswiescup-2025 category-gaenswiescup-2026 category-gaenswiesturnier category-gemischt-d1 category-gemischt-d2 category-gemischt-d3 category-gemischt-e-ulm category-gemischt-e-wiblingen category-gemischt-f-ulm category-gemischt-f-wiblingen category-jugend category-maenner-1 category-maenner-2 category-maenner-3 category-maennlich-a category-maennlich-b1 category-maennlich-c category-maennlich-c2 category-miniminis-oststadt category-miniminis-weststadt category-miniminis-wiblingen category-minis-goegglingen category-minis-oststadt category-minis-weststadt-1 category-minis-weststadt-2 category-minis-wiblingen category-spielgemeinschaft category-startseite category-weiblich-a category-weiblich-b category-weiblich-b2 category-weiblich-c category-weiblich-c2 category-weiblich-d category-weiblich-e\"  id=\"post-20178\">\r\n      \r\n    <figure>\r\n        <a href=\"https:\/\/www.handball-ulm.de\/?p=20178\">\r\n            <img loading=\"lazy\" decoding=\"async\" width=\"964\" height=\"428\" src=\"https:\/\/www.handball-ulm.de\/wp-content\/uploads\/2026\/04\/torwart-Website.jpg\" class=\"attachment-sporty-blog-image size-sporty-blog-image wp-post-image\" alt=\"Torwart gesucht\" srcset=\"https:\/\/www.handball-ulm.de\/wp-content\/uploads\/2026\/04\/torwart-Website.jpg 964w, https:\/\/www.handball-ulm.de\/wp-content\/uploads\/2026\/04\/torwart-Website-300x133.jpg 300w, https:\/\/www.handball-ulm.de\/wp-content\/uploads\/2026\/04\/torwart-Website-768x341.jpg 768w\" sizes=\"(max-width: 964px) 100vw, 964px\" \/>        <\/a>\r\n    <\/figure>\r\n            <div class=\"postbox\">  \r\n            <h3>\r\n                <a href=\"https:\/\/www.handball-ulm.de\/?p=20178\">Aufruf: Wer kennt einen Torh\u00fcter?!<\/a>\r\n            <\/h3>\r\n        <div class=\"date-without-thumb\">15. April 2026<\/div> \r\n        <p>Liebe Vereinsfamilie, unsere Herren 1 steht vor einer wichtigen Frage: Wer h\u00fctet n\u00e4chste Saison unser Tor? Trainer Ralf und die Mannschaft suchen dringend einen Torh\u00fcter \u2013 ab sofort, aber ganz besonders f\u00fcr die kommende Saison. Und jetzt kommt ihr ins Spiel! \ud83d\udc49 Fragt in eurem Freundeskreis, in der Familie, bei Arbeitskollegen, beim Stammtisch \u2013 einfach [&hellip;]<\/p>\n<br\/><br\/><a class=\"read-more\" href=\"https:\/\/www.handball-ulm.de\/?p=20178\"> Mehr lesen...<\/a>        <\/div>    \r\n    <\/div>\r\n<\/article>\r\n<article class=\"post\">\r\n    <div class=\"post-20134 post type-post status-publish format-standard has-post-thumbnail hentry category-allgemein category-aus-dem-sg-leben-25-26 category-maennlich-a category-startseite category-weiblich-b category-weiblich-c category-weiblich-d\"  id=\"post-20134\">\r\n      \r\n    <figure>\r\n        <a href=\"https:\/\/www.handball-ulm.de\/?p=20134\">\r\n            <img loading=\"lazy\" decoding=\"async\" width=\"964\" height=\"428\" src=\"https:\/\/www.handball-ulm.de\/wp-content\/uploads\/2026\/03\/IMG_6688-964x428.jpeg\" class=\"attachment-sporty-blog-image size-sporty-blog-image wp-post-image\" alt=\"Weibliche C-Jugend\" \/>        <\/a>\r\n    <\/figure>\r\n            <div class=\"postbox\">  \r\n            <h3>\r\n                <a href=\"https:\/\/www.handball-ulm.de\/?p=20134\">Spieltag 28.02. &#8211; ein starker Samstag!<\/a>\r\n            <\/h3>\r\n        <div class=\"date-without-thumb\">1. M\u00e4rz 2026<\/div> \r\n        <p>Was f\u00fcr ein Tag! Siege und Niederlagen wechselten sich ab \u2013 hier der \u00dcberblick: Den Anfang machte unsere weibliche C-Jugend mit einem echten Krimi in Herbrechtingen. Lange Zeit war&#8217;s ein Kopf-an-Kopf-Rennen, zur Halbzeit lagen wir noch knapp hinten \u2013 aber am Ende haben wir&#8217;s gedreht und mit 25:23 gewonnen. Klasse Moral, M\u00e4dels! \ud83d\ude4c Direkt im [&hellip;]<\/p>\n<br\/><br\/><a class=\"read-more\" href=\"https:\/\/www.handball-ulm.de\/?p=20134\"> Mehr lesen...<\/a>        <\/div>    \r\n    <\/div>\r\n<\/article>\r\n<article class=\"post\">\r\n    <div class=\"post-17392 post type-post status-publish format-standard has-post-thumbnail hentry category-aus-dem-sg-leben-24-25 category-startseite category-weiblich-d\"  id=\"post-17392\">\r\n      \r\n    <figure>\r\n        <a href=\"https:\/\/www.handball-ulm.de\/?p=17392\">\r\n            <img loading=\"lazy\" decoding=\"async\" width=\"964\" height=\"428\" src=\"https:\/\/www.handball-ulm.de\/wp-content\/uploads\/2024\/10\/P6230346-964x428.jpg\" class=\"attachment-sporty-blog-image size-sporty-blog-image wp-post-image\" alt=\"\" \/>        <\/a>\r\n    <\/figure>\r\n            <div class=\"postbox\">  \r\n            <h3>\r\n                <a href=\"https:\/\/www.handball-ulm.de\/?p=17392\">Weibliche D-Jugend &#8211; Rams<\/a>\r\n            <\/h3>\r\n        <div class=\"date-without-thumb\">20. Oktober 2024<\/div> \r\n        <p>Tor um Tor<\/p>\n<br\/><br\/><a class=\"read-more\" href=\"https:\/\/www.handball-ulm.de\/?p=17392\"> Mehr lesen...<\/a>        <\/div>    \r\n    <\/div>\r\n<\/article>\r\n<article class=\"post\">\r\n    <div class=\"post-16108 post type-post status-publish format-standard hentry category-aus-dem-sg-leben-23-24 category-startseite category-weiblich-d\"  id=\"post-16108\">\r\n            <div class=\"postbox\">  \r\n            <h3>\r\n                <a href=\"https:\/\/www.handball-ulm.de\/?p=16108\">L\u00e4ngste Anfahrt der Saison<\/a>\r\n            <\/h3>\r\n        <div class=\"date-without-thumb\">28. Januar 2024<\/div> \r\n        <p>Spielbericht weibliche D-Jugend: HC Hohenems &#8211; SG Ulm &#038; Wiblingen<\/p>\n<br\/><br\/><a class=\"read-more\" href=\"https:\/\/www.handball-ulm.de\/?p=16108\"> Mehr lesen...<\/a>        <\/div>    \r\n    <\/div>\r\n<\/article>\r\n<article class=\"post\">\r\n    <div class=\"post-16073 post type-post status-publish format-standard has-post-thumbnail hentry category-aus-dem-sg-leben-23-24 category-startseite category-weiblich-d\"  id=\"post-16073\">\r\n      \r\n    <figure>\r\n        <a href=\"https:\/\/www.handball-ulm.de\/?p=16073\">\r\n            <img loading=\"lazy\" decoding=\"async\" width=\"964\" height=\"428\" src=\"https:\/\/www.handball-ulm.de\/wp-content\/uploads\/2024\/01\/PHOTO-2024-01-21-10-56-59-964x428.jpg\" class=\"attachment-sporty-blog-image size-sporty-blog-image wp-post-image\" alt=\"\" \/>        <\/a>\r\n    <\/figure>\r\n            <div class=\"postbox\">  \r\n            <h3>\r\n                <a href=\"https:\/\/www.handball-ulm.de\/?p=16073\">Weibliche D-Jugend &#8211; R\u00fcckrundenstart erfolgreich<\/a>\r\n            <\/h3>\r\n        <div class=\"date-without-thumb\">20. Januar 2024<\/div> \r\n        <p>Es gibt noch Br\u00f6tchen<\/p>\n<br\/><br\/><a class=\"read-more\" href=\"https:\/\/www.handball-ulm.de\/?p=16073\"> Mehr lesen...<\/a>        <\/div>    \r\n    <\/div>\r\n<\/article>\r\n<!-- VIEW ALL BUTTON -->\r\n<div class=\"blogpager\">\r\n    <div class=\"previous\">\r\n        <a href=\"https:\/\/www.handball-ulm.de\/?cat=21\">Alle<\/a>\r\n    <\/div>\r\n<\/div>\r\n\n\r\n<\/div>\r\n\n\r\n<div>\r\n\n\n\r\n<div class=\"clearfix\">\r\n    <div id=\"subtabs-1344386874\">\n\r\n      <ul class=\"resp-tabs-list\">\r\n    <li>2023\/2024<\/li>\r\n\n\r\n    <li>2022\/2023<\/li>\r\n\n\r\n    <li>2021\/2022<\/li>\r\n\n\r\n    <li>2020\/2021<\/li>\r\n\n\r\n    <li>2019\/2020<\/li>\r\n\n\r\n    <li>2018\/2019<\/li>\r\n<\/ul>\r\n      <div class=\"resp-tabs-container\">\n \r\n<div>\r\n\n<strong>Bezirksklasse Staffel 1<\/strong><br \/>\n<br \/>\n\r\n<\/div>\r\n\n\r\n<div>\r\n\n<strong>Bezirksklasse Staffel 1<\/strong><br \/>\n<br \/>\n\r\n<\/div>\r\n\n\r\n<div>\r\n\n<strong>Kreisliga Staffel 1<\/strong><br \/>\n<br \/>\n\r\n<\/div>\r\n\n\r\n<div>\r\n\nDie Saison 2020\/2021 wurde corona-bedingt abgesagt!<br \/>\n\r\n<\/div>\r\n\n\r\n<div>\r\n\n<strong>Bezirksliga<br \/>\n<\/strong><\/p>\n<p><strong>Bezirksklasse<br \/>\n<\/strong><br \/>\n\r\n<\/div>\r\n\n\r\n<div>\r\n\n<strong>Bezirksklasse Donau<\/strong><br \/>\n<br \/>\n\r\n<\/div>\r\n<\/div>\r\n    <\/div>\r\n<\/div>\r\n\n\n\r\n<\/div>\r\n\n\r\n<div>\r\n\n\n\r\n<div class=\"clearfix\">\r\n    <div id=\"subtabs-1048948407\">\n\r\n      <ul class=\"resp-tabs-list\">\r\n    <li>2023\/2024<\/li>\r\n\n\r\n    <li>2022\/2023<\/li>\r\n\n\r\n    <li>2021\/2022<\/li>\r\n\n\r\n    <li>2020\/2021<\/li>\r\n\n\r\n    <li>2019\/2020<\/li>\r\n\n\r\n    <li>2018\/2019<\/li>\r\n<\/ul>\r\n      <div class=\"resp-tabs-container\">\n \r\n<div>\r\n\n<strong>Bezirksklasse Staffel 1<\/strong><br \/>\n<br \/>\n\r\n<\/div>\r\n\n\r\n<div>\r\n\n<strong>Bezirksklasse Staffel 1<\/strong><br \/>\n<br \/>\n\r\n<\/div>\r\n\n\r\n<div>\r\n\n<strong>Kreisliga Staffel 1<\/strong><br \/>\n<br \/>\n\r\n<\/div>\r\n\n\r\n<div>\r\n\nDie Saison 2020\/2021 wurde corona-bedingt abgesagt!<br \/>\n\r\n<\/div>\r\n\n\r\n<div>\r\n\n<strong>Bezirksliga<br \/>\n<\/strong><\/p>\n<p><strong>Bezirksklasse<\/strong><br \/>\n<br \/>\n\r\n<\/div>\r\n\n\r\n<div>\r\n\n<strong>Bezirksklasse DonauChristian Schwell<\/strong><br \/>\n<br \/>\n\r\n<\/div>\r\n<\/div>\r\n    <\/div>\r\n<\/div>\r\n\n\n\r\n<\/div>\r\n\n\r\n<div>\r\n\nMontag 17:30 \u2013 19:00 Uhr BSH<br \/>\nFreitag 17:00 \u2013 18:30 Uhr TPH<\/p>\n<p><a href=\"\/?page_id=127\">Link zu den Hallen<\/a><br \/>\n\r\n<\/div>\r\n\n\r\n<div>\r\n\n2013\/2014<br \/>\n\r\n<\/div>\r\n\n\r\n<div>\r\n\n<strong>Name:<\/strong> Patrick Hecht, Hannes K\u00fchner und Nils Rexin<br \/>\n<strong>E-Mail:<\/strong> <a href=\"mailto:wD@sgulm.de\">wD@sgulm.de<\/a><br \/>\n\r\n<\/div>\r\n\r\n\r\n<\/div><\/div>\r\n<script type=\"text\/javascript\">jQuery(document).ready(function() { \r\n    jQuery(\"#tabs-1818328729\").easyResponsiveTabs({ type: \"default\", width: \"auto\", fit: true}); \r\njQuery(\"#subtabs-1344386874\").easyResponsiveTabs({ type: \"default\", width: \"auto\", fit: true});\njQuery(\"#subtabs-1048948407\").easyResponsiveTabs({ type: \"default\", width: \"auto\", fit: true});\n    \r\n}); <\/script>\r\n\n\n","protected":false},"excerpt":{"rendered":"<br\/><br\/><a class=\"read-more\" href=\"https:\/\/www.handball-ulm.de\/?p=16073\"> Mehr lesen...<\/a>","protected":false},"author":1,"featured_media":14227,"parent":0,"menu_order":0,"comment_status":"closed","ping_status":"closed","template":"","meta":{"ngg_post_thumbnail":0,"footnotes":""},"_links":{"self":[{"href":"https:\/\/www.handball-ulm.de\/index.php?rest_route=\/wp\/v2\/pages\/640"}],"collection":[{"href":"https:\/\/www.handball-ulm.de\/index.php?rest_route=\/wp\/v2\/pages"}],"about":[{"href":"https:\/\/www.handball-ulm.de\/index.php?rest_route=\/wp\/v2\/types\/page"}],"author":[{"embeddable":true,"href":"https:\/\/www.handball-ulm.de\/index.php?rest_route=\/wp\/v2\/users\/1"}],"replies":[{"embeddable":true,"href":"https:\/\/www.handball-ulm.de\/index.php?rest_route=%2Fwp%2Fv2%2Fcomments&post=640"}],"version-history":[{"count":33,"href":"https:\/\/www.handball-ulm.de\/index.php?rest_route=\/wp\/v2\/pages\/640\/revisions"}],"predecessor-version":[{"id":19588,"href":"https:\/\/www.handball-ulm.de\/index.php?rest_route=\/wp\/v2\/pages\/640\/revisions\/19588"}],"wp:featuredmedia":[{"embeddable":true,"href":"https:\/\/www.handball-ulm.de\/index.php?rest_route=\/wp\/v2\/media\/14227"}],"wp:attachment":[{"href":"https:\/\/www.handball-ulm.de\/index.php?rest_route=%2Fwp%2Fv2%2Fmedia&parent=640"}],"curies":[{"name":"wp","href":"https:\/\/api.w.org\/{rel}","templated":true}]}}

<div id="tabs-1818328729">

<ul class="resp-tabs-list">
    <li>Kader</li>


    <li>Aktuelles</li>


    <li>Tabelle</li>


    <li>Spielplan</li>


    <li>Trainingszeiten</li>


    <li>Jahrgang</li>


    <li>Trainer</li>
</ul>
<div class="resp-tabs-container">
 
<div>

<strong>Hintere Reihe v.l.n.r.:</strong><br />
Luisa, Julia, Corinna, Lara, Maia, Ana, Xenja, Melina, Judith, Penni<br />
<strong>Vordere Reihe v.l.n.r.:<br />
</strong>Luna, Leni, Sarah, Augu, Lara, Eve</p>
<p><strong>Es fehlen:</strong><br />
Jojo<br />

</div>


<div>

<article class="post">
    <div class="post-20178 post type-post status-publish format-standard has-post-thumbnail hentry category-aktive category-aktuelles-foerderverein category-allgemein category-aus-dem-sg-leben category-aus-dem-sg-leben-25-26 category-events category-frauen-1 category-frauen-2 category-gaenswiescup-2025 category-gaenswiescup-2026 category-gaenswiesturnier category-gemischt-d1 category-gemischt-d2 category-gemischt-d3 category-gemischt-e-ulm category-gemischt-e-wiblingen category-gemischt-f-ulm category-gemischt-f-wiblingen category-jugend category-maenner-1 category-maenner-2 category-maenner-3 category-maennlich-a category-maennlich-b1 category-maennlich-c category-maennlich-c2 category-miniminis-oststadt category-miniminis-weststadt category-miniminis-wiblingen category-minis-goegglingen category-minis-oststadt category-minis-weststadt-1 category-minis-weststadt-2 category-minis-wiblingen category-spielgemeinschaft category-startseite category-weiblich-a category-weiblich-b category-weiblich-b2 category-weiblich-c category-weiblich-c2 category-weiblich-d category-weiblich-e"  id="post-20178">
      
    <figure>
        <a href="https://www.handball-ulm.de/?p=20178">
            <img loading="lazy" decoding="async" width="964" height="428" src="https://www.handball-ulm.de/wp-content/uploads/2026/04/torwart-Website.jpg" class="attachment-sporty-blog-image size-sporty-blog-image wp-post-image" alt="Torwart gesucht" srcset="https://www.handball-ulm.de/wp-content/uploads/2026/04/torwart-Website.jpg 964w, https://www.handball-ulm.de/wp-content/uploads/2026/04/torwart-Website-300x133.jpg 300w, https://www.handball-ulm.de/wp-content/uploads/2026/04/torwart-Website-768x341.jpg 768w" sizes="(max-width: 964px) 100vw, 964px" />        </a>
    </figure>
            <div class="postbox">  
            <h3>
                <a href="https://www.handball-ulm.de/?p=20178">Aufruf: Wer kennt einen Torhüter?!</a>
            </h3>
        <div class="date-without-thumb">15. April 2026</div> 
        <p>Liebe Vereinsfamilie, unsere Herren 1 steht vor einer wichtigen Frage: Wer hütet nächste Saison unser Tor? Trainer Ralf und die Mannschaft suchen dringend einen Torhüter – ab sofort, aber ganz besonders für die kommende Saison. Und jetzt kommt ihr ins Spiel! 👉 Fragt in eurem Freundeskreis, in der Familie, bei Arbeitskollegen, beim Stammtisch – einfach [&hellip;]</p>
<br/><br/><a class="read-more" href="https://www.handball-ulm.de/?p=20178"> Mehr lesen...</a>        </div>    
    </div>
</article>
<article class="post">
    <div class="post-20134 post type-post status-publish format-standard has-post-thumbnail hentry category-allgemein category-aus-dem-sg-leben-25-26 category-maennlich-a category-startseite category-weiblich-b category-weiblich-c category-weiblich-d"  id="post-20134">
      
    <figure>
        <a href="https://www.handball-ulm.de/?p=20134">
            <img loading="lazy" decoding="async" width="964" height="428" src="https://www.handball-ulm.de/wp-content/uploads/2026/03/IMG_6688-964x428.jpeg" class="attachment-sporty-blog-image size-sporty-blog-image wp-post-image" alt="Weibliche C-Jugend" />        </a>
    </figure>
            <div class="postbox">  
            <h3>
                <a href="https://www.handball-ulm.de/?p=20134">Spieltag 28.02. &#8211; ein starker Samstag!</a>
            </h3>
        <div class="date-without-thumb">1. März 2026</div> 
        <p>Was für ein Tag! Siege und Niederlagen wechselten sich ab – hier der Überblick: Den Anfang machte unsere weibliche C-Jugend mit einem echten Krimi in Herbrechtingen. Lange Zeit war&#8217;s ein Kopf-an-Kopf-Rennen, zur Halbzeit lagen wir noch knapp hinten – aber am Ende haben wir&#8217;s gedreht und mit 25:23 gewonnen. Klasse Moral, Mädels! 🙌 Direkt im [&hellip;]</p>
<br/><br/><a class="read-more" href="https://www.handball-ulm.de/?p=20134"> Mehr lesen...</a>        </div>    
    </div>
</article>
<article class="post">
    <div class="post-17392 post type-post status-publish format-standard has-post-thumbnail hentry category-aus-dem-sg-leben-24-25 category-startseite category-weiblich-d"  id="post-17392">
      
    <figure>
        <a href="https://www.handball-ulm.de/?p=17392">
            <img loading="lazy" decoding="async" width="964" height="428" src="https://www.handball-ulm.de/wp-content/uploads/2024/10/P6230346-964x428.jpg" class="attachment-sporty-blog-image size-sporty-blog-image wp-post-image" alt="" />        </a>
    </figure>
            <div class="postbox">  
            <h3>
                <a href="https://www.handball-ulm.de/?p=17392">Weibliche D-Jugend &#8211; Rams</a>
            </h3>
        <div class="date-without-thumb">20. Oktober 2024</div> 
        <p>Tor um Tor</p>
<br/><br/><a class="read-more" href="https://www.handball-ulm.de/?p=17392"> Mehr lesen...</a>        </div>    
    </div>
</article>
<article class="post">
    <div class="post-16108 post type-post status-publish format-standard hentry category-aus-dem-sg-leben-23-24 category-startseite category-weiblich-d"  id="post-16108">
            <div class="postbox">  
            <h3>
                <a href="https://www.handball-ulm.de/?p=16108">Längste Anfahrt der Saison</a>
            </h3>
        <div class="date-without-thumb">28. Januar 2024</div> 
        <p>Spielbericht weibliche D-Jugend: HC Hohenems &#8211; SG Ulm &#038; Wiblingen</p>
<br/><br/><a class="read-more" href="https://www.handball-ulm.de/?p=16108"> Mehr lesen...</a>        </div>    
    </div>
</article>
<article class="post">
    <div class="post-16073 post type-post status-publish format-standard has-post-thumbnail hentry category-aus-dem-sg-leben-23-24 category-startseite category-weiblich-d"  id="post-16073">
      
    <figure>
        <a href="https://www.handball-ulm.de/?p=16073">
            <img loading="lazy" decoding="async" width="964" height="428" src="https://www.handball-ulm.de/wp-content/uploads/2024/01/PHOTO-2024-01-21-10-56-59-964x428.jpg" class="attachment-sporty-blog-image size-sporty-blog-image wp-post-image" alt="" />        </a>
    </figure>
            <div class="postbox">  
            <h3>
                <a href="https://www.handball-ulm.de/?p=16073">Weibliche D-Jugend &#8211; Rückrundenstart erfolgreich</a>
            </h3>
        <div class="date-without-thumb">20. Januar 2024</div> 
        <p>Es gibt noch Brötchen</p>
<br/><br/><a class="read-more" href="https://www.handball-ulm.de/?p=16073"> Mehr lesen...</a>        </div>    
    </div>
</article>
<!-- VIEW ALL BUTTON -->
<div class="blogpager">
    <div class="previous">
        <a href="https://www.handball-ulm.de/?cat=21">Alle</a>
    </div>
</div>


</div>


<div>



<div class="clearfix">
    <div id="subtabs-1344386874">

      <ul class="resp-tabs-list">
    <li>2023/2024</li>


    <li>2022/2023</li>


    <li>2021/2022</li>


    <li>2020/2021</li>


    <li>2019/2020</li>


    <li>2018/2019</li>
</ul>
      <div class="resp-tabs-container">
 
<div>

<strong>Bezirksklasse Staffel 1</strong><br />
<br />

</div>


<div>

<strong>Bezirksklasse Staffel 1</strong><br />
<br />

</div>


<div>

<strong>Kreisliga Staffel 1</strong><br />
<br />

</div>


<div>

Die Saison 2020/2021 wurde corona-bedingt abgesagt!<br />

</div>


<div>

<strong>Bezirksliga<br />
</strong></p>
<p><strong>Bezirksklasse<br />
</strong><br />

</div>


<div>

<strong>Bezirksklasse Donau</strong><br />
<br />

</div>
</div>
    </div>
</div>



</div>


<div>



<div class="clearfix">
    <div id="subtabs-1048948407">

      <ul class="resp-tabs-list">
    <li>2023/2024</li>


    <li>2022/2023</li>


    <li>2021/2022</li>


    <li>2020/2021</li>


    <li>2019/2020</li>


    <li>2018/2019</li>
</ul>
      <div class="resp-tabs-container">
 
<div>

<strong>Bezirksklasse Staffel 1</strong><br />
<br />

</div>


<div>

<strong>Bezirksklasse Staffel 1</strong><br />
<br />

</div>


<div>

<strong>Kreisliga Staffel 1</strong><br />
<br />

</div>


<div>

Die Saison 2020/2021 wurde corona-bedingt abgesagt!<br />

</div>


<div>

<strong>Bezirksliga<br />
</strong></p>
<p><strong>Bezirksklasse</strong><br />
<br />

</div>


<div>

<strong>Bezirksklasse DonauChristian Schwell</strong><br />
<br />

</div>
</div>
    </div>
</div>



</div>


<div>

Montag 17:30 – 19:00 Uhr BSH<br />
Freitag 17:00 – 18:30 Uhr TPH</p>
<p><a href="/?page_id=127">Link zu den Hallen</a><br />

</div>


<div>

2013/2014<br />

</div>


<div>

<strong>Name:</strong> Patrick Hecht, Hannes Kühner und Nils Rexin<br />
<strong>E-Mail:</strong> <a href="mailto:wD@sgulm.de">wD@sgulm.de</a><br />

</div>


</div></div>
<script type="text/javascript">jQuery(document).ready(function() { 
    jQuery("#tabs-1818328729").easyResponsiveTabs({ type: "default", width: "auto", fit: true}); 
jQuery("#subtabs-1344386874").easyResponsiveTabs({ type: "default", width: "auto", fit: true});
jQuery("#subtabs-1048948407").easyResponsiveTabs({ type: "default", width: "auto", fit: true});
    
}); </script>
