{"id":613,"date":"2019-02-04T22:21:33","date_gmt":"2019-02-04T21:21:33","guid":{"rendered":"https:\/\/sgulm.tcremer.de\/?page_id=613"},"modified":"2025-11-16T15:53:25","modified_gmt":"2025-11-16T14:53:25","slug":"minis-wiblingen-2","status":"publish","type":"page","link":"https:\/\/www.handball-ulm.de\/?page_id=613","title":{"rendered":"Minis Wiblingen"},"content":{"rendered":"\n\r\n\r\n<div id=\"tabs-862793217\">\n\r\n<ul class=\"resp-tabs-list\">\r\n    <li>Kader<\/li>\r\n\n\r\n    <li>Aktuelles<\/li>\r\n\n\r\n    <li>Spielplan<\/li>\r\n\n\r\n    <li>Trainingszeiten<\/li>\r\n\n\r\n    <li>Jahrgang<\/li>\r\n\n\r\n    <li>Trainer<\/li>\r\n<\/ul>\r\n<div class=\"resp-tabs-container\">\n \r\n<div>\r\n\n<p><strong>v.l.n.r.:<br \/>\n<\/strong>&#8230; folgt!<strong><br \/>\n<\/strong><\/p>\n<p><strong>Es fehlen:<br \/>\n<\/strong>&#8230; folgt!<\/p>\n\r\n<\/div>\r\n\n\r\n<div>\r\n\n<article class=\"post\">\r\n    <div class=\"post-20178 post type-post status-publish format-standard has-post-thumbnail hentry category-aktive category-aktuelles-foerderverein category-allgemein category-aus-dem-sg-leben category-aus-dem-sg-leben-25-26 category-events category-frauen-1 category-frauen-2 category-gaenswiescup-2025 category-gaenswiescup-2026 category-gaenswiesturnier category-gemischt-d1 category-gemischt-d2 category-gemischt-d3 category-gemischt-e-ulm category-gemischt-e-wiblingen category-gemischt-f-ulm category-gemischt-f-wiblingen category-jugend category-maenner-1 category-maenner-2 category-maenner-3 category-maennlich-a category-maennlich-b1 category-maennlich-c category-maennlich-c2 category-miniminis-oststadt category-miniminis-weststadt category-miniminis-wiblingen category-minis-goegglingen category-minis-oststadt category-minis-weststadt-1 category-minis-weststadt-2 category-minis-wiblingen category-spielgemeinschaft category-startseite category-weiblich-a category-weiblich-b category-weiblich-b2 category-weiblich-c category-weiblich-c2 category-weiblich-d category-weiblich-e\"  id=\"post-20178\">\r\n      \r\n    <figure>\r\n        <a href=\"https:\/\/www.handball-ulm.de\/?p=20178\">\r\n            <img loading=\"lazy\" decoding=\"async\" width=\"964\" height=\"428\" src=\"https:\/\/www.handball-ulm.de\/wp-content\/uploads\/2026\/04\/torwart-Website.jpg\" class=\"attachment-sporty-blog-image size-sporty-blog-image wp-post-image\" alt=\"Torwart gesucht\" srcset=\"https:\/\/www.handball-ulm.de\/wp-content\/uploads\/2026\/04\/torwart-Website.jpg 964w, https:\/\/www.handball-ulm.de\/wp-content\/uploads\/2026\/04\/torwart-Website-300x133.jpg 300w, https:\/\/www.handball-ulm.de\/wp-content\/uploads\/2026\/04\/torwart-Website-768x341.jpg 768w\" sizes=\"(max-width: 964px) 100vw, 964px\" \/>        <\/a>\r\n    <\/figure>\r\n            <div class=\"postbox\">  \r\n            <h3>\r\n                <a href=\"https:\/\/www.handball-ulm.de\/?p=20178\">Aufruf: Wer kennt einen Torh\u00fcter?!<\/a>\r\n            <\/h3>\r\n        <div class=\"date-without-thumb\">15. April 2026<\/div> \r\n        <p>Liebe Vereinsfamilie, unsere Herren 1 steht vor einer wichtigen Frage: Wer h\u00fctet n\u00e4chste Saison unser Tor? Trainer Ralf und die Mannschaft suchen dringend einen Torh\u00fcter \u2013 ab sofort, aber ganz besonders f\u00fcr die kommende Saison. Und jetzt kommt ihr ins Spiel! \ud83d\udc49 Fragt in eurem Freundeskreis, in der Familie, bei Arbeitskollegen, beim Stammtisch \u2013 einfach [&hellip;]<\/p>\n<br\/><br\/><a class=\"read-more\" href=\"https:\/\/www.handball-ulm.de\/?p=20178\"> Mehr lesen...<\/a>        <\/div>    \r\n    <\/div>\r\n<\/article>\r\n<article class=\"post\">\r\n    <div class=\"post-17418 post type-post status-publish format-standard has-post-thumbnail hentry category-aus-dem-sg-leben-24-25 category-minis-oststadt category-minis-wiblingen category-startseite\"  id=\"post-17418\">\r\n      \r\n    <figure>\r\n        <a href=\"https:\/\/www.handball-ulm.de\/?p=17418\">\r\n            <img loading=\"lazy\" decoding=\"async\" width=\"964\" height=\"428\" src=\"https:\/\/www.handball-ulm.de\/wp-content\/uploads\/2024\/10\/mini-964x428.jpg\" class=\"attachment-sporty-blog-image size-sporty-blog-image wp-post-image\" alt=\"\" \/>        <\/a>\r\n    <\/figure>\r\n            <div class=\"postbox\">  \r\n            <h3>\r\n                <a href=\"https:\/\/www.handball-ulm.de\/?p=17418\">Minis &#8211; Spieltag in Blaubeuren<\/a>\r\n            <\/h3>\r\n        <div class=\"date-without-thumb\">20. Oktober 2024<\/div> \r\n        <p>Medaillen!!<\/p>\n<br\/><br\/><a class=\"read-more\" href=\"https:\/\/www.handball-ulm.de\/?p=17418\"> Mehr lesen...<\/a>        <\/div>    \r\n    <\/div>\r\n<\/article>\r\n<article class=\"post\">\r\n    <div class=\"post-12688 post type-post status-publish format-standard hentry category-aus-dem-sg-leben-22-23 category-miniminis-oststadt category-miniminis-weststadt category-miniminis-wiblingen category-minis-oststadt category-minis-weststadt-1 category-minis-wiblingen category-startseite\"  id=\"post-12688\">\r\n            <div class=\"postbox\">  \r\n            <h3>\r\n                <a href=\"https:\/\/www.handball-ulm.de\/?p=12688\">Ein neuer Jugendleiter beginnt seine Arbeit<\/a>\r\n            <\/h3>\r\n        <div class=\"date-without-thumb\">17. April 2023<\/div> \r\n        <p>Verst\u00e4rkung in der Jugendleitung<\/p>\n<br\/><br\/><a class=\"read-more\" href=\"https:\/\/www.handball-ulm.de\/?p=12688\"> Mehr lesen...<\/a>        <\/div>    \r\n    <\/div>\r\n<\/article>\r\n<article class=\"post\">\r\n    <div class=\"post-10492 post type-post status-publish format-standard hentry category-minis-wiblingen\"  id=\"post-10492\">\r\n            <div class=\"postbox\">  \r\n            <h3>\r\n                <a href=\"https:\/\/www.handball-ulm.de\/?p=10492\">Minis Wiblingen: Saison Bericht 2022\/23<\/a>\r\n            <\/h3>\r\n        <div class=\"date-without-thumb\">20. August 2022<\/div> \r\n        <p>In der vergangenen Saison konnten endlich wieder einige Minispielfeste stattfinden. Zum Teil zwar (nur) intern zusammen mit den anderen zwei Minimannschaft aus der Weststadt und Oststadt, aber diese haben nat\u00fcrlich mindestens genau so viel Spa\u00df gemacht wie die anderen. Alle Spieltage waren toll und abwechslungsreich organisiert. So konnten unsere Minis die wildesten Parcours bew\u00e4ltigen, Urwaldpuzzle [&hellip;]<\/p>\n<br\/><br\/><a class=\"read-more\" href=\"https:\/\/www.handball-ulm.de\/?p=10492\"> Mehr lesen...<\/a>        <\/div>    \r\n    <\/div>\r\n<\/article>\r\n<article class=\"post\">\r\n    <div class=\"post-8829 post type-post status-publish format-standard has-post-thumbnail hentry category-aus-dem-sg-leben-21-22 category-minis-weststadt-1 category-minis-wiblingen category-spielgemeinschaft category-startseite\"  id=\"post-8829\">\r\n      \r\n    <figure>\r\n        <a href=\"https:\/\/www.handball-ulm.de\/?p=8829\">\r\n            <img loading=\"lazy\" decoding=\"async\" width=\"964\" height=\"428\" src=\"https:\/\/www.handball-ulm.de\/wp-content\/uploads\/2022\/02\/Screenshot-328-964x428.png\" class=\"attachment-sporty-blog-image size-sporty-blog-image wp-post-image\" alt=\"\" \/>        <\/a>\r\n    <\/figure>\r\n            <div class=\"postbox\">  \r\n            <h3>\r\n                <a href=\"https:\/\/www.handball-ulm.de\/?p=8829\">Mini-Spieltag am 13.02.2022<\/a>\r\n            <\/h3>\r\n        <div class=\"date-without-thumb\">13. Februar 2022<\/div> \r\n        <p>Es wuselt in der Tannenplatzhalle. Die Minis sind los.<\/p>\n<br\/><br\/><a class=\"read-more\" href=\"https:\/\/www.handball-ulm.de\/?p=8829\"> Mehr lesen...<\/a>        <\/div>    \r\n    <\/div>\r\n<\/article>\r\n<!-- VIEW ALL BUTTON -->\r\n<div class=\"blogpager\">\r\n    <div class=\"previous\">\r\n        <a href=\"https:\/\/www.handball-ulm.de\/?cat=30\">Alle<\/a>\r\n    <\/div>\r\n<\/div>\r\n\n\r\n<\/div>\r\n\n\r\n<div>\r\n\n\n\r\n<div class=\"clearfix\">\r\n    <div id=\"subtabs-736328883\">\n\r\n      <ul class=\"resp-tabs-list\">\r\n    <li>2023\/2024<\/li>\r\n\n\r\n    <li>2022\/2023<\/li>\r\n\n\r\n    <li>2021\/2022<\/li>\r\n\n\r\n    <li>2020\/2021<\/li>\r\n\n\r\n    <li>2019\/2020<\/li>\r\n\n\r\n    <li>2018\/2019<\/li>\r\n<\/ul>\r\n      <div class=\"resp-tabs-container\">\n \r\n<div>\r\n\n<strong>Minis Wiblingen<br \/>\n<\/strong>(Minis Oststadt ist im nachfolgenden Spielplan SG Ulm &amp; Wibl)<br \/>\n<strong><br \/>\n<\/strong><br \/>\n\r\n<\/div>\r\n\n\r\n<div>\r\n\n<strong>Minis<br \/>\n<\/strong><br \/>\n\r\n<\/div>\r\n\n\r\n<div>\r\n<strong><br \/>\n<\/strong><strong>Minis Staffel 1<br \/>\n<\/strong><br \/>\n\r\n<\/div>\r\n\n\r\n<div>\r\n<strong><br \/>\n<\/strong>Corona-bedingt nicht gemeldet!<br \/>\n\r\n<\/div>\r\n\n\r\n<div>\r\n<strong><br \/>\n<\/strong><br \/>\n\r\n<\/div>\r\n\n\r\n<div>\r\n\n<br \/>\n\r\n<\/div>\r\n<\/div>\r\n    <\/div>\r\n<\/div>\r\n\n\n\r\n<\/div>\r\n\n\r\n<div>\r\n\nDienstag 17:00 \u2013 18:30 Uhr TPH<\/p>\n<p><a href=\"\/?page_id=127\">Link zu den Hallen<\/a><br \/>\n\r\n<\/div>\r\n\n\r\n<div>\r\n\n2019\/ 2020<br \/>\n\r\n<\/div>\r\n\n\r\n<div>\r\n\n<strong>Name:<\/strong> David Lux, Paula Kallmayer und Emilia Nuding<br \/>\n<strong>E-Mail:<\/strong> <a href=\"mailto:miniswiblingen@sgulm.de\">miniswiblingen@sgulm.de<\/a><br \/>\n\r\n<\/div>\r\n\r\n\r\n<\/div><\/div>\r\n<script type=\"text\/javascript\">jQuery(document).ready(function() { \r\n    jQuery(\"#tabs-862793217\").easyResponsiveTabs({ type: \"default\", width: \"auto\", fit: true}); \r\njQuery(\"#subtabs-736328883\").easyResponsiveTabs({ type: \"default\", width: \"auto\", fit: true});\n    \r\n}); <\/script>\r\n\n\n","protected":false},"excerpt":{"rendered":"<br\/><br\/><a class=\"read-more\" href=\"https:\/\/www.handball-ulm.de\/?p=8829\"> Mehr lesen...<\/a>","protected":false},"author":1,"featured_media":13830,"parent":0,"menu_order":0,"comment_status":"closed","ping_status":"closed","template":"","meta":{"ngg_post_thumbnail":0,"footnotes":""},"_links":{"self":[{"href":"https:\/\/www.handball-ulm.de\/index.php?rest_route=\/wp\/v2\/pages\/613"}],"collection":[{"href":"https:\/\/www.handball-ulm.de\/index.php?rest_route=\/wp\/v2\/pages"}],"about":[{"href":"https:\/\/www.handball-ulm.de\/index.php?rest_route=\/wp\/v2\/types\/page"}],"author":[{"embeddable":true,"href":"https:\/\/www.handball-ulm.de\/index.php?rest_route=\/wp\/v2\/users\/1"}],"replies":[{"embeddable":true,"href":"https:\/\/www.handball-ulm.de\/index.php?rest_route=%2Fwp%2Fv2%2Fcomments&post=613"}],"version-history":[{"count":28,"href":"https:\/\/www.handball-ulm.de\/index.php?rest_route=\/wp\/v2\/pages\/613\/revisions"}],"predecessor-version":[{"id":19569,"href":"https:\/\/www.handball-ulm.de\/index.php?rest_route=\/wp\/v2\/pages\/613\/revisions\/19569"}],"wp:featuredmedia":[{"embeddable":true,"href":"https:\/\/www.handball-ulm.de\/index.php?rest_route=\/wp\/v2\/media\/13830"}],"wp:attachment":[{"href":"https:\/\/www.handball-ulm.de\/index.php?rest_route=%2Fwp%2Fv2%2Fmedia&parent=613"}],"curies":[{"name":"wp","href":"https:\/\/api.w.org\/{rel}","templated":true}]}}

<div id="tabs-862793217">

<ul class="resp-tabs-list">
    <li>Kader</li>


    <li>Aktuelles</li>


    <li>Spielplan</li>


    <li>Trainingszeiten</li>


    <li>Jahrgang</li>


    <li>Trainer</li>
</ul>
<div class="resp-tabs-container">
 
<div>

<p><strong>v.l.n.r.:<br />
</strong>&#8230; folgt!<strong><br />
</strong></p>
<p><strong>Es fehlen:<br />
</strong>&#8230; folgt!</p>

</div>


<div>

<article class="post">
    <div class="post-20178 post type-post status-publish format-standard has-post-thumbnail hentry category-aktive category-aktuelles-foerderverein category-allgemein category-aus-dem-sg-leben category-aus-dem-sg-leben-25-26 category-events category-frauen-1 category-frauen-2 category-gaenswiescup-2025 category-gaenswiescup-2026 category-gaenswiesturnier category-gemischt-d1 category-gemischt-d2 category-gemischt-d3 category-gemischt-e-ulm category-gemischt-e-wiblingen category-gemischt-f-ulm category-gemischt-f-wiblingen category-jugend category-maenner-1 category-maenner-2 category-maenner-3 category-maennlich-a category-maennlich-b1 category-maennlich-c category-maennlich-c2 category-miniminis-oststadt category-miniminis-weststadt category-miniminis-wiblingen category-minis-goegglingen category-minis-oststadt category-minis-weststadt-1 category-minis-weststadt-2 category-minis-wiblingen category-spielgemeinschaft category-startseite category-weiblich-a category-weiblich-b category-weiblich-b2 category-weiblich-c category-weiblich-c2 category-weiblich-d category-weiblich-e"  id="post-20178">
      
    <figure>
        <a href="https://www.handball-ulm.de/?p=20178">
            <img loading="lazy" decoding="async" width="964" height="428" src="https://www.handball-ulm.de/wp-content/uploads/2026/04/torwart-Website.jpg" class="attachment-sporty-blog-image size-sporty-blog-image wp-post-image" alt="Torwart gesucht" srcset="https://www.handball-ulm.de/wp-content/uploads/2026/04/torwart-Website.jpg 964w, https://www.handball-ulm.de/wp-content/uploads/2026/04/torwart-Website-300x133.jpg 300w, https://www.handball-ulm.de/wp-content/uploads/2026/04/torwart-Website-768x341.jpg 768w" sizes="(max-width: 964px) 100vw, 964px" />        </a>
    </figure>
            <div class="postbox">  
            <h3>
                <a href="https://www.handball-ulm.de/?p=20178">Aufruf: Wer kennt einen Torhüter?!</a>
            </h3>
        <div class="date-without-thumb">15. April 2026</div> 
        <p>Liebe Vereinsfamilie, unsere Herren 1 steht vor einer wichtigen Frage: Wer hütet nächste Saison unser Tor? Trainer Ralf und die Mannschaft suchen dringend einen Torhüter – ab sofort, aber ganz besonders für die kommende Saison. Und jetzt kommt ihr ins Spiel! 👉 Fragt in eurem Freundeskreis, in der Familie, bei Arbeitskollegen, beim Stammtisch – einfach [&hellip;]</p>
<br/><br/><a class="read-more" href="https://www.handball-ulm.de/?p=20178"> Mehr lesen...</a>        </div>    
    </div>
</article>
<article class="post">
    <div class="post-17418 post type-post status-publish format-standard has-post-thumbnail hentry category-aus-dem-sg-leben-24-25 category-minis-oststadt category-minis-wiblingen category-startseite"  id="post-17418">
      
    <figure>
        <a href="https://www.handball-ulm.de/?p=17418">
            <img loading="lazy" decoding="async" width="964" height="428" src="https://www.handball-ulm.de/wp-content/uploads/2024/10/mini-964x428.jpg" class="attachment-sporty-blog-image size-sporty-blog-image wp-post-image" alt="" />        </a>
    </figure>
            <div class="postbox">  
            <h3>
                <a href="https://www.handball-ulm.de/?p=17418">Minis &#8211; Spieltag in Blaubeuren</a>
            </h3>
        <div class="date-without-thumb">20. Oktober 2024</div> 
        <p>Medaillen!!</p>
<br/><br/><a class="read-more" href="https://www.handball-ulm.de/?p=17418"> Mehr lesen...</a>        </div>    
    </div>
</article>
<article class="post">
    <div class="post-12688 post type-post status-publish format-standard hentry category-aus-dem-sg-leben-22-23 category-miniminis-oststadt category-miniminis-weststadt category-miniminis-wiblingen category-minis-oststadt category-minis-weststadt-1 category-minis-wiblingen category-startseite"  id="post-12688">
            <div class="postbox">  
            <h3>
                <a href="https://www.handball-ulm.de/?p=12688">Ein neuer Jugendleiter beginnt seine Arbeit</a>
            </h3>
        <div class="date-without-thumb">17. April 2023</div> 
        <p>Verstärkung in der Jugendleitung</p>
<br/><br/><a class="read-more" href="https://www.handball-ulm.de/?p=12688"> Mehr lesen...</a>        </div>    
    </div>
</article>
<article class="post">
    <div class="post-10492 post type-post status-publish format-standard hentry category-minis-wiblingen"  id="post-10492">
            <div class="postbox">  
            <h3>
                <a href="https://www.handball-ulm.de/?p=10492">Minis Wiblingen: Saison Bericht 2022/23</a>
            </h3>
        <div class="date-without-thumb">20. August 2022</div> 
        <p>In der vergangenen Saison konnten endlich wieder einige Minispielfeste stattfinden. Zum Teil zwar (nur) intern zusammen mit den anderen zwei Minimannschaft aus der Weststadt und Oststadt, aber diese haben natürlich mindestens genau so viel Spaß gemacht wie die anderen. Alle Spieltage waren toll und abwechslungsreich organisiert. So konnten unsere Minis die wildesten Parcours bewältigen, Urwaldpuzzle [&hellip;]</p>
<br/><br/><a class="read-more" href="https://www.handball-ulm.de/?p=10492"> Mehr lesen...</a>        </div>    
    </div>
</article>
<article class="post">
    <div class="post-8829 post type-post status-publish format-standard has-post-thumbnail hentry category-aus-dem-sg-leben-21-22 category-minis-weststadt-1 category-minis-wiblingen category-spielgemeinschaft category-startseite"  id="post-8829">
      
    <figure>
        <a href="https://www.handball-ulm.de/?p=8829">
            <img loading="lazy" decoding="async" width="964" height="428" src="https://www.handball-ulm.de/wp-content/uploads/2022/02/Screenshot-328-964x428.png" class="attachment-sporty-blog-image size-sporty-blog-image wp-post-image" alt="" />        </a>
    </figure>
            <div class="postbox">  
            <h3>
                <a href="https://www.handball-ulm.de/?p=8829">Mini-Spieltag am 13.02.2022</a>
            </h3>
        <div class="date-without-thumb">13. Februar 2022</div> 
        <p>Es wuselt in der Tannenplatzhalle. Die Minis sind los.</p>
<br/><br/><a class="read-more" href="https://www.handball-ulm.de/?p=8829"> Mehr lesen...</a>        </div>    
    </div>
</article>
<!-- VIEW ALL BUTTON -->
<div class="blogpager">
    <div class="previous">
        <a href="https://www.handball-ulm.de/?cat=30">Alle</a>
    </div>
</div>


</div>


<div>



<div class="clearfix">
    <div id="subtabs-736328883">

      <ul class="resp-tabs-list">
    <li>2023/2024</li>


    <li>2022/2023</li>


    <li>2021/2022</li>


    <li>2020/2021</li>


    <li>2019/2020</li>


    <li>2018/2019</li>
</ul>
      <div class="resp-tabs-container">
 
<div>

<strong>Minis Wiblingen<br />
</strong>(Minis Oststadt ist im nachfolgenden Spielplan SG Ulm &amp; Wibl)<br />
<strong><br />
</strong><br />

</div>


<div>

<strong>Minis<br />
</strong><br />

</div>


<div>
<strong><br />
</strong><strong>Minis Staffel 1<br />
</strong><br />

</div>


<div>
<strong><br />
</strong>Corona-bedingt nicht gemeldet!<br />

</div>


<div>
<strong><br />
</strong><br />

</div>


<div>

<br />

</div>
</div>
    </div>
</div>



</div>


<div>

Dienstag 17:00 – 18:30 Uhr TPH</p>
<p><a href="/?page_id=127">Link zu den Hallen</a><br />

</div>


<div>

2019/ 2020<br />

</div>


<div>

<strong>Name:</strong> David Lux, Paula Kallmayer und Emilia Nuding<br />
<strong>E-Mail:</strong> <a href="mailto:miniswiblingen@sgulm.de">miniswiblingen@sgulm.de</a><br />

</div>


</div></div>
<script type="text/javascript">jQuery(document).ready(function() { 
    jQuery("#tabs-862793217").easyResponsiveTabs({ type: "default", width: "auto", fit: true}); 
jQuery("#subtabs-736328883").easyResponsiveTabs({ type: "default", width: "auto", fit: true});
    
}); </script>
