{"id":600,"date":"2019-02-04T22:04:40","date_gmt":"2019-02-04T21:04:40","guid":{"rendered":"https:\/\/sgulm.tcremer.de\/?page_id=600"},"modified":"2025-11-16T16:02:54","modified_gmt":"2025-11-16T15:02:54","slug":"gemischt-f-wiblingen","status":"publish","type":"page","link":"https:\/\/www.handball-ulm.de\/?page_id=600","title":{"rendered":"Gemischt F Wiblingen"},"content":{"rendered":"\n\r\n\r\n<div id=\"tabs-113451333\">\n\r\n<ul class=\"resp-tabs-list\">\r\n    <li>Kader<\/li>\r\n\n\r\n    <li>Aktuelles<\/li>\r\n\n\r\n    <li>Aktueller Spielplan<\/li>\r\n\n\r\n    <li>Trainingszeiten<\/li>\r\n\n\r\n    <li>Jahrgang<\/li>\r\n\n\r\n    <li>Trainer<\/li>\r\n<\/ul>\r\n<div class=\"resp-tabs-container\">\n \r\n<div>\r\n\n<p><strong>V.l.n.r.:<br><\/strong>Yusuf, Huba, Linnard, Kodou, Rimas, Alaia, Diana, Yomna<strong><br>Trainer:<\/strong><br>Isabell, Mia, Susie<\/p>\n<p><strong>Es fehlen:<br><\/strong>Mia, Sam, Emma<\/p>\n\r\n<\/div>\r\n\n\r\n<div>\r\n\n<article class=\"post\">\r\n    <div class=\"post-20178 post type-post status-publish format-standard has-post-thumbnail hentry category-aktive category-aktuelles-foerderverein category-allgemein category-aus-dem-sg-leben category-aus-dem-sg-leben-25-26 category-events category-frauen-1 category-frauen-2 category-gaenswiescup-2025 category-gaenswiescup-2026 category-gaenswiesturnier category-gemischt-d1 category-gemischt-d2 category-gemischt-d3 category-gemischt-e-ulm category-gemischt-e-wiblingen category-gemischt-f-ulm category-gemischt-f-wiblingen category-jugend category-maenner-1 category-maenner-2 category-maenner-3 category-maennlich-a category-maennlich-b1 category-maennlich-c category-maennlich-c2 category-miniminis-oststadt category-miniminis-weststadt category-miniminis-wiblingen category-minis-goegglingen category-minis-oststadt category-minis-weststadt-1 category-minis-weststadt-2 category-minis-wiblingen category-spielgemeinschaft category-startseite category-weiblich-a category-weiblich-b category-weiblich-b2 category-weiblich-c category-weiblich-c2 category-weiblich-d category-weiblich-e\"  id=\"post-20178\">\r\n      \r\n    <figure>\r\n        <a href=\"https:\/\/www.handball-ulm.de\/?p=20178\">\r\n            <img loading=\"lazy\" decoding=\"async\" width=\"964\" height=\"428\" src=\"https:\/\/www.handball-ulm.de\/wp-content\/uploads\/2026\/04\/torwart-Website.jpg\" class=\"attachment-sporty-blog-image size-sporty-blog-image wp-post-image\" alt=\"Torwart gesucht\" srcset=\"https:\/\/www.handball-ulm.de\/wp-content\/uploads\/2026\/04\/torwart-Website.jpg 964w, https:\/\/www.handball-ulm.de\/wp-content\/uploads\/2026\/04\/torwart-Website-300x133.jpg 300w, https:\/\/www.handball-ulm.de\/wp-content\/uploads\/2026\/04\/torwart-Website-768x341.jpg 768w\" sizes=\"(max-width: 964px) 100vw, 964px\" \/>        <\/a>\r\n    <\/figure>\r\n            <div class=\"postbox\">  \r\n            <h3>\r\n                <a href=\"https:\/\/www.handball-ulm.de\/?p=20178\">Aufruf: Wer kennt einen Torh\u00fcter?!<\/a>\r\n            <\/h3>\r\n        <div class=\"date-without-thumb\">15. April 2026<\/div> \r\n        <p>Liebe Vereinsfamilie, unsere Herren 1 steht vor einer wichtigen Frage: Wer h\u00fctet n\u00e4chste Saison unser Tor? Trainer Ralf und die Mannschaft suchen dringend einen Torh\u00fcter \u2013 ab sofort, aber ganz besonders f\u00fcr die kommende Saison. Und jetzt kommt ihr ins Spiel! \ud83d\udc49 Fragt in eurem Freundeskreis, in der Familie, bei Arbeitskollegen, beim Stammtisch \u2013 einfach [&hellip;]<\/p>\n<br\/><br\/><a class=\"read-more\" href=\"https:\/\/www.handball-ulm.de\/?p=20178\"> Mehr lesen...<\/a>        <\/div>    \r\n    <\/div>\r\n<\/article>\r\n<article class=\"post\">\r\n    <div class=\"post-16075 post type-post status-publish format-standard has-post-thumbnail hentry category-aus-dem-sg-leben-23-24 category-gemischt-f-ulm category-gemischt-f-wiblingen category-startseite\"  id=\"post-16075\">\r\n      \r\n    <figure>\r\n        <a href=\"https:\/\/www.handball-ulm.de\/?p=16075\">\r\n            <img loading=\"lazy\" decoding=\"async\" width=\"964\" height=\"428\" src=\"https:\/\/www.handball-ulm.de\/wp-content\/uploads\/2024\/01\/WhatsApp-Bild-2024-01-21-um-21.22.34_7167796f-964x428.jpg\" class=\"attachment-sporty-blog-image size-sporty-blog-image wp-post-image\" alt=\"\" \/>        <\/a>\r\n    <\/figure>\r\n            <div class=\"postbox\">  \r\n            <h3>\r\n                <a href=\"https:\/\/www.handball-ulm.de\/?p=16075\">Heimspieltag der F-Jugenden 2+3<\/a>\r\n            <\/h3>\r\n        <div class=\"date-without-thumb\">20. Januar 2024<\/div> \r\n        <p>Viel Spa\u00df und Medaillen<\/p>\n<br\/><br\/><a class=\"read-more\" href=\"https:\/\/www.handball-ulm.de\/?p=16075\"> Mehr lesen...<\/a>        <\/div>    \r\n    <\/div>\r\n<\/article>\r\n<article class=\"post\">\r\n    <div class=\"post-15216 post type-post status-publish format-standard has-post-thumbnail hentry category-aus-dem-sg-leben-23-24 category-gemischt-f-wiblingen category-startseite\"  id=\"post-15216\">\r\n      \r\n    <figure>\r\n        <a href=\"https:\/\/www.handball-ulm.de\/?p=15216\">\r\n            <img loading=\"lazy\" decoding=\"async\" width=\"964\" height=\"428\" src=\"https:\/\/www.handball-ulm.de\/wp-content\/uploads\/2023\/11\/IMG-20231120-WA0013-964x428.jpg\" class=\"attachment-sporty-blog-image size-sporty-blog-image wp-post-image\" alt=\"\" \/>        <\/a>\r\n    <\/figure>\r\n            <div class=\"postbox\">  \r\n            <h3>\r\n                <a href=\"https:\/\/www.handball-ulm.de\/?p=15216\">Spieltag der gemischten F-Jugend Wiblingen<\/a>\r\n            <\/h3>\r\n        <div class=\"date-without-thumb\">19. November 2023<\/div> \r\n        <p>Gleich zwei F-Jugend-Spieltage fanden heute in der Tannenplatzhalle statt. Die Ulmer waren zuerst dran. 14Uhr hie\u00df es dann f\u00fcr die Wiblinger Kinder: Auf geht&#8217;s!In unserer Mannschaft traten 12 Kinder an. Alle waren hochmotiviert.Insgesamt spielten sechs Mannschaften am Spieltag mit. Zu Besuch waren Kinder der Vereine TSV Blaustein, HSG Langenau\/Elchingen 2, SC Lehr, TSG S\u00f6flingen und [&hellip;]<\/p>\n<br\/><br\/><a class=\"read-more\" href=\"https:\/\/www.handball-ulm.de\/?p=15216\"> Mehr lesen...<\/a>        <\/div>    \r\n    <\/div>\r\n<\/article>\r\n<article class=\"post\">\r\n    <div class=\"post-14152 post type-post status-publish format-standard hentry category-gemischt-f-wiblingen\"  id=\"post-14152\">\r\n            <div class=\"postbox\">  \r\n            <h3>\r\n                <a href=\"https:\/\/www.handball-ulm.de\/?p=14152\">Gemischt F Wiblingen: Saison Bericht 2023\/24<\/a>\r\n            <\/h3>\r\n        <div class=\"date-without-thumb\">25. September 2023<\/div> \r\n        <p>Mit einem lachenden und einem weinenden Auge haben wir unsere \u201eGro\u00dfen\u201c nach einer tollen Saison in die E-Jugend verabschiedet und starten jetzt mit voller Kraft zusammen mit unseren F-Jugendlichen und den neuen Kindern aus den Minis in eine neue Saison. Wir waren in der vergangenen Saison mit der F-Jugend auf einigen Spieltagen in Biberach, Blaustein, [&hellip;]<\/p>\n<br\/><br\/><a class=\"read-more\" href=\"https:\/\/www.handball-ulm.de\/?p=14152\"> Mehr lesen...<\/a>        <\/div>    \r\n    <\/div>\r\n<\/article>\r\n<article class=\"post\">\r\n    <div class=\"post-11073 post type-post status-publish format-standard has-post-thumbnail hentry category-aus-dem-sg-leben-22-23 category-gemischt-f-ulm category-gemischt-f-wiblingen category-startseite\"  id=\"post-11073\">\r\n      \r\n    <figure>\r\n        <a href=\"https:\/\/www.handball-ulm.de\/?p=11073\">\r\n            <img loading=\"lazy\" decoding=\"async\" width=\"964\" height=\"428\" src=\"https:\/\/www.handball-ulm.de\/wp-content\/uploads\/2022\/10\/OTCG1136-964x428.jpg\" class=\"attachment-sporty-blog-image size-sporty-blog-image wp-post-image\" alt=\"\" \/>        <\/a>\r\n    <\/figure>\r\n            <div class=\"postbox\">  \r\n            <h3>\r\n                <a href=\"https:\/\/www.handball-ulm.de\/?p=11073\">Alle drei F-Jugend-Mannschaften mit Begeisterung in die neue Saison gestartet<\/a>\r\n            <\/h3>\r\n        <div class=\"date-without-thumb\">16. Oktober 2022<\/div> \r\n        <p>F-Jugend im Handballfieber<\/p>\n<br\/><br\/><a class=\"read-more\" href=\"https:\/\/www.handball-ulm.de\/?p=11073\"> Mehr lesen...<\/a>        <\/div>    \r\n    <\/div>\r\n<\/article>\r\n<!-- VIEW ALL BUTTON -->\r\n<div class=\"blogpager\">\r\n    <div class=\"previous\">\r\n        <a href=\"https:\/\/www.handball-ulm.de\/?cat=28\">Alle<\/a>\r\n    <\/div>\r\n<\/div>\r\n\n\r\n<\/div>\r\n\n\r\n<div>\r\n\n<p><a href=\"https:\/\/www.handball.net\/mannschaften\/handball4all.baden-wuerttemberg.1373321\/spielplan\" target=\"_blank\" rel=\"noopener\">SG Ulm &amp; Wiblingen 2 Oberschwaben-Ostalb &#8211; gemischte F-Jugend Spielfeste (Staffel 1)<\/a><\/p>\n<p><a href=\"https:\/\/www.handball.net\/mannschaften\/handball4all.baden-wuerttemberg.1373016\/spielplan\" target=\"_blank\" rel=\"noopener\">SG Ulm &amp; Wiblingen Oberschwaben-Ostalb &#8211; gemischte F-Jugend Spielfeste (Staffel 2)<\/a><\/p>\n<p><a href=\"https:\/\/www.handball.net\/mannschaften\/handball4all.baden-wuerttemberg.1373036\/spielplan\" target=\"_blank\" rel=\"noopener\">SG Ulm &amp; Wiblingen 3 Oberschwaben-Ostalb &#8211; gemischte F-Jugend Spielfeste (Staffel 2)<\/a><\/p>\n\r\n<\/div>\r\n\n\r\n<div>\r\n<br>Dienstag 17:00 \u2013 18:30 Uhr TPH<\/p>\n<p><a href=\"\/?page_id=127\">Link zu den Hallen<\/a><br>\r\n<\/div>\r\n\n\r\n<div>\r\n<br>2017\/2018<br>\r\n<\/div>\r\n\n\r\n<div>\r\n<br><strong>Name:<\/strong> Susan Kr\u00e4uter, Mia B\u00f6ck, Isabel McIlhone<br><strong>E-Mail:<\/strong> <a href=\"mailto:gFWiblinen@sgulm.de\">gFWiblingen@sgulm.de<\/a><br>\r\n<\/div>\r\n\r\n\r\n<\/div><\/div>\r\n<script type=\"text\/javascript\">jQuery(document).ready(function() { \r\n    jQuery(\"#tabs-113451333\").easyResponsiveTabs({ type: \"default\", width: \"auto\", fit: true}); \r\n    \r\n}); <\/script>\r\n\n\n\n\n<p><\/p>\n","protected":false},"excerpt":{"rendered":"<br\/><br\/><a class=\"read-more\" href=\"https:\/\/www.handball-ulm.de\/?p=11073\"> Mehr lesen...<\/a>","protected":false},"author":1,"featured_media":19277,"parent":0,"menu_order":0,"comment_status":"closed","ping_status":"closed","template":"","meta":{"ngg_post_thumbnail":0,"footnotes":""},"_links":{"self":[{"href":"https:\/\/www.handball-ulm.de\/index.php?rest_route=\/wp\/v2\/pages\/600"}],"collection":[{"href":"https:\/\/www.handball-ulm.de\/index.php?rest_route=\/wp\/v2\/pages"}],"about":[{"href":"https:\/\/www.handball-ulm.de\/index.php?rest_route=\/wp\/v2\/types\/page"}],"author":[{"embeddable":true,"href":"https:\/\/www.handball-ulm.de\/index.php?rest_route=\/wp\/v2\/users\/1"}],"replies":[{"embeddable":true,"href":"https:\/\/www.handball-ulm.de\/index.php?rest_route=%2Fwp%2Fv2%2Fcomments&post=600"}],"version-history":[{"count":34,"href":"https:\/\/www.handball-ulm.de\/index.php?rest_route=\/wp\/v2\/pages\/600\/revisions"}],"predecessor-version":[{"id":19582,"href":"https:\/\/www.handball-ulm.de\/index.php?rest_route=\/wp\/v2\/pages\/600\/revisions\/19582"}],"wp:featuredmedia":[{"embeddable":true,"href":"https:\/\/www.handball-ulm.de\/index.php?rest_route=\/wp\/v2\/media\/19277"}],"wp:attachment":[{"href":"https:\/\/www.handball-ulm.de\/index.php?rest_route=%2Fwp%2Fv2%2Fmedia&parent=600"}],"curies":[{"name":"wp","href":"https:\/\/api.w.org\/{rel}","templated":true}]}}

<div id="tabs-113451333">

<ul class="resp-tabs-list">
    <li>Kader</li>


    <li>Aktuelles</li>


    <li>Aktueller Spielplan</li>


    <li>Trainingszeiten</li>


    <li>Jahrgang</li>


    <li>Trainer</li>
</ul>
<div class="resp-tabs-container">
 
<div>

<p><strong>V.l.n.r.:<br></strong>Yusuf, Huba, Linnard, Kodou, Rimas, Alaia, Diana, Yomna<strong><br>Trainer:</strong><br>Isabell, Mia, Susie</p>
<p><strong>Es fehlen:<br></strong>Mia, Sam, Emma</p>

</div>


<div>

<article class="post">
    <div class="post-20178 post type-post status-publish format-standard has-post-thumbnail hentry category-aktive category-aktuelles-foerderverein category-allgemein category-aus-dem-sg-leben category-aus-dem-sg-leben-25-26 category-events category-frauen-1 category-frauen-2 category-gaenswiescup-2025 category-gaenswiescup-2026 category-gaenswiesturnier category-gemischt-d1 category-gemischt-d2 category-gemischt-d3 category-gemischt-e-ulm category-gemischt-e-wiblingen category-gemischt-f-ulm category-gemischt-f-wiblingen category-jugend category-maenner-1 category-maenner-2 category-maenner-3 category-maennlich-a category-maennlich-b1 category-maennlich-c category-maennlich-c2 category-miniminis-oststadt category-miniminis-weststadt category-miniminis-wiblingen category-minis-goegglingen category-minis-oststadt category-minis-weststadt-1 category-minis-weststadt-2 category-minis-wiblingen category-spielgemeinschaft category-startseite category-weiblich-a category-weiblich-b category-weiblich-b2 category-weiblich-c category-weiblich-c2 category-weiblich-d category-weiblich-e"  id="post-20178">
      
    <figure>
        <a href="https://www.handball-ulm.de/?p=20178">
            <img loading="lazy" decoding="async" width="964" height="428" src="https://www.handball-ulm.de/wp-content/uploads/2026/04/torwart-Website.jpg" class="attachment-sporty-blog-image size-sporty-blog-image wp-post-image" alt="Torwart gesucht" srcset="https://www.handball-ulm.de/wp-content/uploads/2026/04/torwart-Website.jpg 964w, https://www.handball-ulm.de/wp-content/uploads/2026/04/torwart-Website-300x133.jpg 300w, https://www.handball-ulm.de/wp-content/uploads/2026/04/torwart-Website-768x341.jpg 768w" sizes="(max-width: 964px) 100vw, 964px" />        </a>
    </figure>
            <div class="postbox">  
            <h3>
                <a href="https://www.handball-ulm.de/?p=20178">Aufruf: Wer kennt einen Torhüter?!</a>
            </h3>
        <div class="date-without-thumb">15. April 2026</div> 
        <p>Liebe Vereinsfamilie, unsere Herren 1 steht vor einer wichtigen Frage: Wer hütet nächste Saison unser Tor? Trainer Ralf und die Mannschaft suchen dringend einen Torhüter – ab sofort, aber ganz besonders für die kommende Saison. Und jetzt kommt ihr ins Spiel! 👉 Fragt in eurem Freundeskreis, in der Familie, bei Arbeitskollegen, beim Stammtisch – einfach [&hellip;]</p>
<br/><br/><a class="read-more" href="https://www.handball-ulm.de/?p=20178"> Mehr lesen...</a>        </div>    
    </div>
</article>
<article class="post">
    <div class="post-16075 post type-post status-publish format-standard has-post-thumbnail hentry category-aus-dem-sg-leben-23-24 category-gemischt-f-ulm category-gemischt-f-wiblingen category-startseite"  id="post-16075">
      
    <figure>
        <a href="https://www.handball-ulm.de/?p=16075">
            <img loading="lazy" decoding="async" width="964" height="428" src="https://www.handball-ulm.de/wp-content/uploads/2024/01/WhatsApp-Bild-2024-01-21-um-21.22.34_7167796f-964x428.jpg" class="attachment-sporty-blog-image size-sporty-blog-image wp-post-image" alt="" />        </a>
    </figure>
            <div class="postbox">  
            <h3>
                <a href="https://www.handball-ulm.de/?p=16075">Heimspieltag der F-Jugenden 2+3</a>
            </h3>
        <div class="date-without-thumb">20. Januar 2024</div> 
        <p>Viel Spaß und Medaillen</p>
<br/><br/><a class="read-more" href="https://www.handball-ulm.de/?p=16075"> Mehr lesen...</a>        </div>    
    </div>
</article>
<article class="post">
    <div class="post-15216 post type-post status-publish format-standard has-post-thumbnail hentry category-aus-dem-sg-leben-23-24 category-gemischt-f-wiblingen category-startseite"  id="post-15216">
      
    <figure>
        <a href="https://www.handball-ulm.de/?p=15216">
            <img loading="lazy" decoding="async" width="964" height="428" src="https://www.handball-ulm.de/wp-content/uploads/2023/11/IMG-20231120-WA0013-964x428.jpg" class="attachment-sporty-blog-image size-sporty-blog-image wp-post-image" alt="" />        </a>
    </figure>
            <div class="postbox">  
            <h3>
                <a href="https://www.handball-ulm.de/?p=15216">Spieltag der gemischten F-Jugend Wiblingen</a>
            </h3>
        <div class="date-without-thumb">19. November 2023</div> 
        <p>Gleich zwei F-Jugend-Spieltage fanden heute in der Tannenplatzhalle statt. Die Ulmer waren zuerst dran. 14Uhr hieß es dann für die Wiblinger Kinder: Auf geht&#8217;s!In unserer Mannschaft traten 12 Kinder an. Alle waren hochmotiviert.Insgesamt spielten sechs Mannschaften am Spieltag mit. Zu Besuch waren Kinder der Vereine TSV Blaustein, HSG Langenau/Elchingen 2, SC Lehr, TSG Söflingen und [&hellip;]</p>
<br/><br/><a class="read-more" href="https://www.handball-ulm.de/?p=15216"> Mehr lesen...</a>        </div>    
    </div>
</article>
<article class="post">
    <div class="post-14152 post type-post status-publish format-standard hentry category-gemischt-f-wiblingen"  id="post-14152">
            <div class="postbox">  
            <h3>
                <a href="https://www.handball-ulm.de/?p=14152">Gemischt F Wiblingen: Saison Bericht 2023/24</a>
            </h3>
        <div class="date-without-thumb">25. September 2023</div> 
        <p>Mit einem lachenden und einem weinenden Auge haben wir unsere „Großen“ nach einer tollen Saison in die E-Jugend verabschiedet und starten jetzt mit voller Kraft zusammen mit unseren F-Jugendlichen und den neuen Kindern aus den Minis in eine neue Saison. Wir waren in der vergangenen Saison mit der F-Jugend auf einigen Spieltagen in Biberach, Blaustein, [&hellip;]</p>
<br/><br/><a class="read-more" href="https://www.handball-ulm.de/?p=14152"> Mehr lesen...</a>        </div>    
    </div>
</article>
<article class="post">
    <div class="post-11073 post type-post status-publish format-standard has-post-thumbnail hentry category-aus-dem-sg-leben-22-23 category-gemischt-f-ulm category-gemischt-f-wiblingen category-startseite"  id="post-11073">
      
    <figure>
        <a href="https://www.handball-ulm.de/?p=11073">
            <img loading="lazy" decoding="async" width="964" height="428" src="https://www.handball-ulm.de/wp-content/uploads/2022/10/OTCG1136-964x428.jpg" class="attachment-sporty-blog-image size-sporty-blog-image wp-post-image" alt="" />        </a>
    </figure>
            <div class="postbox">  
            <h3>
                <a href="https://www.handball-ulm.de/?p=11073">Alle drei F-Jugend-Mannschaften mit Begeisterung in die neue Saison gestartet</a>
            </h3>
        <div class="date-without-thumb">16. Oktober 2022</div> 
        <p>F-Jugend im Handballfieber</p>
<br/><br/><a class="read-more" href="https://www.handball-ulm.de/?p=11073"> Mehr lesen...</a>        </div>    
    </div>
</article>
<!-- VIEW ALL BUTTON -->
<div class="blogpager">
    <div class="previous">
        <a href="https://www.handball-ulm.de/?cat=28">Alle</a>
    </div>
</div>


</div>


<div>

<p><a href="https://www.handball.net/mannschaften/handball4all.baden-wuerttemberg.1373321/spielplan" target="_blank" rel="noopener">SG Ulm &amp; Wiblingen 2 Oberschwaben-Ostalb &#8211; gemischte F-Jugend Spielfeste (Staffel 1)</a></p>
<p><a href="https://www.handball.net/mannschaften/handball4all.baden-wuerttemberg.1373016/spielplan" target="_blank" rel="noopener">SG Ulm &amp; Wiblingen Oberschwaben-Ostalb &#8211; gemischte F-Jugend Spielfeste (Staffel 2)</a></p>
<p><a href="https://www.handball.net/mannschaften/handball4all.baden-wuerttemberg.1373036/spielplan" target="_blank" rel="noopener">SG Ulm &amp; Wiblingen 3 Oberschwaben-Ostalb &#8211; gemischte F-Jugend Spielfeste (Staffel 2)</a></p>

</div>


<div>
<br>Dienstag 17:00 – 18:30 Uhr TPH</p>
<p><a href="/?page_id=127">Link zu den Hallen</a><br>
</div>


<div>
<br>2017/2018<br>
</div>


<div>
<br><strong>Name:</strong> Susan Kräuter, Mia Böck, Isabel McIlhone<br><strong>E-Mail:</strong> <a href="mailto:gFWiblinen@sgulm.de">gFWiblingen@sgulm.de</a><br>
</div>


</div></div>
<script type="text/javascript">jQuery(document).ready(function() { 
    jQuery("#tabs-113451333").easyResponsiveTabs({ type: "default", width: "auto", fit: true}); 
    
}); </script>




<p></p>
