{"id":597,"date":"2019-02-04T21:47:08","date_gmt":"2019-02-04T20:47:08","guid":{"rendered":"https:\/\/sgulm.tcremer.de\/?page_id=597"},"modified":"2025-11-16T15:47:09","modified_gmt":"2025-11-16T14:47:09","slug":"gemischt-f-ulm","status":"publish","type":"page","link":"https:\/\/www.handball-ulm.de\/?page_id=597","title":{"rendered":"Gemischt F Ulm 1+2"},"content":{"rendered":"\n\r\n\r\n<div id=\"tabs-513446955\">\n\r\n<ul class=\"resp-tabs-list\">\r\n    <li>Kader<\/li>\r\n\n\r\n    <li>Aktuelles<\/li>\r\n\n\r\n    <li>Spielplan<\/li>\r\n\n\r\n    <li>Trainingszeiten<\/li>\r\n\n\r\n    <li>Jahrgang<\/li>\r\n\n\r\n    <li>Trainer<\/li>\r\n<\/ul>\r\n<div class=\"resp-tabs-container\">\n \r\n<div>\r\n\n<p><strong>Hintere Reihe v.l.n.r.:<\/strong><br \/>\nKlumpi, Constantin, Merle, Leon, Jonah, Rafael S., Levy, Patrick, Rafael C., Malik, Hannes, Patrick<br \/>\n<strong>Vordere Reihe v.l.n.r.:<\/strong><br \/>\nDiana, Josefine, Nele, Mateo, Marten, Romy, Ole, Niklas, Fritz, Kalle<br \/>\nMarian<br \/>\n<strong>Es<\/strong> <strong>fehlen:<\/strong><br \/>\nAnton, Oscar, Ali, Mika, Timo, Tarik, Franzi<\/p>\n\r\n<\/div>\r\n\n\r\n<div>\r\n\n<article class=\"post\">\r\n    <div class=\"post-20178 post type-post status-publish format-standard has-post-thumbnail hentry category-aktive category-aktuelles-foerderverein category-allgemein category-aus-dem-sg-leben category-aus-dem-sg-leben-25-26 category-events category-frauen-1 category-frauen-2 category-gaenswiescup-2025 category-gaenswiescup-2026 category-gaenswiesturnier category-gemischt-d1 category-gemischt-d2 category-gemischt-d3 category-gemischt-e-ulm category-gemischt-e-wiblingen category-gemischt-f-ulm category-gemischt-f-wiblingen category-jugend category-maenner-1 category-maenner-2 category-maenner-3 category-maennlich-a category-maennlich-b1 category-maennlich-c category-maennlich-c2 category-miniminis-oststadt category-miniminis-weststadt category-miniminis-wiblingen category-minis-goegglingen category-minis-oststadt category-minis-weststadt-1 category-minis-weststadt-2 category-minis-wiblingen category-spielgemeinschaft category-startseite category-weiblich-a category-weiblich-b category-weiblich-b2 category-weiblich-c category-weiblich-c2 category-weiblich-d category-weiblich-e\"  id=\"post-20178\">\r\n      \r\n    <figure>\r\n        <a href=\"https:\/\/www.handball-ulm.de\/?p=20178\">\r\n            <img loading=\"lazy\" decoding=\"async\" width=\"964\" height=\"428\" src=\"https:\/\/www.handball-ulm.de\/wp-content\/uploads\/2026\/04\/torwart-Website.jpg\" class=\"attachment-sporty-blog-image size-sporty-blog-image wp-post-image\" alt=\"Torwart gesucht\" srcset=\"https:\/\/www.handball-ulm.de\/wp-content\/uploads\/2026\/04\/torwart-Website.jpg 964w, https:\/\/www.handball-ulm.de\/wp-content\/uploads\/2026\/04\/torwart-Website-300x133.jpg 300w, https:\/\/www.handball-ulm.de\/wp-content\/uploads\/2026\/04\/torwart-Website-768x341.jpg 768w\" sizes=\"(max-width: 964px) 100vw, 964px\" \/>        <\/a>\r\n    <\/figure>\r\n            <div class=\"postbox\">  \r\n            <h3>\r\n                <a href=\"https:\/\/www.handball-ulm.de\/?p=20178\">Aufruf: Wer kennt einen Torh\u00fcter?!<\/a>\r\n            <\/h3>\r\n        <div class=\"date-without-thumb\">15. April 2026<\/div> \r\n        <p>Liebe Vereinsfamilie, unsere Herren 1 steht vor einer wichtigen Frage: Wer h\u00fctet n\u00e4chste Saison unser Tor? Trainer Ralf und die Mannschaft suchen dringend einen Torh\u00fcter \u2013 ab sofort, aber ganz besonders f\u00fcr die kommende Saison. Und jetzt kommt ihr ins Spiel! \ud83d\udc49 Fragt in eurem Freundeskreis, in der Familie, bei Arbeitskollegen, beim Stammtisch \u2013 einfach [&hellip;]<\/p>\n<br\/><br\/><a class=\"read-more\" href=\"https:\/\/www.handball-ulm.de\/?p=20178\"> Mehr lesen...<\/a>        <\/div>    \r\n    <\/div>\r\n<\/article>\r\n<article class=\"post\">\r\n    <div class=\"post-16075 post type-post status-publish format-standard has-post-thumbnail hentry category-aus-dem-sg-leben-23-24 category-gemischt-f-ulm category-gemischt-f-wiblingen category-startseite\"  id=\"post-16075\">\r\n      \r\n    <figure>\r\n        <a href=\"https:\/\/www.handball-ulm.de\/?p=16075\">\r\n            <img loading=\"lazy\" decoding=\"async\" width=\"964\" height=\"428\" src=\"https:\/\/www.handball-ulm.de\/wp-content\/uploads\/2024\/01\/WhatsApp-Bild-2024-01-21-um-21.22.34_7167796f-964x428.jpg\" class=\"attachment-sporty-blog-image size-sporty-blog-image wp-post-image\" alt=\"\" \/>        <\/a>\r\n    <\/figure>\r\n            <div class=\"postbox\">  \r\n            <h3>\r\n                <a href=\"https:\/\/www.handball-ulm.de\/?p=16075\">Heimspieltag der F-Jugenden 2+3<\/a>\r\n            <\/h3>\r\n        <div class=\"date-without-thumb\">20. Januar 2024<\/div> \r\n        <p>Viel Spa\u00df und Medaillen<\/p>\n<br\/><br\/><a class=\"read-more\" href=\"https:\/\/www.handball-ulm.de\/?p=16075\"> Mehr lesen...<\/a>        <\/div>    \r\n    <\/div>\r\n<\/article>\r\n<article class=\"post\">\r\n    <div class=\"post-15230 post type-post status-publish format-standard has-post-thumbnail hentry category-allgemein category-aus-dem-sg-leben-23-24 category-gemischt-f-ulm category-startseite\"  id=\"post-15230\">\r\n      \r\n    <figure>\r\n        <a href=\"https:\/\/www.handball-ulm.de\/?p=15230\">\r\n            <img loading=\"lazy\" decoding=\"async\" width=\"964\" height=\"428\" src=\"https:\/\/www.handball-ulm.de\/wp-content\/uploads\/2023\/11\/WhatsApp-Bild-2023-11-21-um-20.57.30_9f42488c-964x428.jpg\" class=\"attachment-sporty-blog-image size-sporty-blog-image wp-post-image\" alt=\"\" \/>        <\/a>\r\n    <\/figure>\r\n            <div class=\"postbox\">  \r\n            <h3>\r\n                <a href=\"https:\/\/www.handball-ulm.de\/?p=15230\">Gemischte F-Jugend Ulm  Spieltag am 19.11202<\/a>\r\n            <\/h3>\r\n        <div class=\"date-without-thumb\">19. November 2023<\/div> \r\n        <p>F-Jugend-Spieltag der Sg Ulm &amp; Wiblingen \u2013 zwei F-Jugendspieltage am 19.11.2023. Es war immer eine tolle Stimmung und eine volle Halle. Am letzten Sonntag konnten wir in unserer Halle zwei tolle F-Jugendspieltage durchf\u00fchren. Die vielen kleinen Handballer der insgesamt 11 Gast-Mannschaften und unsere Kinder der SG Ulm &amp; Wiblingen 1+2 zeigten dabei ihr K\u00f6nnen und [&hellip;]<\/p>\n<br\/><br\/><a class=\"read-more\" href=\"https:\/\/www.handball-ulm.de\/?p=15230\"> Mehr lesen...<\/a>        <\/div>    \r\n    <\/div>\r\n<\/article>\r\n<article class=\"post\">\r\n    <div class=\"post-11073 post type-post status-publish format-standard has-post-thumbnail hentry category-aus-dem-sg-leben-22-23 category-gemischt-f-ulm category-gemischt-f-wiblingen category-startseite\"  id=\"post-11073\">\r\n      \r\n    <figure>\r\n        <a href=\"https:\/\/www.handball-ulm.de\/?p=11073\">\r\n            <img loading=\"lazy\" decoding=\"async\" width=\"964\" height=\"428\" src=\"https:\/\/www.handball-ulm.de\/wp-content\/uploads\/2022\/10\/OTCG1136-964x428.jpg\" class=\"attachment-sporty-blog-image size-sporty-blog-image wp-post-image\" alt=\"\" \/>        <\/a>\r\n    <\/figure>\r\n            <div class=\"postbox\">  \r\n            <h3>\r\n                <a href=\"https:\/\/www.handball-ulm.de\/?p=11073\">Alle drei F-Jugend-Mannschaften mit Begeisterung in die neue Saison gestartet<\/a>\r\n            <\/h3>\r\n        <div class=\"date-without-thumb\">16. Oktober 2022<\/div> \r\n        <p>F-Jugend im Handballfieber<\/p>\n<br\/><br\/><a class=\"read-more\" href=\"https:\/\/www.handball-ulm.de\/?p=11073\"> Mehr lesen...<\/a>        <\/div>    \r\n    <\/div>\r\n<\/article>\r\n<article class=\"post\">\r\n    <div class=\"post-10456 post type-post status-publish format-standard hentry category-gemischt-f-ulm\"  id=\"post-10456\">\r\n            <div class=\"postbox\">  \r\n            <h3>\r\n                <a href=\"https:\/\/www.handball-ulm.de\/?p=10456\">Gemischt F Ulm: Saison Bericht 2022\/23<\/a>\r\n            <\/h3>\r\n        <div class=\"date-without-thumb\">19. August 2022<\/div> \r\n        <p>F- Jugend (Ulm) &#8211; Handball macht Spa\u00df!!! Wir freuen uns auf eine neue tolle Saison mit erstmals sogar 3 F-Jugendmannschaften im Verein! Der Kern unserer Mannschaft ist bereits sehr erfahren und wir konnten viele neue Kinder in unserer Mannschaft aufnehmen. Wir hoffen, mit unserem tollen neuen Team wieder bei den Spieltagen unser K\u00f6nnen zeigen und [&hellip;]<\/p>\n<br\/><br\/><a class=\"read-more\" href=\"https:\/\/www.handball-ulm.de\/?p=10456\"> Mehr lesen...<\/a>        <\/div>    \r\n    <\/div>\r\n<\/article>\r\n<!-- VIEW ALL BUTTON -->\r\n<div class=\"blogpager\">\r\n    <div class=\"previous\">\r\n        <a href=\"https:\/\/www.handball-ulm.de\/?cat=27\">Alle<\/a>\r\n    <\/div>\r\n<\/div>\r\n\n\r\n<\/div>\r\n\n\r\n<div>\r\n\n\n\r\n<div class=\"clearfix\">\r\n    <div id=\"subtabs-1739669289\">\n\r\n      <ul class=\"resp-tabs-list\">\r\n    <li>2023\/2024<\/li>\r\n\n\r\n    <li>2022\/2023<\/li>\r\n\n\r\n    <li>2021\/2022<\/li>\r\n\n\r\n    <li>2020\/2021<\/li>\r\n\n\r\n    <li>2019\/2020<\/li>\r\n\n\r\n    <li>2018\/2019<\/li>\r\n<\/ul>\r\n      <div class=\"resp-tabs-container\">\n \r\n<div>\r\n\n<br \/>\n\r\n<\/div>\r\n\n\r\n<div>\r\n\n<strong>F-JUGEND ULM 1 GJF 1<\/strong><br \/>\n<img loading=\"lazy\" decoding=\"async\" class=\"alignnone  wp-image-10780\" src=\"https:\/\/www.handball-ulm.de\/wp-content\/uploads\/2022\/09\/Spielplan_gE_Ulm_22-23-1-300x248.png\" alt=\"\" width=\"582\" height=\"481\" srcset=\"https:\/\/www.handball-ulm.de\/wp-content\/uploads\/2022\/09\/Spielplan_gE_Ulm_22-23-1-300x248.png 300w, https:\/\/www.handball-ulm.de\/wp-content\/uploads\/2022\/09\/Spielplan_gE_Ulm_22-23-1-768x634.png 768w, https:\/\/www.handball-ulm.de\/wp-content\/uploads\/2022\/09\/Spielplan_gE_Ulm_22-23-1.png 921w\" sizes=\"(max-width: 582px) 100vw, 582px\" \/><br \/>\n<strong>F-JUGEND ULM 2 GJF 3<br \/>\n<\/strong><img loading=\"lazy\" decoding=\"async\" class=\"alignnone  wp-image-10782\" src=\"https:\/\/www.handball-ulm.de\/wp-content\/uploads\/2022\/09\/Spielplan_gE_Ulm_2_22-23-300x281.png\" alt=\"\" width=\"580\" height=\"543\" srcset=\"https:\/\/www.handball-ulm.de\/wp-content\/uploads\/2022\/09\/Spielplan_gE_Ulm_2_22-23-300x281.png 300w, https:\/\/www.handball-ulm.de\/wp-content\/uploads\/2022\/09\/Spielplan_gE_Ulm_2_22-23-768x719.png 768w, https:\/\/www.handball-ulm.de\/wp-content\/uploads\/2022\/09\/Spielplan_gE_Ulm_2_22-23.png 940w\" sizes=\"(max-width: 580px) 100vw, 580px\" \/><br \/>\n\r\n<\/div>\r\n\n\r\n<div>\r\n\n<strong>Jugend F Staffel 1<\/strong><\/p>\n<p><\/p>\n<p><strong>Jugend F Staffel 2<br \/>\n<\/strong><br \/>\n\r\n<\/div>\r\n\n\r\n<div>\r\n\nDie Saison 2020\/2021 wurde corona-bedingt abgesagt!<br \/>\n\r\n<\/div>\r\n\n\r\n<div>\r\n<strong><br \/>\n<\/strong><br \/>\n\r\n<\/div>\r\n\n\r\n<div>\r\n\n<br \/>\n\r\n<\/div>\r\n<\/div>\r\n    <\/div>\r\n<\/div>\r\n\n\n\r\n<\/div>\r\n\n\r\n<div>\r\n\nMontag 17:00 \u2013 18:30 Uhr Albrecht-Berblinger-Halle (Jg. 2016\/2017)<br \/>\nMittwoch 17:00 \u2013 18:30 Uhr Ballspielhalle Ulm (Jg. 2017)<\/p>\n<p>Freitag 16:00 &#8211; 17:30 Uhr Valckenburghalle (Jg. 2016\/2017)<\/p>\n<p><a href=\"\/?page_id=127\">Link zu den Hallen<\/a><br \/>\n\r\n<\/div>\r\n\n\r\n<div>\r\n\n2017\/2018<br \/>\n\r\n<\/div>\r\n\n\r\n<div>\r\n\n<strong>Name:<\/strong> Sabine Bodmer, Timo Frank, Luisa Frank, Marian Bodmer<br \/>\n<strong>E-Mail:<\/strong> <a href=\"mailto:gFUlm@sgulm.de\">gFUlm@sgulm.de<\/a><br \/>\n\r\n<\/div>\r\n\r\n\r\n<\/div><\/div>\r\n<script type=\"text\/javascript\">jQuery(document).ready(function() { \r\n    jQuery(\"#tabs-513446955\").easyResponsiveTabs({ type: \"default\", width: \"auto\", fit: true}); \r\njQuery(\"#subtabs-1739669289\").easyResponsiveTabs({ type: \"default\", width: \"auto\", fit: true});\n    \r\n}); <\/script>\r\n\n\n","protected":false},"excerpt":{"rendered":"<br\/><br\/><a class=\"read-more\" href=\"https:\/\/www.handball-ulm.de\/?p=10456\"> Mehr lesen...<\/a>","protected":false},"author":1,"featured_media":13665,"parent":0,"menu_order":0,"comment_status":"closed","ping_status":"closed","template":"","meta":{"ngg_post_thumbnail":0,"footnotes":""},"_links":{"self":[{"href":"https:\/\/www.handball-ulm.de\/index.php?rest_route=\/wp\/v2\/pages\/597"}],"collection":[{"href":"https:\/\/www.handball-ulm.de\/index.php?rest_route=\/wp\/v2\/pages"}],"about":[{"href":"https:\/\/www.handball-ulm.de\/index.php?rest_route=\/wp\/v2\/types\/page"}],"author":[{"embeddable":true,"href":"https:\/\/www.handball-ulm.de\/index.php?rest_route=\/wp\/v2\/users\/1"}],"replies":[{"embeddable":true,"href":"https:\/\/www.handball-ulm.de\/index.php?rest_route=%2Fwp%2Fv2%2Fcomments&post=597"}],"version-history":[{"count":27,"href":"https:\/\/www.handball-ulm.de\/index.php?rest_route=\/wp\/v2\/pages\/597\/revisions"}],"predecessor-version":[{"id":19558,"href":"https:\/\/www.handball-ulm.de\/index.php?rest_route=\/wp\/v2\/pages\/597\/revisions\/19558"}],"wp:featuredmedia":[{"embeddable":true,"href":"https:\/\/www.handball-ulm.de\/index.php?rest_route=\/wp\/v2\/media\/13665"}],"wp:attachment":[{"href":"https:\/\/www.handball-ulm.de\/index.php?rest_route=%2Fwp%2Fv2%2Fmedia&parent=597"}],"curies":[{"name":"wp","href":"https:\/\/api.w.org\/{rel}","templated":true}]}}

<div id="tabs-513446955">

<ul class="resp-tabs-list">
    <li>Kader</li>


    <li>Aktuelles</li>


    <li>Spielplan</li>


    <li>Trainingszeiten</li>


    <li>Jahrgang</li>


    <li>Trainer</li>
</ul>
<div class="resp-tabs-container">
 
<div>

<p><strong>Hintere Reihe v.l.n.r.:</strong><br />
Klumpi, Constantin, Merle, Leon, Jonah, Rafael S., Levy, Patrick, Rafael C., Malik, Hannes, Patrick<br />
<strong>Vordere Reihe v.l.n.r.:</strong><br />
Diana, Josefine, Nele, Mateo, Marten, Romy, Ole, Niklas, Fritz, Kalle<br />
Marian<br />
<strong>Es</strong> <strong>fehlen:</strong><br />
Anton, Oscar, Ali, Mika, Timo, Tarik, Franzi</p>

</div>


<div>

<article class="post">
    <div class="post-20178 post type-post status-publish format-standard has-post-thumbnail hentry category-aktive category-aktuelles-foerderverein category-allgemein category-aus-dem-sg-leben category-aus-dem-sg-leben-25-26 category-events category-frauen-1 category-frauen-2 category-gaenswiescup-2025 category-gaenswiescup-2026 category-gaenswiesturnier category-gemischt-d1 category-gemischt-d2 category-gemischt-d3 category-gemischt-e-ulm category-gemischt-e-wiblingen category-gemischt-f-ulm category-gemischt-f-wiblingen category-jugend category-maenner-1 category-maenner-2 category-maenner-3 category-maennlich-a category-maennlich-b1 category-maennlich-c category-maennlich-c2 category-miniminis-oststadt category-miniminis-weststadt category-miniminis-wiblingen category-minis-goegglingen category-minis-oststadt category-minis-weststadt-1 category-minis-weststadt-2 category-minis-wiblingen category-spielgemeinschaft category-startseite category-weiblich-a category-weiblich-b category-weiblich-b2 category-weiblich-c category-weiblich-c2 category-weiblich-d category-weiblich-e"  id="post-20178">
      
    <figure>
        <a href="https://www.handball-ulm.de/?p=20178">
            <img loading="lazy" decoding="async" width="964" height="428" src="https://www.handball-ulm.de/wp-content/uploads/2026/04/torwart-Website.jpg" class="attachment-sporty-blog-image size-sporty-blog-image wp-post-image" alt="Torwart gesucht" srcset="https://www.handball-ulm.de/wp-content/uploads/2026/04/torwart-Website.jpg 964w, https://www.handball-ulm.de/wp-content/uploads/2026/04/torwart-Website-300x133.jpg 300w, https://www.handball-ulm.de/wp-content/uploads/2026/04/torwart-Website-768x341.jpg 768w" sizes="(max-width: 964px) 100vw, 964px" />        </a>
    </figure>
            <div class="postbox">  
            <h3>
                <a href="https://www.handball-ulm.de/?p=20178">Aufruf: Wer kennt einen Torhüter?!</a>
            </h3>
        <div class="date-without-thumb">15. April 2026</div> 
        <p>Liebe Vereinsfamilie, unsere Herren 1 steht vor einer wichtigen Frage: Wer hütet nächste Saison unser Tor? Trainer Ralf und die Mannschaft suchen dringend einen Torhüter – ab sofort, aber ganz besonders für die kommende Saison. Und jetzt kommt ihr ins Spiel! 👉 Fragt in eurem Freundeskreis, in der Familie, bei Arbeitskollegen, beim Stammtisch – einfach [&hellip;]</p>
<br/><br/><a class="read-more" href="https://www.handball-ulm.de/?p=20178"> Mehr lesen...</a>        </div>    
    </div>
</article>
<article class="post">
    <div class="post-16075 post type-post status-publish format-standard has-post-thumbnail hentry category-aus-dem-sg-leben-23-24 category-gemischt-f-ulm category-gemischt-f-wiblingen category-startseite"  id="post-16075">
      
    <figure>
        <a href="https://www.handball-ulm.de/?p=16075">
            <img loading="lazy" decoding="async" width="964" height="428" src="https://www.handball-ulm.de/wp-content/uploads/2024/01/WhatsApp-Bild-2024-01-21-um-21.22.34_7167796f-964x428.jpg" class="attachment-sporty-blog-image size-sporty-blog-image wp-post-image" alt="" />        </a>
    </figure>
            <div class="postbox">  
            <h3>
                <a href="https://www.handball-ulm.de/?p=16075">Heimspieltag der F-Jugenden 2+3</a>
            </h3>
        <div class="date-without-thumb">20. Januar 2024</div> 
        <p>Viel Spaß und Medaillen</p>
<br/><br/><a class="read-more" href="https://www.handball-ulm.de/?p=16075"> Mehr lesen...</a>        </div>    
    </div>
</article>
<article class="post">
    <div class="post-15230 post type-post status-publish format-standard has-post-thumbnail hentry category-allgemein category-aus-dem-sg-leben-23-24 category-gemischt-f-ulm category-startseite"  id="post-15230">
      
    <figure>
        <a href="https://www.handball-ulm.de/?p=15230">
            <img loading="lazy" decoding="async" width="964" height="428" src="https://www.handball-ulm.de/wp-content/uploads/2023/11/WhatsApp-Bild-2023-11-21-um-20.57.30_9f42488c-964x428.jpg" class="attachment-sporty-blog-image size-sporty-blog-image wp-post-image" alt="" />        </a>
    </figure>
            <div class="postbox">  
            <h3>
                <a href="https://www.handball-ulm.de/?p=15230">Gemischte F-Jugend Ulm  Spieltag am 19.11202</a>
            </h3>
        <div class="date-without-thumb">19. November 2023</div> 
        <p>F-Jugend-Spieltag der Sg Ulm &amp; Wiblingen – zwei F-Jugendspieltage am 19.11.2023. Es war immer eine tolle Stimmung und eine volle Halle. Am letzten Sonntag konnten wir in unserer Halle zwei tolle F-Jugendspieltage durchführen. Die vielen kleinen Handballer der insgesamt 11 Gast-Mannschaften und unsere Kinder der SG Ulm &amp; Wiblingen 1+2 zeigten dabei ihr Können und [&hellip;]</p>
<br/><br/><a class="read-more" href="https://www.handball-ulm.de/?p=15230"> Mehr lesen...</a>        </div>    
    </div>
</article>
<article class="post">
    <div class="post-11073 post type-post status-publish format-standard has-post-thumbnail hentry category-aus-dem-sg-leben-22-23 category-gemischt-f-ulm category-gemischt-f-wiblingen category-startseite"  id="post-11073">
      
    <figure>
        <a href="https://www.handball-ulm.de/?p=11073">
            <img loading="lazy" decoding="async" width="964" height="428" src="https://www.handball-ulm.de/wp-content/uploads/2022/10/OTCG1136-964x428.jpg" class="attachment-sporty-blog-image size-sporty-blog-image wp-post-image" alt="" />        </a>
    </figure>
            <div class="postbox">  
            <h3>
                <a href="https://www.handball-ulm.de/?p=11073">Alle drei F-Jugend-Mannschaften mit Begeisterung in die neue Saison gestartet</a>
            </h3>
        <div class="date-without-thumb">16. Oktober 2022</div> 
        <p>F-Jugend im Handballfieber</p>
<br/><br/><a class="read-more" href="https://www.handball-ulm.de/?p=11073"> Mehr lesen...</a>        </div>    
    </div>
</article>
<article class="post">
    <div class="post-10456 post type-post status-publish format-standard hentry category-gemischt-f-ulm"  id="post-10456">
            <div class="postbox">  
            <h3>
                <a href="https://www.handball-ulm.de/?p=10456">Gemischt F Ulm: Saison Bericht 2022/23</a>
            </h3>
        <div class="date-without-thumb">19. August 2022</div> 
        <p>F- Jugend (Ulm) &#8211; Handball macht Spaß!!! Wir freuen uns auf eine neue tolle Saison mit erstmals sogar 3 F-Jugendmannschaften im Verein! Der Kern unserer Mannschaft ist bereits sehr erfahren und wir konnten viele neue Kinder in unserer Mannschaft aufnehmen. Wir hoffen, mit unserem tollen neuen Team wieder bei den Spieltagen unser Können zeigen und [&hellip;]</p>
<br/><br/><a class="read-more" href="https://www.handball-ulm.de/?p=10456"> Mehr lesen...</a>        </div>    
    </div>
</article>
<!-- VIEW ALL BUTTON -->
<div class="blogpager">
    <div class="previous">
        <a href="https://www.handball-ulm.de/?cat=27">Alle</a>
    </div>
</div>


</div>


<div>



<div class="clearfix">
    <div id="subtabs-1739669289">

      <ul class="resp-tabs-list">
    <li>2023/2024</li>


    <li>2022/2023</li>


    <li>2021/2022</li>


    <li>2020/2021</li>


    <li>2019/2020</li>


    <li>2018/2019</li>
</ul>
      <div class="resp-tabs-container">
 
<div>

<br />

</div>


<div>

<strong>F-JUGEND ULM 1 GJF 1</strong><br />
<img loading="lazy" decoding="async" class="alignnone  wp-image-10780" src="https://www.handball-ulm.de/wp-content/uploads/2022/09/Spielplan_gE_Ulm_22-23-1-300x248.png" alt="" width="582" height="481" srcset="https://www.handball-ulm.de/wp-content/uploads/2022/09/Spielplan_gE_Ulm_22-23-1-300x248.png 300w, https://www.handball-ulm.de/wp-content/uploads/2022/09/Spielplan_gE_Ulm_22-23-1-768x634.png 768w, https://www.handball-ulm.de/wp-content/uploads/2022/09/Spielplan_gE_Ulm_22-23-1.png 921w" sizes="(max-width: 582px) 100vw, 582px" /><br />
<strong>F-JUGEND ULM 2 GJF 3<br />
</strong><img loading="lazy" decoding="async" class="alignnone  wp-image-10782" src="https://www.handball-ulm.de/wp-content/uploads/2022/09/Spielplan_gE_Ulm_2_22-23-300x281.png" alt="" width="580" height="543" srcset="https://www.handball-ulm.de/wp-content/uploads/2022/09/Spielplan_gE_Ulm_2_22-23-300x281.png 300w, https://www.handball-ulm.de/wp-content/uploads/2022/09/Spielplan_gE_Ulm_2_22-23-768x719.png 768w, https://www.handball-ulm.de/wp-content/uploads/2022/09/Spielplan_gE_Ulm_2_22-23.png 940w" sizes="(max-width: 580px) 100vw, 580px" /><br />

</div>


<div>

<strong>Jugend F Staffel 1</strong></p>
<p></p>
<p><strong>Jugend F Staffel 2<br />
</strong><br />

</div>


<div>

Die Saison 2020/2021 wurde corona-bedingt abgesagt!<br />

</div>


<div>
<strong><br />
</strong><br />

</div>


<div>

<br />

</div>
</div>
    </div>
</div>



</div>


<div>

Montag 17:00 – 18:30 Uhr Albrecht-Berblinger-Halle (Jg. 2016/2017)<br />
Mittwoch 17:00 – 18:30 Uhr Ballspielhalle Ulm (Jg. 2017)</p>
<p>Freitag 16:00 &#8211; 17:30 Uhr Valckenburghalle (Jg. 2016/2017)</p>
<p><a href="/?page_id=127">Link zu den Hallen</a><br />

</div>


<div>

2017/2018<br />

</div>


<div>

<strong>Name:</strong> Sabine Bodmer, Timo Frank, Luisa Frank, Marian Bodmer<br />
<strong>E-Mail:</strong> <a href="mailto:gFUlm@sgulm.de">gFUlm@sgulm.de</a><br />

</div>


</div></div>
<script type="text/javascript">jQuery(document).ready(function() { 
    jQuery("#tabs-513446955").easyResponsiveTabs({ type: "default", width: "auto", fit: true}); 
jQuery("#subtabs-1739669289").easyResponsiveTabs({ type: "default", width: "auto", fit: true});
    
}); </script>
