{"id":5945,"date":"2021-06-26T09:21:16","date_gmt":"2021-06-26T07:21:16","guid":{"rendered":"https:\/\/www.handball-ulm.de\/?page_id=5945"},"modified":"2025-11-16T15:54:20","modified_gmt":"2025-11-16T14:54:20","slug":"mini-minis-oststadt","status":"publish","type":"page","link":"https:\/\/www.handball-ulm.de\/?page_id=5945","title":{"rendered":"Oststadt MiniMinis"},"content":{"rendered":"\n\r\n\r\n<div id=\"tabs-1526920718\">\n\r\n<ul class=\"resp-tabs-list\">\r\n    <li>Kader<\/li>\r\n\n\r\n    <li>Aktuelles<\/li>\r\n\n\r\n    <li>Trainingszeiten<\/li>\r\n\n\r\n    <li>Jahrgang<\/li>\r\n\n\r\n    <li>Trainer<\/li>\r\n<\/ul>\r\n<div class=\"resp-tabs-container\">\n \r\n<div>\r\n\n<p><strong>Hintere Reihe v.l.n.r.:<\/strong><br \/>\nJessie, Chiara, Annika, Emilia, Christian, Christoph<br \/>\n<strong>vordere Reihe v.l.n.r.:<\/strong><br \/>\nJanne, Emma, Jonas, Karla, Sophia, Mats, Yuna, Matti, Noah, Hugo<\/p>\n<p><strong>Es fehlen:<br \/>\n<\/strong>&#8230; Infos folgen!<\/p>\n<p><strong>Spieltag der Miniminis am 17.12.2023 10:30 Uhr TPH und 10.03.2024 10:30 Uhr TPH<br \/>\n<\/strong><\/p>\n\r\n<\/div>\r\n\n\r\n<div>\r\n\n<article class=\"post\">\r\n    <div class=\"post-20178 post type-post status-publish format-standard has-post-thumbnail hentry category-aktive category-aktuelles-foerderverein category-allgemein category-aus-dem-sg-leben category-aus-dem-sg-leben-25-26 category-events category-frauen-1 category-frauen-2 category-gaenswiescup-2025 category-gaenswiescup-2026 category-gaenswiesturnier category-gemischt-d1 category-gemischt-d2 category-gemischt-d3 category-gemischt-e-ulm category-gemischt-e-wiblingen category-gemischt-f-ulm category-gemischt-f-wiblingen category-jugend category-maenner-1 category-maenner-2 category-maenner-3 category-maennlich-a category-maennlich-b1 category-maennlich-c category-maennlich-c2 category-miniminis-oststadt category-miniminis-weststadt category-miniminis-wiblingen category-minis-goegglingen category-minis-oststadt category-minis-weststadt-1 category-minis-weststadt-2 category-minis-wiblingen category-spielgemeinschaft category-startseite category-weiblich-a category-weiblich-b category-weiblich-b2 category-weiblich-c category-weiblich-c2 category-weiblich-d category-weiblich-e\"  id=\"post-20178\">\r\n      \r\n    <figure>\r\n        <a href=\"https:\/\/www.handball-ulm.de\/?p=20178\">\r\n            <img loading=\"lazy\" decoding=\"async\" width=\"964\" height=\"428\" src=\"https:\/\/www.handball-ulm.de\/wp-content\/uploads\/2026\/04\/torwart-Website.jpg\" class=\"attachment-sporty-blog-image size-sporty-blog-image wp-post-image\" alt=\"Torwart gesucht\" srcset=\"https:\/\/www.handball-ulm.de\/wp-content\/uploads\/2026\/04\/torwart-Website.jpg 964w, https:\/\/www.handball-ulm.de\/wp-content\/uploads\/2026\/04\/torwart-Website-300x133.jpg 300w, https:\/\/www.handball-ulm.de\/wp-content\/uploads\/2026\/04\/torwart-Website-768x341.jpg 768w\" sizes=\"(max-width: 964px) 100vw, 964px\" \/>        <\/a>\r\n    <\/figure>\r\n            <div class=\"postbox\">  \r\n            <h3>\r\n                <a href=\"https:\/\/www.handball-ulm.de\/?p=20178\">Aufruf: Wer kennt einen Torh\u00fcter?!<\/a>\r\n            <\/h3>\r\n        <div class=\"date-without-thumb\">15. April 2026<\/div> \r\n        <p>Liebe Vereinsfamilie, unsere Herren 1 steht vor einer wichtigen Frage: Wer h\u00fctet n\u00e4chste Saison unser Tor? Trainer Ralf und die Mannschaft suchen dringend einen Torh\u00fcter \u2013 ab sofort, aber ganz besonders f\u00fcr die kommende Saison. Und jetzt kommt ihr ins Spiel! \ud83d\udc49 Fragt in eurem Freundeskreis, in der Familie, bei Arbeitskollegen, beim Stammtisch \u2013 einfach [&hellip;]<\/p>\n<br\/><br\/><a class=\"read-more\" href=\"https:\/\/www.handball-ulm.de\/?p=20178\"> Mehr lesen...<\/a>        <\/div>    \r\n    <\/div>\r\n<\/article>\r\n<article class=\"post\">\r\n    <div class=\"post-14171 post type-post status-publish format-standard hentry category-miniminis-oststadt\"  id=\"post-14171\">\r\n            <div class=\"postbox\">  \r\n            <h3>\r\n                <a href=\"https:\/\/www.handball-ulm.de\/?p=14171\">MiniMinis Oststadt: Saison Bericht 2023\/24<\/a>\r\n            <\/h3>\r\n        <div class=\"date-without-thumb\">25. September 2023<\/div> \r\n        <p>Nachdem einige Miniminis zu den Minis nebenan gewechselt sind, starteten wir mit einigen neuen Kindern und neuen Trainern in die Saison 2023\/2024 \u201eWir sind die MiniMinis!\u201c Unsere Kleinsten d\u00fcrfen sich mit Spiel und Spa\u00df in der Halle ausprobieren. Die Stunde beinhaltet immer einfache \u00dcbungen und Spiele mit und ohne Handball und eine Ger\u00e4telandschaft (Parkour) zum [&hellip;]<\/p>\n<br\/><br\/><a class=\"read-more\" href=\"https:\/\/www.handball-ulm.de\/?p=14171\"> Mehr lesen...<\/a>        <\/div>    \r\n    <\/div>\r\n<\/article>\r\n<article class=\"post\">\r\n    <div class=\"post-12688 post type-post status-publish format-standard hentry category-aus-dem-sg-leben-22-23 category-miniminis-oststadt category-miniminis-weststadt category-miniminis-wiblingen category-minis-oststadt category-minis-weststadt-1 category-minis-wiblingen category-startseite\"  id=\"post-12688\">\r\n            <div class=\"postbox\">  \r\n            <h3>\r\n                <a href=\"https:\/\/www.handball-ulm.de\/?p=12688\">Ein neuer Jugendleiter beginnt seine Arbeit<\/a>\r\n            <\/h3>\r\n        <div class=\"date-without-thumb\">17. April 2023<\/div> \r\n        <p>Verst\u00e4rkung in der Jugendleitung<\/p>\n<br\/><br\/><a class=\"read-more\" href=\"https:\/\/www.handball-ulm.de\/?p=12688\"> Mehr lesen...<\/a>        <\/div>    \r\n    <\/div>\r\n<\/article>\r\n<article class=\"post\">\r\n    <div class=\"post-12044 post type-post status-publish format-standard has-post-thumbnail hentry category-aus-dem-sg-leben-22-23 category-miniminis-oststadt category-startseite\"  id=\"post-12044\">\r\n      \r\n    <figure>\r\n        <a href=\"https:\/\/www.handball-ulm.de\/?p=12044\">\r\n            <img loading=\"lazy\" decoding=\"async\" width=\"300\" height=\"168\" src=\"https:\/\/www.handball-ulm.de\/wp-content\/uploads\/2023\/01\/index-1.png\" class=\"attachment-sporty-blog-image size-sporty-blog-image wp-post-image\" alt=\"\" \/>        <\/a>\r\n    <\/figure>\r\n            <div class=\"postbox\">  \r\n            <h3>\r\n                <a href=\"https:\/\/www.handball-ulm.de\/?p=12044\">Unsere Kleinsten sind im Fernsehen<\/a>\r\n            <\/h3>\r\n        <div class=\"date-without-thumb\">30. Januar 2023<\/div> \r\n        <p>Kleine Handballkinder kommen gro\u00df raus.<\/p>\n<br\/><br\/><a class=\"read-more\" href=\"https:\/\/www.handball-ulm.de\/?p=12044\"> Mehr lesen...<\/a>        <\/div>    \r\n    <\/div>\r\n<\/article>\r\n<!-- VIEW ALL BUTTON -->\r\n<div class=\"blogpager\">\r\n    <div class=\"previous\">\r\n        <a href=\"https:\/\/www.handball-ulm.de\/?cat=73\">Alle<\/a>\r\n    <\/div>\r\n<\/div>\r\n\n\r\n<\/div>\r\n\n\r\n<div>\r\n\nFreitag 16:30 \u2013 17:30 Uhr Valckenburghalle<\/p>\n<p><a href=\"\/?page_id=127\">Link zu den Hallen<\/a><br \/>\n\r\n<\/div>\r\n\n\r\n<div>\r\n\nab 3 Jahren (2021\/2022)<br \/>\n\r\n<\/div>\r\n\n\r\n<div>\r\n\n<strong>Name:<\/strong> Christoph Wolfert, Jessica Hemmelmann und Oliver Slave<br \/>\n<strong>E-Mail:<\/strong> <a href=\"mailto:oststadtminiminis@sgulm.de\">oststadtminiminis@sgulm.de<\/a><br \/>\njugendleitungminis@sgulm.de&nbsp; 0 163 7827149<br \/>\n\r\n<\/div>\r\n\r\n\r\n<\/div><\/div>\r\n<script type=\"text\/javascript\">jQuery(document).ready(function() { \r\n    jQuery(\"#tabs-1526920718\").easyResponsiveTabs({ type: \"default\", width: \"auto\", fit: true}); \r\n    \r\n}); <\/script>\r\n\n\n","protected":false},"excerpt":{"rendered":"<br\/><br\/><a class=\"read-more\" href=\"https:\/\/www.handball-ulm.de\/?p=12044\"> Mehr lesen...<\/a>","protected":false},"author":1,"featured_media":14161,"parent":0,"menu_order":0,"comment_status":"closed","ping_status":"closed","template":"","meta":{"ngg_post_thumbnail":0,"footnotes":""},"_links":{"self":[{"href":"https:\/\/www.handball-ulm.de\/index.php?rest_route=\/wp\/v2\/pages\/5945"}],"collection":[{"href":"https:\/\/www.handball-ulm.de\/index.php?rest_route=\/wp\/v2\/pages"}],"about":[{"href":"https:\/\/www.handball-ulm.de\/index.php?rest_route=\/wp\/v2\/types\/page"}],"author":[{"embeddable":true,"href":"https:\/\/www.handball-ulm.de\/index.php?rest_route=\/wp\/v2\/users\/1"}],"replies":[{"embeddable":true,"href":"https:\/\/www.handball-ulm.de\/index.php?rest_route=%2Fwp%2Fv2%2Fcomments&post=5945"}],"version-history":[{"count":20,"href":"https:\/\/www.handball-ulm.de\/index.php?rest_route=\/wp\/v2\/pages\/5945\/revisions"}],"predecessor-version":[{"id":19572,"href":"https:\/\/www.handball-ulm.de\/index.php?rest_route=\/wp\/v2\/pages\/5945\/revisions\/19572"}],"wp:featuredmedia":[{"embeddable":true,"href":"https:\/\/www.handball-ulm.de\/index.php?rest_route=\/wp\/v2\/media\/14161"}],"wp:attachment":[{"href":"https:\/\/www.handball-ulm.de\/index.php?rest_route=%2Fwp%2Fv2%2Fmedia&parent=5945"}],"curies":[{"name":"wp","href":"https:\/\/api.w.org\/{rel}","templated":true}]}}

<div id="tabs-1526920718">

<ul class="resp-tabs-list">
    <li>Kader</li>


    <li>Aktuelles</li>


    <li>Trainingszeiten</li>


    <li>Jahrgang</li>


    <li>Trainer</li>
</ul>
<div class="resp-tabs-container">
 
<div>

<p><strong>Hintere Reihe v.l.n.r.:</strong><br />
Jessie, Chiara, Annika, Emilia, Christian, Christoph<br />
<strong>vordere Reihe v.l.n.r.:</strong><br />
Janne, Emma, Jonas, Karla, Sophia, Mats, Yuna, Matti, Noah, Hugo</p>
<p><strong>Es fehlen:<br />
</strong>&#8230; Infos folgen!</p>
<p><strong>Spieltag der Miniminis am 17.12.2023 10:30 Uhr TPH und 10.03.2024 10:30 Uhr TPH<br />
</strong></p>

</div>


<div>

<article class="post">
    <div class="post-20178 post type-post status-publish format-standard has-post-thumbnail hentry category-aktive category-aktuelles-foerderverein category-allgemein category-aus-dem-sg-leben category-aus-dem-sg-leben-25-26 category-events category-frauen-1 category-frauen-2 category-gaenswiescup-2025 category-gaenswiescup-2026 category-gaenswiesturnier category-gemischt-d1 category-gemischt-d2 category-gemischt-d3 category-gemischt-e-ulm category-gemischt-e-wiblingen category-gemischt-f-ulm category-gemischt-f-wiblingen category-jugend category-maenner-1 category-maenner-2 category-maenner-3 category-maennlich-a category-maennlich-b1 category-maennlich-c category-maennlich-c2 category-miniminis-oststadt category-miniminis-weststadt category-miniminis-wiblingen category-minis-goegglingen category-minis-oststadt category-minis-weststadt-1 category-minis-weststadt-2 category-minis-wiblingen category-spielgemeinschaft category-startseite category-weiblich-a category-weiblich-b category-weiblich-b2 category-weiblich-c category-weiblich-c2 category-weiblich-d category-weiblich-e"  id="post-20178">
      
    <figure>
        <a href="https://www.handball-ulm.de/?p=20178">
            <img loading="lazy" decoding="async" width="964" height="428" src="https://www.handball-ulm.de/wp-content/uploads/2026/04/torwart-Website.jpg" class="attachment-sporty-blog-image size-sporty-blog-image wp-post-image" alt="Torwart gesucht" srcset="https://www.handball-ulm.de/wp-content/uploads/2026/04/torwart-Website.jpg 964w, https://www.handball-ulm.de/wp-content/uploads/2026/04/torwart-Website-300x133.jpg 300w, https://www.handball-ulm.de/wp-content/uploads/2026/04/torwart-Website-768x341.jpg 768w" sizes="(max-width: 964px) 100vw, 964px" />        </a>
    </figure>
            <div class="postbox">  
            <h3>
                <a href="https://www.handball-ulm.de/?p=20178">Aufruf: Wer kennt einen Torhüter?!</a>
            </h3>
        <div class="date-without-thumb">15. April 2026</div> 
        <p>Liebe Vereinsfamilie, unsere Herren 1 steht vor einer wichtigen Frage: Wer hütet nächste Saison unser Tor? Trainer Ralf und die Mannschaft suchen dringend einen Torhüter – ab sofort, aber ganz besonders für die kommende Saison. Und jetzt kommt ihr ins Spiel! 👉 Fragt in eurem Freundeskreis, in der Familie, bei Arbeitskollegen, beim Stammtisch – einfach [&hellip;]</p>
<br/><br/><a class="read-more" href="https://www.handball-ulm.de/?p=20178"> Mehr lesen...</a>        </div>    
    </div>
</article>
<article class="post">
    <div class="post-14171 post type-post status-publish format-standard hentry category-miniminis-oststadt"  id="post-14171">
            <div class="postbox">  
            <h3>
                <a href="https://www.handball-ulm.de/?p=14171">MiniMinis Oststadt: Saison Bericht 2023/24</a>
            </h3>
        <div class="date-without-thumb">25. September 2023</div> 
        <p>Nachdem einige Miniminis zu den Minis nebenan gewechselt sind, starteten wir mit einigen neuen Kindern und neuen Trainern in die Saison 2023/2024 „Wir sind die MiniMinis!“ Unsere Kleinsten dürfen sich mit Spiel und Spaß in der Halle ausprobieren. Die Stunde beinhaltet immer einfache Übungen und Spiele mit und ohne Handball und eine Gerätelandschaft (Parkour) zum [&hellip;]</p>
<br/><br/><a class="read-more" href="https://www.handball-ulm.de/?p=14171"> Mehr lesen...</a>        </div>    
    </div>
</article>
<article class="post">
    <div class="post-12688 post type-post status-publish format-standard hentry category-aus-dem-sg-leben-22-23 category-miniminis-oststadt category-miniminis-weststadt category-miniminis-wiblingen category-minis-oststadt category-minis-weststadt-1 category-minis-wiblingen category-startseite"  id="post-12688">
            <div class="postbox">  
            <h3>
                <a href="https://www.handball-ulm.de/?p=12688">Ein neuer Jugendleiter beginnt seine Arbeit</a>
            </h3>
        <div class="date-without-thumb">17. April 2023</div> 
        <p>Verstärkung in der Jugendleitung</p>
<br/><br/><a class="read-more" href="https://www.handball-ulm.de/?p=12688"> Mehr lesen...</a>        </div>    
    </div>
</article>
<article class="post">
    <div class="post-12044 post type-post status-publish format-standard has-post-thumbnail hentry category-aus-dem-sg-leben-22-23 category-miniminis-oststadt category-startseite"  id="post-12044">
      
    <figure>
        <a href="https://www.handball-ulm.de/?p=12044">
            <img loading="lazy" decoding="async" width="300" height="168" src="https://www.handball-ulm.de/wp-content/uploads/2023/01/index-1.png" class="attachment-sporty-blog-image size-sporty-blog-image wp-post-image" alt="" />        </a>
    </figure>
            <div class="postbox">  
            <h3>
                <a href="https://www.handball-ulm.de/?p=12044">Unsere Kleinsten sind im Fernsehen</a>
            </h3>
        <div class="date-without-thumb">30. Januar 2023</div> 
        <p>Kleine Handballkinder kommen groß raus.</p>
<br/><br/><a class="read-more" href="https://www.handball-ulm.de/?p=12044"> Mehr lesen...</a>        </div>    
    </div>
</article>
<!-- VIEW ALL BUTTON -->
<div class="blogpager">
    <div class="previous">
        <a href="https://www.handball-ulm.de/?cat=73">Alle</a>
    </div>
</div>


</div>


<div>

Freitag 16:30 – 17:30 Uhr Valckenburghalle</p>
<p><a href="/?page_id=127">Link zu den Hallen</a><br />

</div>


<div>

ab 3 Jahren (2021/2022)<br />

</div>


<div>

<strong>Name:</strong> Christoph Wolfert, Jessica Hemmelmann und Oliver Slave<br />
<strong>E-Mail:</strong> <a href="mailto:oststadtminiminis@sgulm.de">oststadtminiminis@sgulm.de</a><br />
jugendleitungminis@sgulm.de&nbsp; 0 163 7827149<br />

</div>


</div></div>
<script type="text/javascript">jQuery(document).ready(function() { 
    jQuery("#tabs-1526920718").easyResponsiveTabs({ type: "default", width: "auto", fit: true}); 
    
}); </script>
