{"id":5840,"date":"2021-06-24T23:34:07","date_gmt":"2021-06-24T21:34:07","guid":{"rendered":"https:\/\/www.handball-ulm.de\/?page_id=5840"},"modified":"2021-06-24T23:34:07","modified_gmt":"2021-06-24T21:34:07","slug":"archiv-weiblich-a-2020-2021","status":"publish","type":"page","link":"https:\/\/www.handball-ulm.de\/?page_id=5840","title":{"rendered":"Archiv Weiblich A \u2013 2020\/2021"},"content":{"rendered":"<p><strong>Unsere weiblichen A-M\u00e4dchen verst\u00e4rkten in dieser Saison die Frauen 2. Deshalb war f\u00fcr die Saison 2020\/2021 keine weibliche A-Jugend gemeldet.<\/strong><\/p>\n<p>&nbsp;<\/p>\n","protected":false},"excerpt":{"rendered":"<p>Unsere weiblichen A-M\u00e4dchen verst\u00e4rkten in dieser Saison die Frauen 2. Deshalb war f\u00fcr die Saison 2020\/2021 keine weibliche A-Jugend gemeldet. &nbsp;<\/p>\n<br\/><br\/><a class=\"read-more\" href=\"https:\/\/www.handball-ulm.de\/?page_id=5840\"> Mehr lesen...<\/a>","protected":false},"author":1,"featured_media":0,"parent":0,"menu_order":0,"comment_status":"closed","ping_status":"closed","template":"","meta":{"ngg_post_thumbnail":0,"footnotes":""},"_links":{"self":[{"href":"https:\/\/www.handball-ulm.de\/index.php?rest_route=\/wp\/v2\/pages\/5840"}],"collection":[{"href":"https:\/\/www.handball-ulm.de\/index.php?rest_route=\/wp\/v2\/pages"}],"about":[{"href":"https:\/\/www.handball-ulm.de\/index.php?rest_route=\/wp\/v2\/types\/page"}],"author":[{"embeddable":true,"href":"https:\/\/www.handball-ulm.de\/index.php?rest_route=\/wp\/v2\/users\/1"}],"replies":[{"embeddable":true,"href":"https:\/\/www.handball-ulm.de\/index.php?rest_route=%2Fwp%2Fv2%2Fcomments&post=5840"}],"version-history":[{"count":1,"href":"https:\/\/www.handball-ulm.de\/index.php?rest_route=\/wp\/v2\/pages\/5840\/revisions"}],"predecessor-version":[{"id":5841,"href":"https:\/\/www.handball-ulm.de\/index.php?rest_route=\/wp\/v2\/pages\/5840\/revisions\/5841"}],"wp:attachment":[{"href":"https:\/\/www.handball-ulm.de\/index.php?rest_route=%2Fwp%2Fv2%2Fmedia&parent=5840"}],"curies":[{"name":"wp","href":"https:\/\/api.w.org\/{rel}","templated":true}]}}

<p><strong>Unsere weiblichen A-Mädchen verstärkten in dieser Saison die Frauen 2. Deshalb war für die Saison 2020/2021 keine weibliche A-Jugend gemeldet.</strong></p>
<p>&nbsp;</p>

<p>Unsere weiblichen A-Mädchen verstärkten in dieser Saison die Frauen 2. Deshalb war für die Saison 2020/2021 keine weibliche A-Jugend gemeldet. &nbsp;</p>
<br/><br/><a class="read-more" href="https://www.handball-ulm.de/?page_id=5840"> Mehr lesen...</a>
