{"id":569,"date":"2019-01-30T22:51:07","date_gmt":"2019-01-30T21:51:07","guid":{"rendered":"https:\/\/sgulm.tcremer.de\/?page_id=569"},"modified":"2025-11-16T15:46:51","modified_gmt":"2025-11-16T14:46:51","slug":"gemischt-e-wiblingen","status":"publish","type":"page","link":"https:\/\/www.handball-ulm.de\/?page_id=569","title":{"rendered":"Gemischt E Wiblingen"},"content":{"rendered":"\n\r\n\r\n<div id=\"tabs-1568297515\">\n\r\n<ul class=\"resp-tabs-list\">\r\n    <li>Kader<\/li>\r\n\n\r\n    <li>Aktuelles<\/li>\r\n\n\r\n    <li>Spielplan<\/li>\r\n\n\r\n    <li>Trainingszeiten<\/li>\r\n\n\r\n    <li>Jahrgang<\/li>\r\n\n\r\n    <li>Trainer<\/li>\r\n<\/ul>\r\n<div class=\"resp-tabs-container\">\n \r\n<div>\r\n\n<strong>Hintere Reihe v.l.n.r.:<\/strong>&nbsp; Lena, Sumeja, Laura, Sami, Utkarsh, Duze, Lennart, Holger <strong><br \/>\nVordere Reihe v.l.n.r.:<\/strong> Karina, Mia, Sarah, Elisabeth, Numan, Michael, Sam <strong><br \/>\n<\/strong><\/p>\n<p><strong>Es fehlen:<br \/>\n<\/strong>Shaban, Johannes, Klara, Juliana, Amina, Denny, Noah<strong><br \/>\n<\/strong><\/p>\n\r\n<\/div>\r\n\n\r\n<div>\r\n\n<article class=\"post\">\r\n    <div class=\"post-20178 post type-post status-publish format-standard has-post-thumbnail hentry category-aktive category-aktuelles-foerderverein category-allgemein category-aus-dem-sg-leben category-aus-dem-sg-leben-25-26 category-events category-frauen-1 category-frauen-2 category-gaenswiescup-2025 category-gaenswiescup-2026 category-gaenswiesturnier category-gemischt-d1 category-gemischt-d2 category-gemischt-d3 category-gemischt-e-ulm category-gemischt-e-wiblingen category-gemischt-f-ulm category-gemischt-f-wiblingen category-jugend category-maenner-1 category-maenner-2 category-maenner-3 category-maennlich-a category-maennlich-b1 category-maennlich-c category-maennlich-c2 category-miniminis-oststadt category-miniminis-weststadt category-miniminis-wiblingen category-minis-goegglingen category-minis-oststadt category-minis-weststadt-1 category-minis-weststadt-2 category-minis-wiblingen category-spielgemeinschaft category-startseite category-weiblich-a category-weiblich-b category-weiblich-b2 category-weiblich-c category-weiblich-c2 category-weiblich-d category-weiblich-e\"  id=\"post-20178\">\r\n      \r\n    <figure>\r\n        <a href=\"https:\/\/www.handball-ulm.de\/?p=20178\">\r\n            <img loading=\"lazy\" decoding=\"async\" width=\"964\" height=\"428\" src=\"https:\/\/www.handball-ulm.de\/wp-content\/uploads\/2026\/04\/torwart-Website.jpg\" class=\"attachment-sporty-blog-image size-sporty-blog-image wp-post-image\" alt=\"Torwart gesucht\" srcset=\"https:\/\/www.handball-ulm.de\/wp-content\/uploads\/2026\/04\/torwart-Website.jpg 964w, https:\/\/www.handball-ulm.de\/wp-content\/uploads\/2026\/04\/torwart-Website-300x133.jpg 300w, https:\/\/www.handball-ulm.de\/wp-content\/uploads\/2026\/04\/torwart-Website-768x341.jpg 768w\" sizes=\"(max-width: 964px) 100vw, 964px\" \/>        <\/a>\r\n    <\/figure>\r\n            <div class=\"postbox\">  \r\n            <h3>\r\n                <a href=\"https:\/\/www.handball-ulm.de\/?p=20178\">Aufruf: Wer kennt einen Torh\u00fcter?!<\/a>\r\n            <\/h3>\r\n        <div class=\"date-without-thumb\">15. April 2026<\/div> \r\n        <p>Liebe Vereinsfamilie, unsere Herren 1 steht vor einer wichtigen Frage: Wer h\u00fctet n\u00e4chste Saison unser Tor? Trainer Ralf und die Mannschaft suchen dringend einen Torh\u00fcter \u2013 ab sofort, aber ganz besonders f\u00fcr die kommende Saison. Und jetzt kommt ihr ins Spiel! \ud83d\udc49 Fragt in eurem Freundeskreis, in der Familie, bei Arbeitskollegen, beim Stammtisch \u2013 einfach [&hellip;]<\/p>\n<br\/><br\/><a class=\"read-more\" href=\"https:\/\/www.handball-ulm.de\/?p=20178\"> Mehr lesen...<\/a>        <\/div>    \r\n    <\/div>\r\n<\/article>\r\n<article class=\"post\">\r\n    <div class=\"post-17634 post type-post status-publish format-standard has-post-thumbnail hentry category-aus-dem-sg-leben-24-25 category-gemischt-e-ulm category-gemischt-e-wiblingen category-startseite\"  id=\"post-17634\">\r\n      \r\n    <figure>\r\n        <a href=\"https:\/\/www.handball-ulm.de\/?p=17634\">\r\n            <img loading=\"lazy\" decoding=\"async\" width=\"964\" height=\"428\" src=\"https:\/\/www.handball-ulm.de\/wp-content\/uploads\/2024\/11\/IMG-20241103-WA0004-1-964x428.jpg\" class=\"attachment-sporty-blog-image size-sporty-blog-image wp-post-image\" alt=\"\" \/>        <\/a>\r\n    <\/figure>\r\n            <div class=\"postbox\">  \r\n            <h3>\r\n                <a href=\"https:\/\/www.handball-ulm.de\/?p=17634\">WIR. SIND. WELTMEISTER. &#8211; gemischte E-Jugend Ulm<\/a>\r\n            <\/h3>\r\n        <div class=\"date-without-thumb\">3. November 2024<\/div> \r\n        <p>WELTMEISTER<\/p>\n<br\/><br\/><a class=\"read-more\" href=\"https:\/\/www.handball-ulm.de\/?p=17634\"> Mehr lesen...<\/a>        <\/div>    \r\n    <\/div>\r\n<\/article>\r\n<article class=\"post\">\r\n    <div class=\"post-12946 post type-post status-publish format-standard has-post-thumbnail hentry category-aus-dem-sg-leben-23-24 category-gemischt-e-ulm category-gemischt-e-wiblingen category-startseite category-weiblich-e\"  id=\"post-12946\">\r\n      \r\n    <figure>\r\n        <a href=\"https:\/\/www.handball-ulm.de\/?p=12946\">\r\n            <img loading=\"lazy\" decoding=\"async\" width=\"964\" height=\"428\" src=\"https:\/\/www.handball-ulm.de\/wp-content\/uploads\/2023\/07\/20230701_123532-964x428.jpg\" class=\"attachment-sporty-blog-image size-sporty-blog-image wp-post-image\" alt=\"\" \/>        <\/a>\r\n    <\/figure>\r\n            <div class=\"postbox\">  \r\n            <h3>\r\n                <a href=\"https:\/\/www.handball-ulm.de\/?p=12946\">Bezirksspielfest der E-Jugend<\/a>\r\n            <\/h3>\r\n        <div class=\"date-without-thumb\">1. Juli 2023<\/div> \r\n        <br\/><br\/><a class=\"read-more\" href=\"https:\/\/www.handball-ulm.de\/?p=12946\"> Mehr lesen...<\/a>        <\/div>    \r\n    <\/div>\r\n<\/article>\r\n<article class=\"post\">\r\n    <div class=\"post-11533 post type-post status-publish format-standard has-post-thumbnail hentry category-aus-dem-sg-leben-22-23 category-gemischt-e-wiblingen category-startseite\"  id=\"post-11533\">\r\n      \r\n    <figure>\r\n        <a href=\"https:\/\/www.handball-ulm.de\/?p=11533\">\r\n            <img loading=\"lazy\" decoding=\"async\" width=\"964\" height=\"428\" src=\"https:\/\/www.handball-ulm.de\/wp-content\/uploads\/2022\/11\/Screenshot-415-964x428.png\" class=\"attachment-sporty-blog-image size-sporty-blog-image wp-post-image\" alt=\"\" \/>        <\/a>\r\n    <\/figure>\r\n            <div class=\"postbox\">  \r\n            <h3>\r\n                <a href=\"https:\/\/www.handball-ulm.de\/?p=11533\">Die E-Jugend zu Gast in Langenau<\/a>\r\n            <\/h3>\r\n        <div class=\"date-without-thumb\">19. November 2022<\/div> \r\n        <p>Insgesamt ein guter Spieltag<\/p>\n<br\/><br\/><a class=\"read-more\" href=\"https:\/\/www.handball-ulm.de\/?p=11533\"> Mehr lesen...<\/a>        <\/div>    \r\n    <\/div>\r\n<\/article>\r\n<article class=\"post\">\r\n    <div class=\"post-10448 post type-post status-publish format-standard hentry category-gemischt-e-wiblingen\"  id=\"post-10448\">\r\n            <div class=\"postbox\">  \r\n            <h3>\r\n                <a href=\"https:\/\/www.handball-ulm.de\/?p=10448\">Gemischt E Wiblingen: Saison Bericht 2022\/23<\/a>\r\n            <\/h3>\r\n        <div class=\"date-without-thumb\">19. August 2022<\/div> \r\n        <p>Wir sind sehr froh, wieder in eine neue Saison starten zu d\u00fcrfen mit neuer Motivation und Spa\u00df. Die Spieler machen Fortschritte, indem wir uns spielerisch dem Handball n\u00e4hern. Wir lernen fangen, werfen, zielen und treffen mit dem Ball und freuen uns auf die kommende Saison und auf die n\u00e4chsten Spieltage, um unser K\u00f6nnen zu zeigen. [&hellip;]<\/p>\n<br\/><br\/><a class=\"read-more\" href=\"https:\/\/www.handball-ulm.de\/?p=10448\"> Mehr lesen...<\/a>        <\/div>    \r\n    <\/div>\r\n<\/article>\r\n<!-- VIEW ALL BUTTON -->\r\n<div class=\"blogpager\">\r\n    <div class=\"previous\">\r\n        <a href=\"https:\/\/www.handball-ulm.de\/?cat=26\">Alle<\/a>\r\n    <\/div>\r\n<\/div>\r\n\n\r\n<\/div>\r\n\n\r\n<div>\r\n\n\n\r\n<div class=\"clearfix\">\r\n    <div id=\"subtabs-485705353\">\n\r\n      <ul class=\"resp-tabs-list\">\r\n    <li>2022\/2023<\/li>\r\n\n\r\n    <li>2022\/2023<\/li>\r\n\n\r\n    <li>2021\/2022<\/li>\r\n\n\r\n    <li>2020\/2021<\/li>\r\n\n\r\n    <li>2019\/2020<\/li>\r\n\n\r\n    <li>2018\/2019<\/li>\r\n<\/ul>\r\n      <div class=\"resp-tabs-container\">\n \r\n<div>\r\n\n&#8230; Spielplan folgt!<br \/>\n\r\n<\/div>\r\n\n\r\n<div>\r\n\n<img loading=\"lazy\" decoding=\"async\" class=\"alignnone  wp-image-10732\" src=\"https:\/\/www.handball-ulm.de\/wp-content\/uploads\/2022\/09\/Spielplan_gE_Wiblingen_22-23-300x189.png\" alt=\"\" width=\"581\" height=\"366\" srcset=\"https:\/\/www.handball-ulm.de\/wp-content\/uploads\/2022\/09\/Spielplan_gE_Wiblingen_22-23-300x189.png 300w, https:\/\/www.handball-ulm.de\/wp-content\/uploads\/2022\/09\/Spielplan_gE_Wiblingen_22-23-768x483.png 768w, https:\/\/www.handball-ulm.de\/wp-content\/uploads\/2022\/09\/Spielplan_gE_Wiblingen_22-23.png 852w\" sizes=\"(max-width: 581px) 100vw, 581px\" \/><br \/>\n\r\n<\/div>\r\n\n\r\n<div>\r\n\n<strong>Jugend E 4+1 Staffel 2<br \/>\n<\/strong><br \/>\n<\/p>\n<p><strong>Jugend E 6+1 Staffel 2<\/strong><br \/>\n<\/p>\n<p><strong>Jugend E 6+1 Staffel 7<\/strong><br \/>\n<\/p>\n<p><strong>Jugend E 6+1 VR-Talentiade<\/strong><br \/>\n<br \/>\n\r\n<\/div>\r\n\n\r\n<div>\r\n\nDie Saison 2020\/2021 wurde corona-bedingt abgesagt!<br \/>\n\r\n<\/div>\r\n\n\r\n<div>\r\n\n<strong>Jugend E 4+1 Kombi Staffel Nord<\/strong><br \/>\n<br \/>\n\r\n<\/div>\r\n\n\r\n<div>\r\n\n<strong>Jugend E 4+1 Kombi Staffel Nord<\/strong><br \/>\n<br \/>\n\r\n<\/div>\r\n<\/div>\r\n    <\/div>\r\n<\/div>\r\n\n\n\r\n<\/div>\r\n\n\r\n<div>\r\n\nMontag 18:00 \u2013 19:30 Uhr TPH<br \/>\nMittwoch 17:00 \u2013 18:30 Uhr TPH<\/p>\n<p><a href=\"\/?page_id=127\">Link zu den Hallen<\/a><br \/>\n\r\n<\/div>\r\n\n\r\n<div>\r\n\n2015\/2016<br \/>\n\r\n<\/div>\r\n\n\r\n<div>\r\n\n<strong>Name:<\/strong> Hilal Karadeniz und Nadine Schmidt<br \/>\n<strong>E-Mail:<\/strong> <a href=\"mailto:gE@sgulm.de\">gE@sgulm.de<\/a><br \/>\n\r\n<\/div>\r\n\r\n\r\n<\/div><\/div>\r\n<script type=\"text\/javascript\">jQuery(document).ready(function() { \r\n    jQuery(\"#tabs-1568297515\").easyResponsiveTabs({ type: \"default\", width: \"auto\", fit: true}); \r\njQuery(\"#subtabs-485705353\").easyResponsiveTabs({ type: \"default\", width: \"auto\", fit: true});\n    \r\n}); <\/script>\r\n\n\n","protected":false},"excerpt":{"rendered":"<br\/><br\/><a class=\"read-more\" href=\"https:\/\/www.handball-ulm.de\/?p=10448\"> Mehr lesen...<\/a>","protected":false},"author":1,"featured_media":13510,"parent":0,"menu_order":0,"comment_status":"closed","ping_status":"closed","template":"","meta":{"ngg_post_thumbnail":0,"footnotes":""},"_links":{"self":[{"href":"https:\/\/www.handball-ulm.de\/index.php?rest_route=\/wp\/v2\/pages\/569"}],"collection":[{"href":"https:\/\/www.handball-ulm.de\/index.php?rest_route=\/wp\/v2\/pages"}],"about":[{"href":"https:\/\/www.handball-ulm.de\/index.php?rest_route=\/wp\/v2\/types\/page"}],"author":[{"embeddable":true,"href":"https:\/\/www.handball-ulm.de\/index.php?rest_route=\/wp\/v2\/users\/1"}],"replies":[{"embeddable":true,"href":"https:\/\/www.handball-ulm.de\/index.php?rest_route=%2Fwp%2Fv2%2Fcomments&post=569"}],"version-history":[{"count":23,"href":"https:\/\/www.handball-ulm.de\/index.php?rest_route=\/wp\/v2\/pages\/569\/revisions"}],"predecessor-version":[{"id":19557,"href":"https:\/\/www.handball-ulm.de\/index.php?rest_route=\/wp\/v2\/pages\/569\/revisions\/19557"}],"wp:featuredmedia":[{"embeddable":true,"href":"https:\/\/www.handball-ulm.de\/index.php?rest_route=\/wp\/v2\/media\/13510"}],"wp:attachment":[{"href":"https:\/\/www.handball-ulm.de\/index.php?rest_route=%2Fwp%2Fv2%2Fmedia&parent=569"}],"curies":[{"name":"wp","href":"https:\/\/api.w.org\/{rel}","templated":true}]}}

<div id="tabs-1568297515">

<ul class="resp-tabs-list">
    <li>Kader</li>


    <li>Aktuelles</li>


    <li>Spielplan</li>


    <li>Trainingszeiten</li>


    <li>Jahrgang</li>


    <li>Trainer</li>
</ul>
<div class="resp-tabs-container">
 
<div>

<strong>Hintere Reihe v.l.n.r.:</strong>&nbsp; Lena, Sumeja, Laura, Sami, Utkarsh, Duze, Lennart, Holger <strong><br />
Vordere Reihe v.l.n.r.:</strong> Karina, Mia, Sarah, Elisabeth, Numan, Michael, Sam <strong><br />
</strong></p>
<p><strong>Es fehlen:<br />
</strong>Shaban, Johannes, Klara, Juliana, Amina, Denny, Noah<strong><br />
</strong></p>

</div>


<div>

<article class="post">
    <div class="post-20178 post type-post status-publish format-standard has-post-thumbnail hentry category-aktive category-aktuelles-foerderverein category-allgemein category-aus-dem-sg-leben category-aus-dem-sg-leben-25-26 category-events category-frauen-1 category-frauen-2 category-gaenswiescup-2025 category-gaenswiescup-2026 category-gaenswiesturnier category-gemischt-d1 category-gemischt-d2 category-gemischt-d3 category-gemischt-e-ulm category-gemischt-e-wiblingen category-gemischt-f-ulm category-gemischt-f-wiblingen category-jugend category-maenner-1 category-maenner-2 category-maenner-3 category-maennlich-a category-maennlich-b1 category-maennlich-c category-maennlich-c2 category-miniminis-oststadt category-miniminis-weststadt category-miniminis-wiblingen category-minis-goegglingen category-minis-oststadt category-minis-weststadt-1 category-minis-weststadt-2 category-minis-wiblingen category-spielgemeinschaft category-startseite category-weiblich-a category-weiblich-b category-weiblich-b2 category-weiblich-c category-weiblich-c2 category-weiblich-d category-weiblich-e"  id="post-20178">
      
    <figure>
        <a href="https://www.handball-ulm.de/?p=20178">
            <img loading="lazy" decoding="async" width="964" height="428" src="https://www.handball-ulm.de/wp-content/uploads/2026/04/torwart-Website.jpg" class="attachment-sporty-blog-image size-sporty-blog-image wp-post-image" alt="Torwart gesucht" srcset="https://www.handball-ulm.de/wp-content/uploads/2026/04/torwart-Website.jpg 964w, https://www.handball-ulm.de/wp-content/uploads/2026/04/torwart-Website-300x133.jpg 300w, https://www.handball-ulm.de/wp-content/uploads/2026/04/torwart-Website-768x341.jpg 768w" sizes="(max-width: 964px) 100vw, 964px" />        </a>
    </figure>
            <div class="postbox">  
            <h3>
                <a href="https://www.handball-ulm.de/?p=20178">Aufruf: Wer kennt einen Torhüter?!</a>
            </h3>
        <div class="date-without-thumb">15. April 2026</div> 
        <p>Liebe Vereinsfamilie, unsere Herren 1 steht vor einer wichtigen Frage: Wer hütet nächste Saison unser Tor? Trainer Ralf und die Mannschaft suchen dringend einen Torhüter – ab sofort, aber ganz besonders für die kommende Saison. Und jetzt kommt ihr ins Spiel! 👉 Fragt in eurem Freundeskreis, in der Familie, bei Arbeitskollegen, beim Stammtisch – einfach [&hellip;]</p>
<br/><br/><a class="read-more" href="https://www.handball-ulm.de/?p=20178"> Mehr lesen...</a>        </div>    
    </div>
</article>
<article class="post">
    <div class="post-17634 post type-post status-publish format-standard has-post-thumbnail hentry category-aus-dem-sg-leben-24-25 category-gemischt-e-ulm category-gemischt-e-wiblingen category-startseite"  id="post-17634">
      
    <figure>
        <a href="https://www.handball-ulm.de/?p=17634">
            <img loading="lazy" decoding="async" width="964" height="428" src="https://www.handball-ulm.de/wp-content/uploads/2024/11/IMG-20241103-WA0004-1-964x428.jpg" class="attachment-sporty-blog-image size-sporty-blog-image wp-post-image" alt="" />        </a>
    </figure>
            <div class="postbox">  
            <h3>
                <a href="https://www.handball-ulm.de/?p=17634">WIR. SIND. WELTMEISTER. &#8211; gemischte E-Jugend Ulm</a>
            </h3>
        <div class="date-without-thumb">3. November 2024</div> 
        <p>WELTMEISTER</p>
<br/><br/><a class="read-more" href="https://www.handball-ulm.de/?p=17634"> Mehr lesen...</a>        </div>    
    </div>
</article>
<article class="post">
    <div class="post-12946 post type-post status-publish format-standard has-post-thumbnail hentry category-aus-dem-sg-leben-23-24 category-gemischt-e-ulm category-gemischt-e-wiblingen category-startseite category-weiblich-e"  id="post-12946">
      
    <figure>
        <a href="https://www.handball-ulm.de/?p=12946">
            <img loading="lazy" decoding="async" width="964" height="428" src="https://www.handball-ulm.de/wp-content/uploads/2023/07/20230701_123532-964x428.jpg" class="attachment-sporty-blog-image size-sporty-blog-image wp-post-image" alt="" />        </a>
    </figure>
            <div class="postbox">  
            <h3>
                <a href="https://www.handball-ulm.de/?p=12946">Bezirksspielfest der E-Jugend</a>
            </h3>
        <div class="date-without-thumb">1. Juli 2023</div> 
        <br/><br/><a class="read-more" href="https://www.handball-ulm.de/?p=12946"> Mehr lesen...</a>        </div>    
    </div>
</article>
<article class="post">
    <div class="post-11533 post type-post status-publish format-standard has-post-thumbnail hentry category-aus-dem-sg-leben-22-23 category-gemischt-e-wiblingen category-startseite"  id="post-11533">
      
    <figure>
        <a href="https://www.handball-ulm.de/?p=11533">
            <img loading="lazy" decoding="async" width="964" height="428" src="https://www.handball-ulm.de/wp-content/uploads/2022/11/Screenshot-415-964x428.png" class="attachment-sporty-blog-image size-sporty-blog-image wp-post-image" alt="" />        </a>
    </figure>
            <div class="postbox">  
            <h3>
                <a href="https://www.handball-ulm.de/?p=11533">Die E-Jugend zu Gast in Langenau</a>
            </h3>
        <div class="date-without-thumb">19. November 2022</div> 
        <p>Insgesamt ein guter Spieltag</p>
<br/><br/><a class="read-more" href="https://www.handball-ulm.de/?p=11533"> Mehr lesen...</a>        </div>    
    </div>
</article>
<article class="post">
    <div class="post-10448 post type-post status-publish format-standard hentry category-gemischt-e-wiblingen"  id="post-10448">
            <div class="postbox">  
            <h3>
                <a href="https://www.handball-ulm.de/?p=10448">Gemischt E Wiblingen: Saison Bericht 2022/23</a>
            </h3>
        <div class="date-without-thumb">19. August 2022</div> 
        <p>Wir sind sehr froh, wieder in eine neue Saison starten zu dürfen mit neuer Motivation und Spaß. Die Spieler machen Fortschritte, indem wir uns spielerisch dem Handball nähern. Wir lernen fangen, werfen, zielen und treffen mit dem Ball und freuen uns auf die kommende Saison und auf die nächsten Spieltage, um unser Können zu zeigen. [&hellip;]</p>
<br/><br/><a class="read-more" href="https://www.handball-ulm.de/?p=10448"> Mehr lesen...</a>        </div>    
    </div>
</article>
<!-- VIEW ALL BUTTON -->
<div class="blogpager">
    <div class="previous">
        <a href="https://www.handball-ulm.de/?cat=26">Alle</a>
    </div>
</div>


</div>


<div>



<div class="clearfix">
    <div id="subtabs-485705353">

      <ul class="resp-tabs-list">
    <li>2022/2023</li>


    <li>2022/2023</li>


    <li>2021/2022</li>


    <li>2020/2021</li>


    <li>2019/2020</li>


    <li>2018/2019</li>
</ul>
      <div class="resp-tabs-container">
 
<div>

&#8230; Spielplan folgt!<br />

</div>


<div>

<img loading="lazy" decoding="async" class="alignnone  wp-image-10732" src="https://www.handball-ulm.de/wp-content/uploads/2022/09/Spielplan_gE_Wiblingen_22-23-300x189.png" alt="" width="581" height="366" srcset="https://www.handball-ulm.de/wp-content/uploads/2022/09/Spielplan_gE_Wiblingen_22-23-300x189.png 300w, https://www.handball-ulm.de/wp-content/uploads/2022/09/Spielplan_gE_Wiblingen_22-23-768x483.png 768w, https://www.handball-ulm.de/wp-content/uploads/2022/09/Spielplan_gE_Wiblingen_22-23.png 852w" sizes="(max-width: 581px) 100vw, 581px" /><br />

</div>


<div>

<strong>Jugend E 4+1 Staffel 2<br />
</strong><br />
</p>
<p><strong>Jugend E 6+1 Staffel 2</strong><br />
</p>
<p><strong>Jugend E 6+1 Staffel 7</strong><br />
</p>
<p><strong>Jugend E 6+1 VR-Talentiade</strong><br />
<br />

</div>


<div>

Die Saison 2020/2021 wurde corona-bedingt abgesagt!<br />

</div>


<div>

<strong>Jugend E 4+1 Kombi Staffel Nord</strong><br />
<br />

</div>


<div>

<strong>Jugend E 4+1 Kombi Staffel Nord</strong><br />
<br />

</div>
</div>
    </div>
</div>



</div>


<div>

Montag 18:00 – 19:30 Uhr TPH<br />
Mittwoch 17:00 – 18:30 Uhr TPH</p>
<p><a href="/?page_id=127">Link zu den Hallen</a><br />

</div>


<div>

2015/2016<br />

</div>


<div>

<strong>Name:</strong> Hilal Karadeniz und Nadine Schmidt<br />
<strong>E-Mail:</strong> <a href="mailto:gE@sgulm.de">gE@sgulm.de</a><br />

</div>


</div></div>
<script type="text/javascript">jQuery(document).ready(function() { 
    jQuery("#tabs-1568297515").easyResponsiveTabs({ type: "default", width: "auto", fit: true}); 
jQuery("#subtabs-485705353").easyResponsiveTabs({ type: "default", width: "auto", fit: true});
    
}); </script>
