{"id":561,"date":"2019-01-30T22:33:45","date_gmt":"2019-01-30T21:33:45","guid":{"rendered":"https:\/\/sgulm.tcremer.de\/?page_id=561"},"modified":"2025-11-16T15:46:30","modified_gmt":"2025-11-16T14:46:30","slug":"gemischt-e-ulm","status":"publish","type":"page","link":"https:\/\/www.handball-ulm.de\/?page_id=561","title":{"rendered":"Gemischt E Ulm 1+2"},"content":{"rendered":"\n\r\n\r\n<div id=\"tabs-1199633888\">\n\r\n<ul class=\"resp-tabs-list\">\r\n    <li>Kader<\/li>\r\n\n\r\n    <li>Aktuelles<\/li>\r\n\n\r\n    <li>Spielplan<\/li>\r\n\n\r\n    <li>Trainingszeiten<\/li>\r\n\n\r\n    <li>Jahrgang<\/li>\r\n\n\r\n    <li>Trainer<\/li>\r\n<\/ul>\r\n<div class=\"resp-tabs-container\">\n \r\n<div>\r\n\n<strong>Hintere Reihe v.l.n.r.:<br \/>\n<\/strong>Trainer Johannes, Jon, Maxi, Vasco, Valentin, Hood, Luc. Niklas, Lukas, Trainer Niklas<br \/>\n<strong>Vordere Reihe v.l.n.r.:<br \/>\n<\/strong>Lukas, Thomas, Lennart, Moritz, Felix, Emma,Anna, Henry<\/p>\n<p><strong>Es fehlen:<br \/>\n<\/strong>Nils, Henri<\/p>\n\r\n<\/div>\r\n\n\r\n<div>\r\n\n<article class=\"post\">\r\n    <div class=\"post-20178 post type-post status-publish format-standard has-post-thumbnail hentry category-aktive category-aktuelles-foerderverein category-allgemein category-aus-dem-sg-leben category-aus-dem-sg-leben-25-26 category-events category-frauen-1 category-frauen-2 category-gaenswiescup-2025 category-gaenswiescup-2026 category-gaenswiesturnier category-gemischt-d1 category-gemischt-d2 category-gemischt-d3 category-gemischt-e-ulm category-gemischt-e-wiblingen category-gemischt-f-ulm category-gemischt-f-wiblingen category-jugend category-maenner-1 category-maenner-2 category-maenner-3 category-maennlich-a category-maennlich-b1 category-maennlich-c category-maennlich-c2 category-miniminis-oststadt category-miniminis-weststadt category-miniminis-wiblingen category-minis-goegglingen category-minis-oststadt category-minis-weststadt-1 category-minis-weststadt-2 category-minis-wiblingen category-spielgemeinschaft category-startseite category-weiblich-a category-weiblich-b category-weiblich-b2 category-weiblich-c category-weiblich-c2 category-weiblich-d category-weiblich-e\"  id=\"post-20178\">\r\n      \r\n    <figure>\r\n        <a href=\"https:\/\/www.handball-ulm.de\/?p=20178\">\r\n            <img loading=\"lazy\" decoding=\"async\" width=\"964\" height=\"428\" src=\"https:\/\/www.handball-ulm.de\/wp-content\/uploads\/2026\/04\/torwart-Website.jpg\" class=\"attachment-sporty-blog-image size-sporty-blog-image wp-post-image\" alt=\"Torwart gesucht\" srcset=\"https:\/\/www.handball-ulm.de\/wp-content\/uploads\/2026\/04\/torwart-Website.jpg 964w, https:\/\/www.handball-ulm.de\/wp-content\/uploads\/2026\/04\/torwart-Website-300x133.jpg 300w, https:\/\/www.handball-ulm.de\/wp-content\/uploads\/2026\/04\/torwart-Website-768x341.jpg 768w\" sizes=\"(max-width: 964px) 100vw, 964px\" \/>        <\/a>\r\n    <\/figure>\r\n            <div class=\"postbox\">  \r\n            <h3>\r\n                <a href=\"https:\/\/www.handball-ulm.de\/?p=20178\">Aufruf: Wer kennt einen Torh\u00fcter?!<\/a>\r\n            <\/h3>\r\n        <div class=\"date-without-thumb\">15. April 2026<\/div> \r\n        <p>Liebe Vereinsfamilie, unsere Herren 1 steht vor einer wichtigen Frage: Wer h\u00fctet n\u00e4chste Saison unser Tor? Trainer Ralf und die Mannschaft suchen dringend einen Torh\u00fcter \u2013 ab sofort, aber ganz besonders f\u00fcr die kommende Saison. Und jetzt kommt ihr ins Spiel! \ud83d\udc49 Fragt in eurem Freundeskreis, in der Familie, bei Arbeitskollegen, beim Stammtisch \u2013 einfach [&hellip;]<\/p>\n<br\/><br\/><a class=\"read-more\" href=\"https:\/\/www.handball-ulm.de\/?p=20178\"> Mehr lesen...<\/a>        <\/div>    \r\n    <\/div>\r\n<\/article>\r\n<article class=\"post\">\r\n    <div class=\"post-17634 post type-post status-publish format-standard has-post-thumbnail hentry category-aus-dem-sg-leben-24-25 category-gemischt-e-ulm category-gemischt-e-wiblingen category-startseite\"  id=\"post-17634\">\r\n      \r\n    <figure>\r\n        <a href=\"https:\/\/www.handball-ulm.de\/?p=17634\">\r\n            <img loading=\"lazy\" decoding=\"async\" width=\"964\" height=\"428\" src=\"https:\/\/www.handball-ulm.de\/wp-content\/uploads\/2024\/11\/IMG-20241103-WA0004-1-964x428.jpg\" class=\"attachment-sporty-blog-image size-sporty-blog-image wp-post-image\" alt=\"\" \/>        <\/a>\r\n    <\/figure>\r\n            <div class=\"postbox\">  \r\n            <h3>\r\n                <a href=\"https:\/\/www.handball-ulm.de\/?p=17634\">WIR. SIND. WELTMEISTER. &#8211; gemischte E-Jugend Ulm<\/a>\r\n            <\/h3>\r\n        <div class=\"date-without-thumb\">3. November 2024<\/div> \r\n        <p>WELTMEISTER<\/p>\n<br\/><br\/><a class=\"read-more\" href=\"https:\/\/www.handball-ulm.de\/?p=17634\"> Mehr lesen...<\/a>        <\/div>    \r\n    <\/div>\r\n<\/article>\r\n<article class=\"post\">\r\n    <div class=\"post-14834 post type-post status-publish format-standard has-post-thumbnail hentry category-aus-dem-sg-leben-23-24 category-gemischt-e-ulm category-startseite\"  id=\"post-14834\">\r\n      \r\n    <figure>\r\n        <a href=\"https:\/\/www.handball-ulm.de\/?p=14834\">\r\n            <img loading=\"lazy\" decoding=\"async\" width=\"596\" height=\"418\" src=\"https:\/\/www.handball-ulm.de\/wp-content\/uploads\/2023\/10\/IMG_7616-removebg-preview.png\" class=\"attachment-sporty-blog-image size-sporty-blog-image wp-post-image\" alt=\"\" srcset=\"https:\/\/www.handball-ulm.de\/wp-content\/uploads\/2023\/10\/IMG_7616-removebg-preview.png 596w, https:\/\/www.handball-ulm.de\/wp-content\/uploads\/2023\/10\/IMG_7616-removebg-preview-300x210.png 300w\" sizes=\"(max-width: 596px) 100vw, 596px\" \/>        <\/a>\r\n    <\/figure>\r\n            <div class=\"postbox\">  \r\n            <h3>\r\n                <a href=\"https:\/\/www.handball-ulm.de\/?p=14834\">Spielbericht E-Jugend SG Ulm &#038; Wiblingen<\/a>\r\n            <\/h3>\r\n        <div class=\"date-without-thumb\">8. Oktober 2023<\/div> \r\n        <p>Ein erfolgreicher Spieltag in Laichingen<\/p>\n<br\/><br\/><a class=\"read-more\" href=\"https:\/\/www.handball-ulm.de\/?p=14834\"> Mehr lesen...<\/a>        <\/div>    \r\n    <\/div>\r\n<\/article>\r\n<article class=\"post\">\r\n    <div class=\"post-14400 post type-post status-publish format-standard hentry category-gemischt-e-ulm\"  id=\"post-14400\">\r\n            <div class=\"postbox\">  \r\n            <h3>\r\n                <a href=\"https:\/\/www.handball-ulm.de\/?p=14400\">Gemischt E Ulm: Saison Bericht 2023\/24<\/a>\r\n            <\/h3>\r\n        <div class=\"date-without-thumb\">30. September 2023<\/div> \r\n        <p>Wir die E-Jugend Ulm freuen uns diese Saison einen Spielerzuwachs verzeichnen zu k\u00f6nnen und somit zwei Mannschaften f\u00fcr das Spieljahr 2023\/24 melden zu d\u00fcrfen. Neben der Saison sind aber auch Aktivit\u00e4ten abseits der Halle ein Thema. So traten unsere Spieler bereits auf drei Rasenturnieren an, und konnten jedes Mal einen Podiumsplatz f\u00fcr sich ergattern. Auch [&hellip;]<\/p>\n<br\/><br\/><a class=\"read-more\" href=\"https:\/\/www.handball-ulm.de\/?p=14400\"> Mehr lesen...<\/a>        <\/div>    \r\n    <\/div>\r\n<\/article>\r\n<article class=\"post\">\r\n    <div class=\"post-12946 post type-post status-publish format-standard has-post-thumbnail hentry category-aus-dem-sg-leben-23-24 category-gemischt-e-ulm category-gemischt-e-wiblingen category-startseite category-weiblich-e\"  id=\"post-12946\">\r\n      \r\n    <figure>\r\n        <a href=\"https:\/\/www.handball-ulm.de\/?p=12946\">\r\n            <img loading=\"lazy\" decoding=\"async\" width=\"964\" height=\"428\" src=\"https:\/\/www.handball-ulm.de\/wp-content\/uploads\/2023\/07\/20230701_123532-964x428.jpg\" class=\"attachment-sporty-blog-image size-sporty-blog-image wp-post-image\" alt=\"\" \/>        <\/a>\r\n    <\/figure>\r\n            <div class=\"postbox\">  \r\n            <h3>\r\n                <a href=\"https:\/\/www.handball-ulm.de\/?p=12946\">Bezirksspielfest der E-Jugend<\/a>\r\n            <\/h3>\r\n        <div class=\"date-without-thumb\">1. Juli 2023<\/div> \r\n        <br\/><br\/><a class=\"read-more\" href=\"https:\/\/www.handball-ulm.de\/?p=12946\"> Mehr lesen...<\/a>        <\/div>    \r\n    <\/div>\r\n<\/article>\r\n<!-- VIEW ALL BUTTON -->\r\n<div class=\"blogpager\">\r\n    <div class=\"previous\">\r\n        <a href=\"https:\/\/www.handball-ulm.de\/?cat=25\">Alle<\/a>\r\n    <\/div>\r\n<\/div>\r\n\n\r\n<\/div>\r\n\n\r\n<div>\r\n\n\n\r\n<div class=\"clearfix\">\r\n    <div id=\"subtabs-414636495\">\n\r\n      <ul class=\"resp-tabs-list\">\r\n    <li>2023\/2024<\/li>\r\n\n\r\n    <li>2022\/2023<\/li>\r\n\n\r\n    <li>2021\/2022<\/li>\r\n\n\r\n    <li>2020\/2021<\/li>\r\n\n\r\n    <li>2019\/2020<\/li>\r\n\n\r\n    <li>2018\/2019<\/li>\r\n<\/ul>\r\n      <div class=\"resp-tabs-container\">\n \r\n<div>\r\n\n&#8230; Spielplan folgt!<br \/>\n\r\n<\/div>\r\n\n\r\n<div>\r\n\n<img loading=\"lazy\" decoding=\"async\" class=\"alignnone  wp-image-10730\" src=\"https:\/\/www.handball-ulm.de\/wp-content\/uploads\/2022\/09\/Spielplan_gE_Ulm_22-23-300x242.png\" alt=\"\" width=\"579\" height=\"467\" srcset=\"https:\/\/www.handball-ulm.de\/wp-content\/uploads\/2022\/09\/Spielplan_gE_Ulm_22-23-300x242.png 300w, https:\/\/www.handball-ulm.de\/wp-content\/uploads\/2022\/09\/Spielplan_gE_Ulm_22-23-768x620.png 768w, https:\/\/www.handball-ulm.de\/wp-content\/uploads\/2022\/09\/Spielplan_gE_Ulm_22-23.png 858w\" sizes=\"(max-width: 579px) 100vw, 579px\" \/><br \/>\n\r\n<\/div>\r\n\n\r\n<div>\r\n\n<strong>Jugend E 4+1 Staffel 2<br \/>\n<\/strong><br \/>\n<\/p>\n<p><strong>Jugend E 6+1 Staffel 2<\/strong><br \/>\n<\/p>\n<p><strong>Jugend E 6+1 Staffel 7<\/strong><br \/>\n<\/p>\n<p><strong>Jugend E 6+1 VR-Talentiade<\/strong><br \/>\n<br \/>\n\r\n<\/div>\r\n\n\r\n<div>\r\n\nDie Saison 2020\/2021 wurde corona-bedingt abgesagt!<br \/>\n\r\n<\/div>\r\n\n\r\n<div>\r\n\n<strong>Jugend E 4+1 Kombi Staffel Nord<br \/>\n<\/strong><br \/>\n<\/p>\n<p><strong>Jugend E 6+1 Kombi Staffel Nord<\/strong><br \/>\n<br \/>\n\r\n<\/div>\r\n\n\r\n<div>\r\n\n<strong>Jugend E 4+1 Kombi Staffel Nord<\/strong><br \/>\n<\/p>\n<p><strong>Jugend E 6+1 Kombi Staffel Nord<\/strong><br \/>\n<br \/>\n\r\n<\/div>\r\n<\/div>\r\n    <\/div>\r\n<\/div>\r\n\n\n\r\n<\/div>\r\n\n\r\n<div>\r\n\nMontag 17:30 \u2013 18:30 Uhr BSH<br \/>\nMittwoch 17:00 \u2013 18:30 Uhr BSH<\/p>\n<p><a href=\"\/?page_id=127\">Link zu den Hallen<\/a><br \/>\n\r\n<\/div>\r\n\n\r\n<div>\r\n\n2015\/2016<br \/>\n\r\n<\/div>\r\n\n\r\n<div>\r\n\n<strong>Name:<\/strong> Johannes Miller und Niklas Burghardt<br \/>\n<strong>E-Mail:<\/strong> <a href=\"mailto:gE@sgulm.de\">gE@sgulm.de<\/a><br \/>\n\r\n<\/div>\r\n\r\n\r\n<\/div><\/div>\r\n<script type=\"text\/javascript\">jQuery(document).ready(function() { \r\n    jQuery(\"#tabs-1199633888\").easyResponsiveTabs({ type: \"default\", width: \"auto\", fit: true}); \r\njQuery(\"#subtabs-414636495\").easyResponsiveTabs({ type: \"default\", width: \"auto\", fit: true});\n    \r\n}); <\/script>\r\n\n\n","protected":false},"excerpt":{"rendered":"<br\/><br\/><a class=\"read-more\" href=\"https:\/\/www.handball-ulm.de\/?p=12946\"> Mehr lesen...<\/a>","protected":false},"author":1,"featured_media":14393,"parent":0,"menu_order":0,"comment_status":"closed","ping_status":"closed","template":"","meta":{"ngg_post_thumbnail":0,"footnotes":""},"_links":{"self":[{"href":"https:\/\/www.handball-ulm.de\/index.php?rest_route=\/wp\/v2\/pages\/561"}],"collection":[{"href":"https:\/\/www.handball-ulm.de\/index.php?rest_route=\/wp\/v2\/pages"}],"about":[{"href":"https:\/\/www.handball-ulm.de\/index.php?rest_route=\/wp\/v2\/types\/page"}],"author":[{"embeddable":true,"href":"https:\/\/www.handball-ulm.de\/index.php?rest_route=\/wp\/v2\/users\/1"}],"replies":[{"embeddable":true,"href":"https:\/\/www.handball-ulm.de\/index.php?rest_route=%2Fwp%2Fv2%2Fcomments&post=561"}],"version-history":[{"count":32,"href":"https:\/\/www.handball-ulm.de\/index.php?rest_route=\/wp\/v2\/pages\/561\/revisions"}],"predecessor-version":[{"id":19556,"href":"https:\/\/www.handball-ulm.de\/index.php?rest_route=\/wp\/v2\/pages\/561\/revisions\/19556"}],"wp:featuredmedia":[{"embeddable":true,"href":"https:\/\/www.handball-ulm.de\/index.php?rest_route=\/wp\/v2\/media\/14393"}],"wp:attachment":[{"href":"https:\/\/www.handball-ulm.de\/index.php?rest_route=%2Fwp%2Fv2%2Fmedia&parent=561"}],"curies":[{"name":"wp","href":"https:\/\/api.w.org\/{rel}","templated":true}]}}

<div id="tabs-1199633888">

<ul class="resp-tabs-list">
    <li>Kader</li>


    <li>Aktuelles</li>


    <li>Spielplan</li>


    <li>Trainingszeiten</li>


    <li>Jahrgang</li>


    <li>Trainer</li>
</ul>
<div class="resp-tabs-container">
 
<div>

<strong>Hintere Reihe v.l.n.r.:<br />
</strong>Trainer Johannes, Jon, Maxi, Vasco, Valentin, Hood, Luc. Niklas, Lukas, Trainer Niklas<br />
<strong>Vordere Reihe v.l.n.r.:<br />
</strong>Lukas, Thomas, Lennart, Moritz, Felix, Emma,Anna, Henry</p>
<p><strong>Es fehlen:<br />
</strong>Nils, Henri</p>

</div>


<div>

<article class="post">
    <div class="post-20178 post type-post status-publish format-standard has-post-thumbnail hentry category-aktive category-aktuelles-foerderverein category-allgemein category-aus-dem-sg-leben category-aus-dem-sg-leben-25-26 category-events category-frauen-1 category-frauen-2 category-gaenswiescup-2025 category-gaenswiescup-2026 category-gaenswiesturnier category-gemischt-d1 category-gemischt-d2 category-gemischt-d3 category-gemischt-e-ulm category-gemischt-e-wiblingen category-gemischt-f-ulm category-gemischt-f-wiblingen category-jugend category-maenner-1 category-maenner-2 category-maenner-3 category-maennlich-a category-maennlich-b1 category-maennlich-c category-maennlich-c2 category-miniminis-oststadt category-miniminis-weststadt category-miniminis-wiblingen category-minis-goegglingen category-minis-oststadt category-minis-weststadt-1 category-minis-weststadt-2 category-minis-wiblingen category-spielgemeinschaft category-startseite category-weiblich-a category-weiblich-b category-weiblich-b2 category-weiblich-c category-weiblich-c2 category-weiblich-d category-weiblich-e"  id="post-20178">
      
    <figure>
        <a href="https://www.handball-ulm.de/?p=20178">
            <img loading="lazy" decoding="async" width="964" height="428" src="https://www.handball-ulm.de/wp-content/uploads/2026/04/torwart-Website.jpg" class="attachment-sporty-blog-image size-sporty-blog-image wp-post-image" alt="Torwart gesucht" srcset="https://www.handball-ulm.de/wp-content/uploads/2026/04/torwart-Website.jpg 964w, https://www.handball-ulm.de/wp-content/uploads/2026/04/torwart-Website-300x133.jpg 300w, https://www.handball-ulm.de/wp-content/uploads/2026/04/torwart-Website-768x341.jpg 768w" sizes="(max-width: 964px) 100vw, 964px" />        </a>
    </figure>
            <div class="postbox">  
            <h3>
                <a href="https://www.handball-ulm.de/?p=20178">Aufruf: Wer kennt einen Torhüter?!</a>
            </h3>
        <div class="date-without-thumb">15. April 2026</div> 
        <p>Liebe Vereinsfamilie, unsere Herren 1 steht vor einer wichtigen Frage: Wer hütet nächste Saison unser Tor? Trainer Ralf und die Mannschaft suchen dringend einen Torhüter – ab sofort, aber ganz besonders für die kommende Saison. Und jetzt kommt ihr ins Spiel! 👉 Fragt in eurem Freundeskreis, in der Familie, bei Arbeitskollegen, beim Stammtisch – einfach [&hellip;]</p>
<br/><br/><a class="read-more" href="https://www.handball-ulm.de/?p=20178"> Mehr lesen...</a>        </div>    
    </div>
</article>
<article class="post">
    <div class="post-17634 post type-post status-publish format-standard has-post-thumbnail hentry category-aus-dem-sg-leben-24-25 category-gemischt-e-ulm category-gemischt-e-wiblingen category-startseite"  id="post-17634">
      
    <figure>
        <a href="https://www.handball-ulm.de/?p=17634">
            <img loading="lazy" decoding="async" width="964" height="428" src="https://www.handball-ulm.de/wp-content/uploads/2024/11/IMG-20241103-WA0004-1-964x428.jpg" class="attachment-sporty-blog-image size-sporty-blog-image wp-post-image" alt="" />        </a>
    </figure>
            <div class="postbox">  
            <h3>
                <a href="https://www.handball-ulm.de/?p=17634">WIR. SIND. WELTMEISTER. &#8211; gemischte E-Jugend Ulm</a>
            </h3>
        <div class="date-without-thumb">3. November 2024</div> 
        <p>WELTMEISTER</p>
<br/><br/><a class="read-more" href="https://www.handball-ulm.de/?p=17634"> Mehr lesen...</a>        </div>    
    </div>
</article>
<article class="post">
    <div class="post-14834 post type-post status-publish format-standard has-post-thumbnail hentry category-aus-dem-sg-leben-23-24 category-gemischt-e-ulm category-startseite"  id="post-14834">
      
    <figure>
        <a href="https://www.handball-ulm.de/?p=14834">
            <img loading="lazy" decoding="async" width="596" height="418" src="https://www.handball-ulm.de/wp-content/uploads/2023/10/IMG_7616-removebg-preview.png" class="attachment-sporty-blog-image size-sporty-blog-image wp-post-image" alt="" srcset="https://www.handball-ulm.de/wp-content/uploads/2023/10/IMG_7616-removebg-preview.png 596w, https://www.handball-ulm.de/wp-content/uploads/2023/10/IMG_7616-removebg-preview-300x210.png 300w" sizes="(max-width: 596px) 100vw, 596px" />        </a>
    </figure>
            <div class="postbox">  
            <h3>
                <a href="https://www.handball-ulm.de/?p=14834">Spielbericht E-Jugend SG Ulm &#038; Wiblingen</a>
            </h3>
        <div class="date-without-thumb">8. Oktober 2023</div> 
        <p>Ein erfolgreicher Spieltag in Laichingen</p>
<br/><br/><a class="read-more" href="https://www.handball-ulm.de/?p=14834"> Mehr lesen...</a>        </div>    
    </div>
</article>
<article class="post">
    <div class="post-14400 post type-post status-publish format-standard hentry category-gemischt-e-ulm"  id="post-14400">
            <div class="postbox">  
            <h3>
                <a href="https://www.handball-ulm.de/?p=14400">Gemischt E Ulm: Saison Bericht 2023/24</a>
            </h3>
        <div class="date-without-thumb">30. September 2023</div> 
        <p>Wir die E-Jugend Ulm freuen uns diese Saison einen Spielerzuwachs verzeichnen zu können und somit zwei Mannschaften für das Spieljahr 2023/24 melden zu dürfen. Neben der Saison sind aber auch Aktivitäten abseits der Halle ein Thema. So traten unsere Spieler bereits auf drei Rasenturnieren an, und konnten jedes Mal einen Podiumsplatz für sich ergattern. Auch [&hellip;]</p>
<br/><br/><a class="read-more" href="https://www.handball-ulm.de/?p=14400"> Mehr lesen...</a>        </div>    
    </div>
</article>
<article class="post">
    <div class="post-12946 post type-post status-publish format-standard has-post-thumbnail hentry category-aus-dem-sg-leben-23-24 category-gemischt-e-ulm category-gemischt-e-wiblingen category-startseite category-weiblich-e"  id="post-12946">
      
    <figure>
        <a href="https://www.handball-ulm.de/?p=12946">
            <img loading="lazy" decoding="async" width="964" height="428" src="https://www.handball-ulm.de/wp-content/uploads/2023/07/20230701_123532-964x428.jpg" class="attachment-sporty-blog-image size-sporty-blog-image wp-post-image" alt="" />        </a>
    </figure>
            <div class="postbox">  
            <h3>
                <a href="https://www.handball-ulm.de/?p=12946">Bezirksspielfest der E-Jugend</a>
            </h3>
        <div class="date-without-thumb">1. Juli 2023</div> 
        <br/><br/><a class="read-more" href="https://www.handball-ulm.de/?p=12946"> Mehr lesen...</a>        </div>    
    </div>
</article>
<!-- VIEW ALL BUTTON -->
<div class="blogpager">
    <div class="previous">
        <a href="https://www.handball-ulm.de/?cat=25">Alle</a>
    </div>
</div>


</div>


<div>



<div class="clearfix">
    <div id="subtabs-414636495">

      <ul class="resp-tabs-list">
    <li>2023/2024</li>


    <li>2022/2023</li>


    <li>2021/2022</li>


    <li>2020/2021</li>


    <li>2019/2020</li>


    <li>2018/2019</li>
</ul>
      <div class="resp-tabs-container">
 
<div>

&#8230; Spielplan folgt!<br />

</div>


<div>

<img loading="lazy" decoding="async" class="alignnone  wp-image-10730" src="https://www.handball-ulm.de/wp-content/uploads/2022/09/Spielplan_gE_Ulm_22-23-300x242.png" alt="" width="579" height="467" srcset="https://www.handball-ulm.de/wp-content/uploads/2022/09/Spielplan_gE_Ulm_22-23-300x242.png 300w, https://www.handball-ulm.de/wp-content/uploads/2022/09/Spielplan_gE_Ulm_22-23-768x620.png 768w, https://www.handball-ulm.de/wp-content/uploads/2022/09/Spielplan_gE_Ulm_22-23.png 858w" sizes="(max-width: 579px) 100vw, 579px" /><br />

</div>


<div>

<strong>Jugend E 4+1 Staffel 2<br />
</strong><br />
</p>
<p><strong>Jugend E 6+1 Staffel 2</strong><br />
</p>
<p><strong>Jugend E 6+1 Staffel 7</strong><br />
</p>
<p><strong>Jugend E 6+1 VR-Talentiade</strong><br />
<br />

</div>


<div>

Die Saison 2020/2021 wurde corona-bedingt abgesagt!<br />

</div>


<div>

<strong>Jugend E 4+1 Kombi Staffel Nord<br />
</strong><br />
</p>
<p><strong>Jugend E 6+1 Kombi Staffel Nord</strong><br />
<br />

</div>


<div>

<strong>Jugend E 4+1 Kombi Staffel Nord</strong><br />
</p>
<p><strong>Jugend E 6+1 Kombi Staffel Nord</strong><br />
<br />

</div>
</div>
    </div>
</div>



</div>


<div>

Montag 17:30 – 18:30 Uhr BSH<br />
Mittwoch 17:00 – 18:30 Uhr BSH</p>
<p><a href="/?page_id=127">Link zu den Hallen</a><br />

</div>


<div>

2015/2016<br />

</div>


<div>

<strong>Name:</strong> Johannes Miller und Niklas Burghardt<br />
<strong>E-Mail:</strong> <a href="mailto:gE@sgulm.de">gE@sgulm.de</a><br />

</div>


</div></div>
<script type="text/javascript">jQuery(document).ready(function() { 
    jQuery("#tabs-1199633888").easyResponsiveTabs({ type: "default", width: "auto", fit: true}); 
jQuery("#subtabs-414636495").easyResponsiveTabs({ type: "default", width: "auto", fit: true});
    
}); </script>
