{"id":4409,"date":"2020-09-17T22:31:08","date_gmt":"2020-09-17T20:31:08","guid":{"rendered":"https:\/\/www.handball-ulm.de\/?page_id=4409"},"modified":"2020-09-17T22:32:48","modified_gmt":"2020-09-17T20:32:48","slug":"archiv-weiblich-a-2019-2020","status":"publish","type":"page","link":"https:\/\/www.handball-ulm.de\/?page_id=4409","title":{"rendered":"Archiv Weiblich A \u2013 2019\/2020"},"content":{"rendered":"<p><strong>Unsere weiblichen A-M\u00e4dchen verst\u00e4rken in dieser Saison die Frauen 1 und 2. Deshalb ist f\u00fcr die Saison 2019\/2020 keine weibliche A-Jugend gemeldet.<\/strong><\/p>\n<p>&nbsp;<\/p>\n","protected":false},"excerpt":{"rendered":"<p>Unsere weiblichen A-M\u00e4dchen verst\u00e4rken in dieser Saison die Frauen 1 und 2. Deshalb ist f\u00fcr die Saison 2019\/2020 keine weibliche A-Jugend gemeldet. &nbsp;<\/p>\n<br\/><br\/><a class=\"read-more\" href=\"https:\/\/www.handball-ulm.de\/?page_id=4409\"> Mehr lesen...<\/a>","protected":false},"author":1,"featured_media":0,"parent":0,"menu_order":0,"comment_status":"closed","ping_status":"closed","template":"","meta":{"ngg_post_thumbnail":0,"footnotes":""},"_links":{"self":[{"href":"https:\/\/www.handball-ulm.de\/index.php?rest_route=\/wp\/v2\/pages\/4409"}],"collection":[{"href":"https:\/\/www.handball-ulm.de\/index.php?rest_route=\/wp\/v2\/pages"}],"about":[{"href":"https:\/\/www.handball-ulm.de\/index.php?rest_route=\/wp\/v2\/types\/page"}],"author":[{"embeddable":true,"href":"https:\/\/www.handball-ulm.de\/index.php?rest_route=\/wp\/v2\/users\/1"}],"replies":[{"embeddable":true,"href":"https:\/\/www.handball-ulm.de\/index.php?rest_route=%2Fwp%2Fv2%2Fcomments&post=4409"}],"version-history":[{"count":1,"href":"https:\/\/www.handball-ulm.de\/index.php?rest_route=\/wp\/v2\/pages\/4409\/revisions"}],"predecessor-version":[{"id":4411,"href":"https:\/\/www.handball-ulm.de\/index.php?rest_route=\/wp\/v2\/pages\/4409\/revisions\/4411"}],"wp:attachment":[{"href":"https:\/\/www.handball-ulm.de\/index.php?rest_route=%2Fwp%2Fv2%2Fmedia&parent=4409"}],"curies":[{"name":"wp","href":"https:\/\/api.w.org\/{rel}","templated":true}]}}

<p><strong>Unsere weiblichen A-Mädchen verstärken in dieser Saison die Frauen 1 und 2. Deshalb ist für die Saison 2019/2020 keine weibliche A-Jugend gemeldet.</strong></p>
<p>&nbsp;</p>

<p>Unsere weiblichen A-Mädchen verstärken in dieser Saison die Frauen 1 und 2. Deshalb ist für die Saison 2019/2020 keine weibliche A-Jugend gemeldet. &nbsp;</p>
<br/><br/><a class="read-more" href="https://www.handball-ulm.de/?page_id=4409"> Mehr lesen...</a>
