{"id":3854,"date":"2020-05-11T23:21:18","date_gmt":"2020-05-11T21:21:18","guid":{"rendered":"https:\/\/www.handball-ulm.de\/?page_id=3854"},"modified":"2020-09-09T21:38:47","modified_gmt":"2020-09-09T19:38:47","slug":"2020-2021","status":"publish","type":"page","link":"https:\/\/www.handball-ulm.de\/?page_id=3854","title":{"rendered":"Aus dem SG-Leben 2020\/2021"},"content":{"rendered":"\n<article class=\"post\">\r\n    <div class=\"post-5399 post type-post status-publish format-standard has-post-thumbnail hentry category-allgemein category-aus-dem-sg-leben-20-21 category-frauen-2 category-spielgemeinschaft\"  id=\"post-5399\">\r\n      \r\n    <figure>\r\n        <a href=\"https:\/\/www.handball-ulm.de\/?p=5399\">\r\n            <img loading=\"lazy\" decoding=\"async\" width=\"877\" height=\"428\" src=\"https:\/\/www.handball-ulm.de\/wp-content\/uploads\/2021\/02\/Screenshot-24-877x428.png\" class=\"attachment-sporty-blog-image size-sporty-blog-image wp-post-image\" alt=\"\" \/>        <\/a>\r\n    <\/figure>\r\n            <div class=\"postbox\">  \r\n            <h3>\r\n                <a href=\"https:\/\/www.handball-ulm.de\/?p=5399\">Weiberfasching 2021<\/a>\r\n            <\/h3>\r\n        <div class=\"date-without-thumb\">11. Februar 2021<\/div> \r\n        <p>Am 11.2.21 trafen sich die Frauen 2 &nbsp;zur \u00fcblichen Trainingszeit. Dieses Mal tauschten wir allerdings unsere Trainingskleidung gegen ein Faschingsoutfit &#8211; schlie\u00dflich war Weiberfasnet und die wollten wir nutzen, um gemeinsame Zeit zu verbringen. Da dies in Pandemiezeiten lediglich online m\u00f6glich ist, hatte sogar den Vorteil, dass ein Mitglied sich aus Island dazu schalten konnte. [&hellip;]<\/p>\n<br\/><br\/><a class=\"read-more\" href=\"https:\/\/www.handball-ulm.de\/?p=5399\"> Mehr lesen...<\/a>        <\/div>    \r\n    <\/div>\r\n<\/article>\r\n<article class=\"post\">\r\n    <div class=\"post-5345 post type-post status-publish format-standard has-post-thumbnail hentry category-allgemein category-aus-dem-sg-leben-20-21 category-spielgemeinschaft category-startseite\"  id=\"post-5345\">\r\n      \r\n    <figure>\r\n        <a href=\"https:\/\/www.handball-ulm.de\/?p=5345\">\r\n            <img loading=\"lazy\" decoding=\"async\" width=\"640\" height=\"428\" src=\"https:\/\/www.handball-ulm.de\/wp-content\/uploads\/2021\/02\/1Happy-640x428.jpg\" class=\"attachment-sporty-blog-image size-sporty-blog-image wp-post-image\" alt=\"\" srcset=\"https:\/\/www.handball-ulm.de\/wp-content\/uploads\/2021\/02\/1Happy-640x428.jpg 640w, https:\/\/www.handball-ulm.de\/wp-content\/uploads\/2021\/02\/1Happy-600x400.jpg 600w\" sizes=\"(max-width: 640px) 100vw, 640px\" \/>        <\/a>\r\n    <\/figure>\r\n            <div class=\"postbox\">  \r\n            <h3>\r\n                <a href=\"https:\/\/www.handball-ulm.de\/?p=5345\">Wir trauern um Happy<\/a>\r\n            <\/h3>\r\n        <div class=\"date-without-thumb\">21. Januar 2021<\/div> \r\n        <p>Die SG Ulm &amp; Wiblingen trauert um Ihr langj\u00e4hriges Mitglied &#8222;Happy&#8220;, Herbert Raiber, der nach kurzer Krankheit im Alter von nur 67 Jahren \u00fcberraschend verstarb. Happy trat 1966 in den TVW ein. Im Alter von 13 Jahren begann er in der Jugend beim TV Wiblingen mit dem Handballspiel. Ein H\u00f6hepunkt war u.a. ein Freundschaftsspiel gegen [&hellip;]<\/p>\n<br\/><br\/><a class=\"read-more\" href=\"https:\/\/www.handball-ulm.de\/?p=5345\"> Mehr lesen...<\/a>        <\/div>    \r\n    <\/div>\r\n<\/article>\r\n<article class=\"post\">\r\n    <div class=\"post-5382 post type-post status-publish format-standard has-post-thumbnail hentry category-aus-dem-sg-leben-20-21 category-frauen-1 category-spielgemeinschaft category-startseite\"  id=\"post-5382\">\r\n      \r\n    <figure>\r\n        <a href=\"https:\/\/www.handball-ulm.de\/?p=5382\">\r\n            <img loading=\"lazy\" decoding=\"async\" width=\"964\" height=\"428\" src=\"https:\/\/www.handball-ulm.de\/wp-content\/uploads\/2021\/02\/24-Bildschirme-964x428.jpeg\" class=\"attachment-sporty-blog-image size-sporty-blog-image wp-post-image\" alt=\"\" srcset=\"https:\/\/www.handball-ulm.de\/wp-content\/uploads\/2021\/02\/24-Bildschirme-964x428.jpeg 964w, https:\/\/www.handball-ulm.de\/wp-content\/uploads\/2021\/02\/24-Bildschirme-300x134.jpeg 300w, https:\/\/www.handball-ulm.de\/wp-content\/uploads\/2021\/02\/24-Bildschirme-1024x456.jpeg 1024w, https:\/\/www.handball-ulm.de\/wp-content\/uploads\/2021\/02\/24-Bildschirme-768x342.jpeg 768w, https:\/\/www.handball-ulm.de\/wp-content\/uploads\/2021\/02\/24-Bildschirme-1170x521.jpeg 1170w, https:\/\/www.handball-ulm.de\/wp-content\/uploads\/2021\/02\/24-Bildschirme.jpeg 1280w\" sizes=\"(max-width: 964px) 100vw, 964px\" \/>        <\/a>\r\n    <\/figure>\r\n            <div class=\"postbox\">  \r\n            <h3>\r\n                <a href=\"https:\/\/www.handball-ulm.de\/?p=5382\">12 Bildschirme<\/a>\r\n            <\/h3>\r\n        <div class=\"date-without-thumb\">27. Dezember 2020<\/div> \r\n        <p>&amp; mehrere sch\u00f6ne Weihnachtsstunden Seit Wochen, sogar Monaten konnten wir uns schon nicht mehr live sehen, gemeinsam in der Halle stehen, gemeinsam trainieren, geschweige denn Spiele gewinnen. Doch eine Tradition haben wir beibehalten &#8211; unsere j\u00e4hrliche Weihnachtsfeier! Dieses Jahr hatte die Weihnachtsfeier ein etwas anderes Format &#8211; 12 Frauen, 12 Bildschirme! Jede von uns auf [&hellip;]<\/p>\n<br\/><br\/><a class=\"read-more\" href=\"https:\/\/www.handball-ulm.de\/?p=5382\"> Mehr lesen...<\/a>        <\/div>    \r\n    <\/div>\r\n<\/article>\r\n<article class=\"post\">\r\n    <div class=\"post-5385 post type-post status-publish format-standard has-post-thumbnail hentry category-aus-dem-sg-leben-20-21 category-spielgemeinschaft category-startseite\"  id=\"post-5385\">\r\n      \r\n    <figure>\r\n        <a href=\"https:\/\/www.handball-ulm.de\/?p=5385\">\r\n            <img loading=\"lazy\" decoding=\"async\" width=\"964\" height=\"428\" src=\"https:\/\/www.handball-ulm.de\/wp-content\/uploads\/2020\/12\/Screenshot-20-964x428.png\" class=\"attachment-sporty-blog-image size-sporty-blog-image wp-post-image\" alt=\"\" \/>        <\/a>\r\n    <\/figure>\r\n            <div class=\"postbox\">  \r\n            <h3>\r\n                <a href=\"https:\/\/www.handball-ulm.de\/?p=5385\">Nikolaus<\/a>\r\n            <\/h3>\r\n        <div class=\"date-without-thumb\">6. Dezember 2020<\/div> \r\n        <p>Normalerweise findet jedes Jahr um die Nikolauszeit eine gro\u00dfe gemeinsame Feier mit einem vorausgehenden Spaziergang mit Fackeln statt. Im Anschluss daran gab es im Gemeindezentrum Wiblingen von jeder Mannschaft eine kurze Showeinlage und abschlie\u00dfend vom Nikolaus nach den \u00fcblichen strafenden und lobenden Worten ein kleines Geschenk. Aber dieses Jahr \u2026 war ja leider aufgrund von [&hellip;]<\/p>\n<br\/><br\/><a class=\"read-more\" href=\"https:\/\/www.handball-ulm.de\/?p=5385\"> Mehr lesen...<\/a>        <\/div>    \r\n    <\/div>\r\n<\/article>\r\n<article class=\"post\">\r\n    <div class=\"post-5107 post type-post status-publish format-standard has-post-thumbnail hentry category-adventskalender-2020 category-aus-dem-sg-leben-20-21 category-spielgemeinschaft category-startseite\"  id=\"post-5107\">\r\n      \r\n    <figure>\r\n        <a href=\"https:\/\/www.handball-ulm.de\/?p=5107\">\r\n            <img loading=\"lazy\" decoding=\"async\" width=\"964\" height=\"393\" src=\"https:\/\/www.handball-ulm.de\/wp-content\/uploads\/2020\/11\/Screenshot-543-964x393.png\" class=\"attachment-sporty-blog-image size-sporty-blog-image wp-post-image\" alt=\"\" \/>        <\/a>\r\n    <\/figure>\r\n            <div class=\"postbox\">  \r\n            <h3>\r\n                <a href=\"https:\/\/www.handball-ulm.de\/?p=5107\">R\u00e4tseladventskalender 2020<\/a>\r\n            <\/h3>\r\n        <div class=\"date-without-thumb\">28. November 2020<\/div> \r\n        <p>R\u00e4tseladventskalender<\/p>\n<br\/><br\/><a class=\"read-more\" href=\"https:\/\/www.handball-ulm.de\/?p=5107\"> Mehr lesen...<\/a>        <\/div>    \r\n    <\/div>\r\n<\/article>\r\n<article class=\"post\">\r\n    <div class=\"post-5302 post type-post status-publish format-standard has-post-thumbnail hentry category-allgemein category-aus-dem-sg-leben-20-21 category-startseite\"  id=\"post-5302\">\r\n      \r\n    <figure>\r\n        <a href=\"https:\/\/www.handball-ulm.de\/?p=5302\">\r\n            <img loading=\"lazy\" decoding=\"async\" width=\"454\" height=\"325\" src=\"https:\/\/www.handball-ulm.de\/wp-content\/uploads\/2020\/11\/Screenshot-590.png\" class=\"attachment-sporty-blog-image size-sporty-blog-image wp-post-image\" alt=\"\" srcset=\"https:\/\/www.handball-ulm.de\/wp-content\/uploads\/2020\/11\/Screenshot-590.png 454w, https:\/\/www.handball-ulm.de\/wp-content\/uploads\/2020\/11\/Screenshot-590-300x215.png 300w\" sizes=\"(max-width: 454px) 100vw, 454px\" \/>        <\/a>\r\n    <\/figure>\r\n            <div class=\"postbox\">  \r\n            <h3>\r\n                <a href=\"https:\/\/www.handball-ulm.de\/?p=5302\">Wer (er)kennt wen?<\/a>\r\n            <\/h3>\r\n        <div class=\"date-without-thumb\">28. November 2020<\/div> \r\n        <p>Welcher Spieler der SG steckt hinter den Kinderfotos?<\/p>\n<br\/><br\/><a class=\"read-more\" href=\"https:\/\/www.handball-ulm.de\/?p=5302\"> Mehr lesen...<\/a>        <\/div>    \r\n    <\/div>\r\n<\/article>\r\n<article class=\"post\">\r\n    <div class=\"post-4858 post type-post status-publish format-standard has-post-thumbnail hentry category-allgemein category-aus-dem-sg-leben-20-21 category-maennlich-a category-spielgemeinschaft\"  id=\"post-4858\">\r\n      \r\n    <figure>\r\n        <a href=\"https:\/\/www.handball-ulm.de\/?p=4858\">\r\n            <img loading=\"lazy\" decoding=\"async\" width=\"964\" height=\"383\" src=\"https:\/\/www.handball-ulm.de\/wp-content\/uploads\/2020\/11\/WhatsApp-Image-2020-11-15-at-13.30.361-964x383.jpeg\" class=\"attachment-sporty-blog-image size-sporty-blog-image wp-post-image\" alt=\"\" \/>        <\/a>\r\n    <\/figure>\r\n            <div class=\"postbox\">  \r\n            <h3>\r\n                <a href=\"https:\/\/www.handball-ulm.de\/?p=4858\">Die A-Jugend hilft &#8211; Aktion &#8222;Gelbe S\u00e4cke&#8220;<\/a>\r\n            <\/h3>\r\n        <div class=\"date-without-thumb\">14. November 2020<\/div> \r\n        <p>Am Samstag ist es wieder soweit, die m\u00e4nnliche A Jugend war bereit. Vier Paletten gelbe S\u00e4cke, standen in der Garagenecke. Neue Trainingsanz\u00fcge waren auch am Start und los ging die wilde Zweierfahrt. Auf sieben Autos aufgeteilt, haben die Jungs S\u00e4cke ausgeteilt. War der Wagen tiefer gelegt? Vielleicht \u2026 &nbsp;wir haben es miterlebt. Angekommen im Wohngebiet, [&hellip;]<\/p>\n<br\/><br\/><a class=\"read-more\" href=\"https:\/\/www.handball-ulm.de\/?p=4858\"> Mehr lesen...<\/a>        <\/div>    \r\n    <\/div>\r\n<\/article>\r\n<article class=\"post\">\r\n    <div class=\"post-4792 post type-post status-publish format-standard has-post-thumbnail hentry category-aus-dem-sg-leben-20-21 category-spielgemeinschaft category-startseite\"  id=\"post-4792\">\r\n      \r\n    <figure>\r\n        <a href=\"https:\/\/www.handball-ulm.de\/?p=4792\">\r\n            <img loading=\"lazy\" decoding=\"async\" width=\"964\" height=\"428\" src=\"https:\/\/www.handball-ulm.de\/wp-content\/uploads\/2020\/11\/Screenshot-474-964x428.png\" class=\"attachment-sporty-blog-image size-sporty-blog-image wp-post-image\" alt=\"\" \/>        <\/a>\r\n    <\/figure>\r\n            <div class=\"postbox\">  \r\n            <h3>\r\n                <a href=\"https:\/\/www.handball-ulm.de\/?p=4792\">SG Activity &#8211; Handball malt<\/a>\r\n            <\/h3>\r\n        <div class=\"date-without-thumb\">8. November 2020<\/div> \r\n        <p>Malt mit!<\/p>\n<br\/><br\/><a class=\"read-more\" href=\"https:\/\/www.handball-ulm.de\/?p=4792\"> Mehr lesen...<\/a>        <\/div>    \r\n    <\/div>\r\n<\/article>\r\n<!-- VIEW ALL BUTTON -->\r\n<div class=\"blogpager\">\r\n    <div class=\"previous\">\r\n        <a href=\"https:\/\/www.handball-ulm.de\/?cat=70\">Alle<\/a>\r\n    <\/div>\r\n<\/div>\r\n\n","protected":false},"excerpt":{"rendered":"<br\/><br\/><a class=\"read-more\" href=\"https:\/\/www.handball-ulm.de\/?p=4792\"> Mehr lesen...<\/a>","protected":false},"author":1,"featured_media":0,"parent":0,"menu_order":0,"comment_status":"closed","ping_status":"closed","template":"","meta":{"ngg_post_thumbnail":0,"footnotes":""},"_links":{"self":[{"href":"https:\/\/www.handball-ulm.de\/index.php?rest_route=\/wp\/v2\/pages\/3854"}],"collection":[{"href":"https:\/\/www.handball-ulm.de\/index.php?rest_route=\/wp\/v2\/pages"}],"about":[{"href":"https:\/\/www.handball-ulm.de\/index.php?rest_route=\/wp\/v2\/types\/page"}],"author":[{"embeddable":true,"href":"https:\/\/www.handball-ulm.de\/index.php?rest_route=\/wp\/v2\/users\/1"}],"replies":[{"embeddable":true,"href":"https:\/\/www.handball-ulm.de\/index.php?rest_route=%2Fwp%2Fv2%2Fcomments&post=3854"}],"version-history":[{"count":2,"href":"https:\/\/www.handball-ulm.de\/index.php?rest_route=\/wp\/v2\/pages\/3854\/revisions"}],"predecessor-version":[{"id":4186,"href":"https:\/\/www.handball-ulm.de\/index.php?rest_route=\/wp\/v2\/pages\/3854\/revisions\/4186"}],"wp:attachment":[{"href":"https:\/\/www.handball-ulm.de\/index.php?rest_route=%2Fwp%2Fv2%2Fmedia&parent=3854"}],"curies":[{"name":"wp","href":"https:\/\/api.w.org\/{rel}","templated":true}]}}

<article class="post">
    <div class="post-5399 post type-post status-publish format-standard has-post-thumbnail hentry category-allgemein category-aus-dem-sg-leben-20-21 category-frauen-2 category-spielgemeinschaft"  id="post-5399">
      
    <figure>
        <a href="https://www.handball-ulm.de/?p=5399">
            <img loading="lazy" decoding="async" width="877" height="428" src="https://www.handball-ulm.de/wp-content/uploads/2021/02/Screenshot-24-877x428.png" class="attachment-sporty-blog-image size-sporty-blog-image wp-post-image" alt="" />        </a>
    </figure>
            <div class="postbox">  
            <h3>
                <a href="https://www.handball-ulm.de/?p=5399">Weiberfasching 2021</a>
            </h3>
        <div class="date-without-thumb">11. Februar 2021</div> 
        <p>Am 11.2.21 trafen sich die Frauen 2 &nbsp;zur üblichen Trainingszeit. Dieses Mal tauschten wir allerdings unsere Trainingskleidung gegen ein Faschingsoutfit &#8211; schließlich war Weiberfasnet und die wollten wir nutzen, um gemeinsame Zeit zu verbringen. Da dies in Pandemiezeiten lediglich online möglich ist, hatte sogar den Vorteil, dass ein Mitglied sich aus Island dazu schalten konnte. [&hellip;]</p>
<br/><br/><a class="read-more" href="https://www.handball-ulm.de/?p=5399"> Mehr lesen...</a>        </div>    
    </div>
</article>
<article class="post">
    <div class="post-5345 post type-post status-publish format-standard has-post-thumbnail hentry category-allgemein category-aus-dem-sg-leben-20-21 category-spielgemeinschaft category-startseite"  id="post-5345">
      
    <figure>
        <a href="https://www.handball-ulm.de/?p=5345">
            <img loading="lazy" decoding="async" width="640" height="428" src="https://www.handball-ulm.de/wp-content/uploads/2021/02/1Happy-640x428.jpg" class="attachment-sporty-blog-image size-sporty-blog-image wp-post-image" alt="" srcset="https://www.handball-ulm.de/wp-content/uploads/2021/02/1Happy-640x428.jpg 640w, https://www.handball-ulm.de/wp-content/uploads/2021/02/1Happy-600x400.jpg 600w" sizes="(max-width: 640px) 100vw, 640px" />        </a>
    </figure>
            <div class="postbox">  
            <h3>
                <a href="https://www.handball-ulm.de/?p=5345">Wir trauern um Happy</a>
            </h3>
        <div class="date-without-thumb">21. Januar 2021</div> 
        <p>Die SG Ulm &amp; Wiblingen trauert um Ihr langjähriges Mitglied &#8222;Happy&#8220;, Herbert Raiber, der nach kurzer Krankheit im Alter von nur 67 Jahren überraschend verstarb. Happy trat 1966 in den TVW ein. Im Alter von 13 Jahren begann er in der Jugend beim TV Wiblingen mit dem Handballspiel. Ein Höhepunkt war u.a. ein Freundschaftsspiel gegen [&hellip;]</p>
<br/><br/><a class="read-more" href="https://www.handball-ulm.de/?p=5345"> Mehr lesen...</a>        </div>    
    </div>
</article>
<article class="post">
    <div class="post-5382 post type-post status-publish format-standard has-post-thumbnail hentry category-aus-dem-sg-leben-20-21 category-frauen-1 category-spielgemeinschaft category-startseite"  id="post-5382">
      
    <figure>
        <a href="https://www.handball-ulm.de/?p=5382">
            <img loading="lazy" decoding="async" width="964" height="428" src="https://www.handball-ulm.de/wp-content/uploads/2021/02/24-Bildschirme-964x428.jpeg" class="attachment-sporty-blog-image size-sporty-blog-image wp-post-image" alt="" srcset="https://www.handball-ulm.de/wp-content/uploads/2021/02/24-Bildschirme-964x428.jpeg 964w, https://www.handball-ulm.de/wp-content/uploads/2021/02/24-Bildschirme-300x134.jpeg 300w, https://www.handball-ulm.de/wp-content/uploads/2021/02/24-Bildschirme-1024x456.jpeg 1024w, https://www.handball-ulm.de/wp-content/uploads/2021/02/24-Bildschirme-768x342.jpeg 768w, https://www.handball-ulm.de/wp-content/uploads/2021/02/24-Bildschirme-1170x521.jpeg 1170w, https://www.handball-ulm.de/wp-content/uploads/2021/02/24-Bildschirme.jpeg 1280w" sizes="(max-width: 964px) 100vw, 964px" />        </a>
    </figure>
            <div class="postbox">  
            <h3>
                <a href="https://www.handball-ulm.de/?p=5382">12 Bildschirme</a>
            </h3>
        <div class="date-without-thumb">27. Dezember 2020</div> 
        <p>&amp; mehrere schöne Weihnachtsstunden Seit Wochen, sogar Monaten konnten wir uns schon nicht mehr live sehen, gemeinsam in der Halle stehen, gemeinsam trainieren, geschweige denn Spiele gewinnen. Doch eine Tradition haben wir beibehalten &#8211; unsere jährliche Weihnachtsfeier! Dieses Jahr hatte die Weihnachtsfeier ein etwas anderes Format &#8211; 12 Frauen, 12 Bildschirme! Jede von uns auf [&hellip;]</p>
<br/><br/><a class="read-more" href="https://www.handball-ulm.de/?p=5382"> Mehr lesen...</a>        </div>    
    </div>
</article>
<article class="post">
    <div class="post-5385 post type-post status-publish format-standard has-post-thumbnail hentry category-aus-dem-sg-leben-20-21 category-spielgemeinschaft category-startseite"  id="post-5385">
      
    <figure>
        <a href="https://www.handball-ulm.de/?p=5385">
            <img loading="lazy" decoding="async" width="964" height="428" src="https://www.handball-ulm.de/wp-content/uploads/2020/12/Screenshot-20-964x428.png" class="attachment-sporty-blog-image size-sporty-blog-image wp-post-image" alt="" />        </a>
    </figure>
            <div class="postbox">  
            <h3>
                <a href="https://www.handball-ulm.de/?p=5385">Nikolaus</a>
            </h3>
        <div class="date-without-thumb">6. Dezember 2020</div> 
        <p>Normalerweise findet jedes Jahr um die Nikolauszeit eine große gemeinsame Feier mit einem vorausgehenden Spaziergang mit Fackeln statt. Im Anschluss daran gab es im Gemeindezentrum Wiblingen von jeder Mannschaft eine kurze Showeinlage und abschließend vom Nikolaus nach den üblichen strafenden und lobenden Worten ein kleines Geschenk. Aber dieses Jahr … war ja leider aufgrund von [&hellip;]</p>
<br/><br/><a class="read-more" href="https://www.handball-ulm.de/?p=5385"> Mehr lesen...</a>        </div>    
    </div>
</article>
<article class="post">
    <div class="post-5107 post type-post status-publish format-standard has-post-thumbnail hentry category-adventskalender-2020 category-aus-dem-sg-leben-20-21 category-spielgemeinschaft category-startseite"  id="post-5107">
      
    <figure>
        <a href="https://www.handball-ulm.de/?p=5107">
            <img loading="lazy" decoding="async" width="964" height="393" src="https://www.handball-ulm.de/wp-content/uploads/2020/11/Screenshot-543-964x393.png" class="attachment-sporty-blog-image size-sporty-blog-image wp-post-image" alt="" />        </a>
    </figure>
            <div class="postbox">  
            <h3>
                <a href="https://www.handball-ulm.de/?p=5107">Rätseladventskalender 2020</a>
            </h3>
        <div class="date-without-thumb">28. November 2020</div> 
        <p>Rätseladventskalender</p>
<br/><br/><a class="read-more" href="https://www.handball-ulm.de/?p=5107"> Mehr lesen...</a>        </div>    
    </div>
</article>
<article class="post">
    <div class="post-5302 post type-post status-publish format-standard has-post-thumbnail hentry category-allgemein category-aus-dem-sg-leben-20-21 category-startseite"  id="post-5302">
      
    <figure>
        <a href="https://www.handball-ulm.de/?p=5302">
            <img loading="lazy" decoding="async" width="454" height="325" src="https://www.handball-ulm.de/wp-content/uploads/2020/11/Screenshot-590.png" class="attachment-sporty-blog-image size-sporty-blog-image wp-post-image" alt="" srcset="https://www.handball-ulm.de/wp-content/uploads/2020/11/Screenshot-590.png 454w, https://www.handball-ulm.de/wp-content/uploads/2020/11/Screenshot-590-300x215.png 300w" sizes="(max-width: 454px) 100vw, 454px" />        </a>
    </figure>
            <div class="postbox">  
            <h3>
                <a href="https://www.handball-ulm.de/?p=5302">Wer (er)kennt wen?</a>
            </h3>
        <div class="date-without-thumb">28. November 2020</div> 
        <p>Welcher Spieler der SG steckt hinter den Kinderfotos?</p>
<br/><br/><a class="read-more" href="https://www.handball-ulm.de/?p=5302"> Mehr lesen...</a>        </div>    
    </div>
</article>
<article class="post">
    <div class="post-4858 post type-post status-publish format-standard has-post-thumbnail hentry category-allgemein category-aus-dem-sg-leben-20-21 category-maennlich-a category-spielgemeinschaft"  id="post-4858">
      
    <figure>
        <a href="https://www.handball-ulm.de/?p=4858">
            <img loading="lazy" decoding="async" width="964" height="383" src="https://www.handball-ulm.de/wp-content/uploads/2020/11/WhatsApp-Image-2020-11-15-at-13.30.361-964x383.jpeg" class="attachment-sporty-blog-image size-sporty-blog-image wp-post-image" alt="" />        </a>
    </figure>
            <div class="postbox">  
            <h3>
                <a href="https://www.handball-ulm.de/?p=4858">Die A-Jugend hilft &#8211; Aktion &#8222;Gelbe Säcke&#8220;</a>
            </h3>
        <div class="date-without-thumb">14. November 2020</div> 
        <p>Am Samstag ist es wieder soweit, die männliche A Jugend war bereit. Vier Paletten gelbe Säcke, standen in der Garagenecke. Neue Trainingsanzüge waren auch am Start und los ging die wilde Zweierfahrt. Auf sieben Autos aufgeteilt, haben die Jungs Säcke ausgeteilt. War der Wagen tiefer gelegt? Vielleicht … &nbsp;wir haben es miterlebt. Angekommen im Wohngebiet, [&hellip;]</p>
<br/><br/><a class="read-more" href="https://www.handball-ulm.de/?p=4858"> Mehr lesen...</a>        </div>    
    </div>
</article>
<article class="post">
    <div class="post-4792 post type-post status-publish format-standard has-post-thumbnail hentry category-aus-dem-sg-leben-20-21 category-spielgemeinschaft category-startseite"  id="post-4792">
      
    <figure>
        <a href="https://www.handball-ulm.de/?p=4792">
            <img loading="lazy" decoding="async" width="964" height="428" src="https://www.handball-ulm.de/wp-content/uploads/2020/11/Screenshot-474-964x428.png" class="attachment-sporty-blog-image size-sporty-blog-image wp-post-image" alt="" />        </a>
    </figure>
            <div class="postbox">  
            <h3>
                <a href="https://www.handball-ulm.de/?p=4792">SG Activity &#8211; Handball malt</a>
            </h3>
        <div class="date-without-thumb">8. November 2020</div> 
        <p>Malt mit!</p>
<br/><br/><a class="read-more" href="https://www.handball-ulm.de/?p=4792"> Mehr lesen...</a>        </div>    
    </div>
</article>
<!-- VIEW ALL BUTTON -->
<div class="blogpager">
    <div class="previous">
        <a href="https://www.handball-ulm.de/?cat=70">Alle</a>
    </div>
</div>
