{"id":3758,"date":"2020-05-02T20:53:57","date_gmt":"2020-05-02T18:53:57","guid":{"rendered":"https:\/\/www.handball-ulm.de\/?page_id=3758"},"modified":"2020-09-09T21:37:01","modified_gmt":"2020-09-09T19:37:01","slug":"2018-2019","status":"publish","type":"page","link":"https:\/\/www.handball-ulm.de\/?page_id=3758","title":{"rendered":"Aus dem SG-Leben 2018\/2019"},"content":{"rendered":"\n<article class=\"post\">\r\n    <div class=\"post-1019 post type-post status-publish format-standard has-post-thumbnail hentry category-aus-dem-sg-leben-18-19 category-weiblich-d\"  id=\"post-1019\">\r\n      \r\n    <figure>\r\n        <a href=\"https:\/\/www.handball-ulm.de\/?p=1019\">\r\n            <img loading=\"lazy\" decoding=\"async\" width=\"964\" height=\"428\" src=\"https:\/\/www.handball-ulm.de\/wp-content\/uploads\/2019\/04\/WhatsApp-Image-2019-03-24-at-17.31.08-964x428.jpeg\" class=\"attachment-sporty-blog-image size-sporty-blog-image wp-post-image\" alt=\"\" \/>        <\/a>\r\n    <\/figure>\r\n            <div class=\"postbox\">  \r\n            <h3>\r\n                <a href=\"https:\/\/www.handball-ulm.de\/?p=1019\">Weibliche D ist ungeschlagener Meister!!!<\/a>\r\n            <\/h3>\r\n        <div class=\"date-without-thumb\">9. April 2019<\/div> \r\n        <p>Mit 24:0 Punkten marschierte die weibliche D Jugend um die beiden Trainer Sven und Phillip durch die Saison 18\/19. Die M\u00e4dels haben w\u00e4hrend der gesamten Saison kein Spiel verloren und mit einem Torverh\u00e4ltnis von 280:95 Toren blieb man mit einer ph\u00e4nomenalen Abwehrleistung unter 100 bekommenen Toren. Nachdem man in der Bezirksklasse-Donau auf Platz eins stand, [&hellip;]<\/p>\n<br\/><br\/><a class=\"read-more\" href=\"https:\/\/www.handball-ulm.de\/?p=1019\"> Mehr lesen...<\/a>        <\/div>    \r\n    <\/div>\r\n<\/article>\r\n<article class=\"post\">\r\n    <div class=\"post-1257 post type-post status-publish format-standard hentry category-allgemein category-aus-dem-sg-leben-18-19 category-gemischt-f-ulm category-gemischt-f-wiblingen\"  id=\"post-1257\">\r\n            <div class=\"postbox\">  \r\n            <h3>\r\n                <a href=\"https:\/\/www.handball-ulm.de\/?p=1257\">F-Jugendspieltag in der Tannenplatzhalle Wiblingen<\/a>\r\n            <\/h3>\r\n        <div class=\"date-without-thumb\">31. M\u00e4rz 2019<\/div> \r\n        <p>Zum Saisonabschluss der F-Jugend fand am 31.03.2019 ein Spieltag in der Tannenplatzhalle in Wiblingen statt. 3! F-Jugendmannschaften unserer eigenen SG und 5 Gastmannschaften reisten mit ihren Trainern, Eltern, Verwandten und Freunden nach Wiblingen an, so dass sich die Halle als auch die Trib\u00fcne schnell f\u00fcllten. Auf 4 Kleinfeldern zeigten die sportbegeisterten 7-8 J\u00e4hrigen ihre handballerischen [&hellip;]<\/p>\n<br\/><br\/><a class=\"read-more\" href=\"https:\/\/www.handball-ulm.de\/?p=1257\"> Mehr lesen...<\/a>        <\/div>    \r\n    <\/div>\r\n<\/article>\r\n<article class=\"post\">\r\n    <div class=\"post-938 post type-post status-publish format-standard has-post-thumbnail hentry category-aus-dem-sg-leben-18-19 category-startseite\"  id=\"post-938\">\r\n      \r\n    <figure>\r\n        <a href=\"https:\/\/www.handball-ulm.de\/?p=938\">\r\n            <img loading=\"lazy\" decoding=\"async\" width=\"964\" height=\"428\" src=\"https:\/\/www.handball-ulm.de\/wp-content\/uploads\/2019\/03\/sg_gruppenbild_2-964x428.jpg\" class=\"attachment-sporty-blog-image size-sporty-blog-image wp-post-image\" alt=\"\" \/>        <\/a>\r\n    <\/figure>\r\n            <div class=\"postbox\">  \r\n            <h3>\r\n                <a href=\"https:\/\/www.handball-ulm.de\/?p=938\">SG Ulm &#038; Wiblingen &#8222;Mannschaftsfoto&#8220;<\/a>\r\n            <\/h3>\r\n        <div class=\"date-without-thumb\">19. M\u00e4rz 2019<\/div> \r\n        <p>Wir haben den Start unserer neuen Webseite zum Anlass genommen ein Mannschaftsfoto mit der Gesamten SG Ulm &amp; Wiblingen zu machen. Dazu haben sich alle am Freitag den 15.03.2019 in der Ballspielhalle eingefunden. Das Ergebnis kann sich sehen lassen \ud83d\ude42 Vielen Dank an Simon Reitz f\u00fcr die tollen Fotos (hier gehts zu seiner Webseite).<\/p>\n<br\/><br\/><a class=\"read-more\" href=\"https:\/\/www.handball-ulm.de\/?p=938\"> Mehr lesen...<\/a>        <\/div>    \r\n    <\/div>\r\n<\/article>\r\n<article class=\"post\">\r\n    <div class=\"post-915 post type-post status-publish format-standard hentry category-aus-dem-sg-leben-18-19 category-startseite\"  id=\"post-915\">\r\n            <div class=\"postbox\">  \r\n            <h3>\r\n                <a href=\"https:\/\/www.handball-ulm.de\/?p=915\">Willkommen auf unserer neuen Webseite<\/a>\r\n            <\/h3>\r\n        <div class=\"date-without-thumb\">17. M\u00e4rz 2019<\/div> \r\n        <p>Endlich ist es geschafft. Unsere neue Webseite der SG Ulm\/Wiblingen ist fertig. Mit modernem Design und aktuellen Inhalten entspricht die neue Webseite unserer Vorstellung von einem angemessenen Internetauftritt. Bei der Entwicklung der neuen Webseite haben wir sehr viel Wert auf die \u00dcbersichtlichkeit gelegt. Die Bereiche sind klar strukturiert, so dass man sich sofort zurecht findet. [&hellip;]<\/p>\n<br\/><br\/><a class=\"read-more\" href=\"https:\/\/www.handball-ulm.de\/?p=915\"> Mehr lesen...<\/a>        <\/div>    \r\n    <\/div>\r\n<\/article>\r\n<article class=\"post\">\r\n    <div class=\"post-832 post type-post status-publish format-standard hentry category-aus-dem-sg-leben-18-19 category-startseite\"  id=\"post-832\">\r\n            <div class=\"postbox\">  \r\n            <h3>\r\n                <a href=\"https:\/\/www.handball-ulm.de\/?p=832\">ACHTUNG: Ab dem 18.03.2019 gelten neue Trainingszeiten<\/a>\r\n            <\/h3>\r\n        <div class=\"date-without-thumb\">17. M\u00e4rz 2019<\/div> \r\n        <p>BITTE BEACHTEN: Ab dem 18.03.2019 gelten f\u00fcr den gesamten Jugend- sowie Aktivenbereich neue Trainingszeiten. Die neuen Trainingszeiten sind bei den entsprechenden Mannschaften unter Aktive oder Jugend zu finden. Dort findet ihr im Reiter Trainingszeiten alle notwendigen Infos. Eure SG Ulm &amp; Wiblingen<\/p>\n<br\/><br\/><a class=\"read-more\" href=\"https:\/\/www.handball-ulm.de\/?p=832\"> Mehr lesen...<\/a>        <\/div>    \r\n    <\/div>\r\n<\/article>\r\n<article class=\"post\">\r\n    <div class=\"post-227 post type-post status-publish format-standard hentry category-aus-dem-sg-leben-18-19 category-startseite\"  id=\"post-227\">\r\n            <div class=\"postbox\">  \r\n            <h3>\r\n                <a href=\"https:\/\/www.handball-ulm.de\/?p=227\">Kinder- und Jugendhandball 2018\/2019<\/a>\r\n            <\/h3>\r\n        <div class=\"date-without-thumb\">16. M\u00e4rz 2019<\/div> \r\n        <p>Mit Stolz blicken wir auf die vergangene Saison zur\u00fcck. Viele Ereignisse erlebten wir zusammen. F\u00fcr eine Nikolausfeier mit einer bombastischen Teilnehmerzahl von Kindern, deren Familien und unseren \u201egro\u00dfen\u201c Spielern gilt unser Dank den Frauenmannschaften. Das Handballcamp der SG Ulm &amp; Wiblingen in den Faschingsferien war so ausgebucht, dass es sogar eine Warteliste gab. Vom 04. [&hellip;]<\/p>\n<br\/><br\/><a class=\"read-more\" href=\"https:\/\/www.handball-ulm.de\/?p=227\"> Mehr lesen...<\/a>        <\/div>    \r\n    <\/div>\r\n<\/article>\r\n<!-- VIEW ALL BUTTON -->\r\n<div class=\"blogpager\">\r\n    <div class=\"previous\">\r\n        <a href=\"https:\/\/www.handball-ulm.de\/?cat=67\">Alle<\/a>\r\n    <\/div>\r\n<\/div>\r\n\n","protected":false},"excerpt":{"rendered":"<br\/><br\/><a class=\"read-more\" href=\"https:\/\/www.handball-ulm.de\/?p=227\"> Mehr lesen...<\/a>","protected":false},"author":1,"featured_media":0,"parent":0,"menu_order":0,"comment_status":"closed","ping_status":"closed","template":"","meta":{"ngg_post_thumbnail":0,"footnotes":""},"_links":{"self":[{"href":"https:\/\/www.handball-ulm.de\/index.php?rest_route=\/wp\/v2\/pages\/3758"}],"collection":[{"href":"https:\/\/www.handball-ulm.de\/index.php?rest_route=\/wp\/v2\/pages"}],"about":[{"href":"https:\/\/www.handball-ulm.de\/index.php?rest_route=\/wp\/v2\/types\/page"}],"author":[{"embeddable":true,"href":"https:\/\/www.handball-ulm.de\/index.php?rest_route=\/wp\/v2\/users\/1"}],"replies":[{"embeddable":true,"href":"https:\/\/www.handball-ulm.de\/index.php?rest_route=%2Fwp%2Fv2%2Fcomments&post=3758"}],"version-history":[{"count":4,"href":"https:\/\/www.handball-ulm.de\/index.php?rest_route=\/wp\/v2\/pages\/3758\/revisions"}],"predecessor-version":[{"id":4184,"href":"https:\/\/www.handball-ulm.de\/index.php?rest_route=\/wp\/v2\/pages\/3758\/revisions\/4184"}],"wp:attachment":[{"href":"https:\/\/www.handball-ulm.de\/index.php?rest_route=%2Fwp%2Fv2%2Fmedia&parent=3758"}],"curies":[{"name":"wp","href":"https:\/\/api.w.org\/{rel}","templated":true}]}}

<article class="post">
    <div class="post-1019 post type-post status-publish format-standard has-post-thumbnail hentry category-aus-dem-sg-leben-18-19 category-weiblich-d"  id="post-1019">
      
    <figure>
        <a href="https://www.handball-ulm.de/?p=1019">
            <img loading="lazy" decoding="async" width="964" height="428" src="https://www.handball-ulm.de/wp-content/uploads/2019/04/WhatsApp-Image-2019-03-24-at-17.31.08-964x428.jpeg" class="attachment-sporty-blog-image size-sporty-blog-image wp-post-image" alt="" />        </a>
    </figure>
            <div class="postbox">  
            <h3>
                <a href="https://www.handball-ulm.de/?p=1019">Weibliche D ist ungeschlagener Meister!!!</a>
            </h3>
        <div class="date-without-thumb">9. April 2019</div> 
        <p>Mit 24:0 Punkten marschierte die weibliche D Jugend um die beiden Trainer Sven und Phillip durch die Saison 18/19. Die Mädels haben während der gesamten Saison kein Spiel verloren und mit einem Torverhältnis von 280:95 Toren blieb man mit einer phänomenalen Abwehrleistung unter 100 bekommenen Toren. Nachdem man in der Bezirksklasse-Donau auf Platz eins stand, [&hellip;]</p>
<br/><br/><a class="read-more" href="https://www.handball-ulm.de/?p=1019"> Mehr lesen...</a>        </div>    
    </div>
</article>
<article class="post">
    <div class="post-1257 post type-post status-publish format-standard hentry category-allgemein category-aus-dem-sg-leben-18-19 category-gemischt-f-ulm category-gemischt-f-wiblingen"  id="post-1257">
            <div class="postbox">  
            <h3>
                <a href="https://www.handball-ulm.de/?p=1257">F-Jugendspieltag in der Tannenplatzhalle Wiblingen</a>
            </h3>
        <div class="date-without-thumb">31. März 2019</div> 
        <p>Zum Saisonabschluss der F-Jugend fand am 31.03.2019 ein Spieltag in der Tannenplatzhalle in Wiblingen statt. 3! F-Jugendmannschaften unserer eigenen SG und 5 Gastmannschaften reisten mit ihren Trainern, Eltern, Verwandten und Freunden nach Wiblingen an, so dass sich die Halle als auch die Tribüne schnell füllten. Auf 4 Kleinfeldern zeigten die sportbegeisterten 7-8 Jährigen ihre handballerischen [&hellip;]</p>
<br/><br/><a class="read-more" href="https://www.handball-ulm.de/?p=1257"> Mehr lesen...</a>        </div>    
    </div>
</article>
<article class="post">
    <div class="post-938 post type-post status-publish format-standard has-post-thumbnail hentry category-aus-dem-sg-leben-18-19 category-startseite"  id="post-938">
      
    <figure>
        <a href="https://www.handball-ulm.de/?p=938">
            <img loading="lazy" decoding="async" width="964" height="428" src="https://www.handball-ulm.de/wp-content/uploads/2019/03/sg_gruppenbild_2-964x428.jpg" class="attachment-sporty-blog-image size-sporty-blog-image wp-post-image" alt="" />        </a>
    </figure>
            <div class="postbox">  
            <h3>
                <a href="https://www.handball-ulm.de/?p=938">SG Ulm &#038; Wiblingen &#8222;Mannschaftsfoto&#8220;</a>
            </h3>
        <div class="date-without-thumb">19. März 2019</div> 
        <p>Wir haben den Start unserer neuen Webseite zum Anlass genommen ein Mannschaftsfoto mit der Gesamten SG Ulm &amp; Wiblingen zu machen. Dazu haben sich alle am Freitag den 15.03.2019 in der Ballspielhalle eingefunden. Das Ergebnis kann sich sehen lassen 🙂 Vielen Dank an Simon Reitz für die tollen Fotos (hier gehts zu seiner Webseite).</p>
<br/><br/><a class="read-more" href="https://www.handball-ulm.de/?p=938"> Mehr lesen...</a>        </div>    
    </div>
</article>
<article class="post">
    <div class="post-915 post type-post status-publish format-standard hentry category-aus-dem-sg-leben-18-19 category-startseite"  id="post-915">
            <div class="postbox">  
            <h3>
                <a href="https://www.handball-ulm.de/?p=915">Willkommen auf unserer neuen Webseite</a>
            </h3>
        <div class="date-without-thumb">17. März 2019</div> 
        <p>Endlich ist es geschafft. Unsere neue Webseite der SG Ulm/Wiblingen ist fertig. Mit modernem Design und aktuellen Inhalten entspricht die neue Webseite unserer Vorstellung von einem angemessenen Internetauftritt. Bei der Entwicklung der neuen Webseite haben wir sehr viel Wert auf die Übersichtlichkeit gelegt. Die Bereiche sind klar strukturiert, so dass man sich sofort zurecht findet. [&hellip;]</p>
<br/><br/><a class="read-more" href="https://www.handball-ulm.de/?p=915"> Mehr lesen...</a>        </div>    
    </div>
</article>
<article class="post">
    <div class="post-832 post type-post status-publish format-standard hentry category-aus-dem-sg-leben-18-19 category-startseite"  id="post-832">
            <div class="postbox">  
            <h3>
                <a href="https://www.handball-ulm.de/?p=832">ACHTUNG: Ab dem 18.03.2019 gelten neue Trainingszeiten</a>
            </h3>
        <div class="date-without-thumb">17. März 2019</div> 
        <p>BITTE BEACHTEN: Ab dem 18.03.2019 gelten für den gesamten Jugend- sowie Aktivenbereich neue Trainingszeiten. Die neuen Trainingszeiten sind bei den entsprechenden Mannschaften unter Aktive oder Jugend zu finden. Dort findet ihr im Reiter Trainingszeiten alle notwendigen Infos. Eure SG Ulm &amp; Wiblingen</p>
<br/><br/><a class="read-more" href="https://www.handball-ulm.de/?p=832"> Mehr lesen...</a>        </div>    
    </div>
</article>
<article class="post">
    <div class="post-227 post type-post status-publish format-standard hentry category-aus-dem-sg-leben-18-19 category-startseite"  id="post-227">
            <div class="postbox">  
            <h3>
                <a href="https://www.handball-ulm.de/?p=227">Kinder- und Jugendhandball 2018/2019</a>
            </h3>
        <div class="date-without-thumb">16. März 2019</div> 
        <p>Mit Stolz blicken wir auf die vergangene Saison zurück. Viele Ereignisse erlebten wir zusammen. Für eine Nikolausfeier mit einer bombastischen Teilnehmerzahl von Kindern, deren Familien und unseren „großen“ Spielern gilt unser Dank den Frauenmannschaften. Das Handballcamp der SG Ulm &amp; Wiblingen in den Faschingsferien war so ausgebucht, dass es sogar eine Warteliste gab. Vom 04. [&hellip;]</p>
<br/><br/><a class="read-more" href="https://www.handball-ulm.de/?p=227"> Mehr lesen...</a>        </div>    
    </div>
</article>
<!-- VIEW ALL BUTTON -->
<div class="blogpager">
    <div class="previous">
        <a href="https://www.handball-ulm.de/?cat=67">Alle</a>
    </div>
</div>
