{"id":2519,"date":"2020-02-08T20:57:45","date_gmt":"2020-02-08T19:57:45","guid":{"rendered":"https:\/\/www.handball-ulm.de\/?page_id=2519"},"modified":"2020-02-09T11:57:45","modified_gmt":"2020-02-09T10:57:45","slug":"camp-2017","status":"publish","type":"page","link":"https:\/\/www.handball-ulm.de\/?page_id=2519","title":{"rendered":"Camp 2017"},"content":{"rendered":"\n<figure class=\"wp-block-image size-large\"><img loading=\"lazy\" decoding=\"async\" width=\"1024\" height=\"683\" src=\"https:\/\/www.handball-ulm.de\/wp-content\/uploads\/2020\/02\/2017-03-03_263-1024x683.jpg\" alt=\"\" class=\"wp-image-2533\" srcset=\"https:\/\/www.handball-ulm.de\/wp-content\/uploads\/2020\/02\/2017-03-03_263-1024x683.jpg 1024w, https:\/\/www.handball-ulm.de\/wp-content\/uploads\/2020\/02\/2017-03-03_263-300x200.jpg 300w, https:\/\/www.handball-ulm.de\/wp-content\/uploads\/2020\/02\/2017-03-03_263-768x512.jpg 768w, https:\/\/www.handball-ulm.de\/wp-content\/uploads\/2020\/02\/2017-03-03_263-600x400.jpg 600w, https:\/\/www.handball-ulm.de\/wp-content\/uploads\/2020\/02\/2017-03-03_263-1170x780.jpg 1170w, https:\/\/www.handball-ulm.de\/wp-content\/uploads\/2020\/02\/2017-03-03_263.jpg 1296w\" sizes=\"(max-width: 1024px) 100vw, 1024px\" \/><\/figure>\n\n\n\n<p>Am 01.- 03. M\u00e4rz dominierte der Handball die Blauringhalle in Ulm. T\u00e4glich 4 Stunden Training mit ausgebildeten Trainern von Handball-Camp.de und unseren Vereinstrainern.<br> Dazu gibt es ein tolles Rahmenprogramm f\u00fcr 45 Kinder inklusive Verpflegung, Spa\u00df, Spiel und Gemeinschaft. <\/p>\n\n\n\n<figure class=\"wp-block-image size-large\"><img loading=\"lazy\" decoding=\"async\" width=\"313\" height=\"352\" src=\"https:\/\/www.handball-ulm.de\/wp-content\/uploads\/2020\/02\/2017-03-03_205.jpg\" alt=\"\" class=\"wp-image-2534\" srcset=\"https:\/\/www.handball-ulm.de\/wp-content\/uploads\/2020\/02\/2017-03-03_205.jpg 313w, https:\/\/www.handball-ulm.de\/wp-content\/uploads\/2020\/02\/2017-03-03_205-267x300.jpg 267w\" sizes=\"(max-width: 313px) 100vw, 313px\" \/><\/figure>\n\n\n\n<p>Die Vorbereitungen liefen hervorragend, alle Pl\u00e4tze wurden vergeben. <br> Die Schulkinder hatten tolle Tage voller Sport und mit Freunden in der Ferienwoche.<br> <br> <\/p>\n\n\n\n<p>Ein insgesamt sehr gelungenes Event.<\/p>\n\n\n\n<p>Dinah Reitz<\/p>\n\n\n\n<figure class=\"wp-block-image size-large\"><img loading=\"lazy\" decoding=\"async\" width=\"576\" height=\"402\" src=\"https:\/\/www.handball-ulm.de\/wp-content\/uploads\/2020\/02\/2017-03-03_193.jpg\" alt=\"\" class=\"wp-image-2535\" srcset=\"https:\/\/www.handball-ulm.de\/wp-content\/uploads\/2020\/02\/2017-03-03_193.jpg 576w, https:\/\/www.handball-ulm.de\/wp-content\/uploads\/2020\/02\/2017-03-03_193-300x209.jpg 300w\" sizes=\"(max-width: 576px) 100vw, 576px\" \/><\/figure>\n","protected":false},"excerpt":{"rendered":"<p>Am 01.- 03. M\u00e4rz dominierte der Handball die Blauringhalle in Ulm. T\u00e4glich 4 Stunden Training mit ausgebildeten Trainern von Handball-Camp.de und unseren Vereinstrainern. Dazu gibt es ein tolles Rahmenprogramm f\u00fcr 45 Kinder inklusive Verpflegung, Spa\u00df, Spiel und Gemeinschaft. Die Vorbereitungen liefen hervorragend, alle Pl\u00e4tze wurden vergeben. Die Schulkinder hatten tolle Tage voller Sport und mit [&hellip;]<\/p>\n<br\/><br\/><a class=\"read-more\" href=\"https:\/\/www.handball-ulm.de\/?page_id=2519\"> Mehr lesen...<\/a>","protected":false},"author":1,"featured_media":2535,"parent":0,"menu_order":0,"comment_status":"closed","ping_status":"closed","template":"","meta":{"ngg_post_thumbnail":0,"footnotes":""},"_links":{"self":[{"href":"https:\/\/www.handball-ulm.de\/index.php?rest_route=\/wp\/v2\/pages\/2519"}],"collection":[{"href":"https:\/\/www.handball-ulm.de\/index.php?rest_route=\/wp\/v2\/pages"}],"about":[{"href":"https:\/\/www.handball-ulm.de\/index.php?rest_route=\/wp\/v2\/types\/page"}],"author":[{"embeddable":true,"href":"https:\/\/www.handball-ulm.de\/index.php?rest_route=\/wp\/v2\/users\/1"}],"replies":[{"embeddable":true,"href":"https:\/\/www.handball-ulm.de\/index.php?rest_route=%2Fwp%2Fv2%2Fcomments&post=2519"}],"version-history":[{"count":2,"href":"https:\/\/www.handball-ulm.de\/index.php?rest_route=\/wp\/v2\/pages\/2519\/revisions"}],"predecessor-version":[{"id":2537,"href":"https:\/\/www.handball-ulm.de\/index.php?rest_route=\/wp\/v2\/pages\/2519\/revisions\/2537"}],"wp:featuredmedia":[{"embeddable":true,"href":"https:\/\/www.handball-ulm.de\/index.php?rest_route=\/wp\/v2\/media\/2535"}],"wp:attachment":[{"href":"https:\/\/www.handball-ulm.de\/index.php?rest_route=%2Fwp%2Fv2%2Fmedia&parent=2519"}],"curies":[{"name":"wp","href":"https:\/\/api.w.org\/{rel}","templated":true}]}}

<figure class="wp-block-image size-large"><img loading="lazy" decoding="async" width="1024" height="683" src="https://www.handball-ulm.de/wp-content/uploads/2020/02/2017-03-03_263-1024x683.jpg" alt="" class="wp-image-2533" srcset="https://www.handball-ulm.de/wp-content/uploads/2020/02/2017-03-03_263-1024x683.jpg 1024w, https://www.handball-ulm.de/wp-content/uploads/2020/02/2017-03-03_263-300x200.jpg 300w, https://www.handball-ulm.de/wp-content/uploads/2020/02/2017-03-03_263-768x512.jpg 768w, https://www.handball-ulm.de/wp-content/uploads/2020/02/2017-03-03_263-600x400.jpg 600w, https://www.handball-ulm.de/wp-content/uploads/2020/02/2017-03-03_263-1170x780.jpg 1170w, https://www.handball-ulm.de/wp-content/uploads/2020/02/2017-03-03_263.jpg 1296w" sizes="(max-width: 1024px) 100vw, 1024px" /></figure>



<p>Am 01.- 03. März dominierte der Handball die Blauringhalle in Ulm. Täglich 4 Stunden Training mit ausgebildeten Trainern von Handball-Camp.de und unseren Vereinstrainern.<br> Dazu gibt es ein tolles Rahmenprogramm für 45 Kinder inklusive Verpflegung, Spaß, Spiel und Gemeinschaft. </p>



<figure class="wp-block-image size-large"><img loading="lazy" decoding="async" width="313" height="352" src="https://www.handball-ulm.de/wp-content/uploads/2020/02/2017-03-03_205.jpg" alt="" class="wp-image-2534" srcset="https://www.handball-ulm.de/wp-content/uploads/2020/02/2017-03-03_205.jpg 313w, https://www.handball-ulm.de/wp-content/uploads/2020/02/2017-03-03_205-267x300.jpg 267w" sizes="(max-width: 313px) 100vw, 313px" /></figure>



<p>Die Vorbereitungen liefen hervorragend, alle Plätze wurden vergeben. <br> Die Schulkinder hatten tolle Tage voller Sport und mit Freunden in der Ferienwoche.<br> <br> </p>



<p>Ein insgesamt sehr gelungenes Event.</p>



<p>Dinah Reitz</p>



<figure class="wp-block-image size-large"><img loading="lazy" decoding="async" width="576" height="402" src="https://www.handball-ulm.de/wp-content/uploads/2020/02/2017-03-03_193.jpg" alt="" class="wp-image-2535" srcset="https://www.handball-ulm.de/wp-content/uploads/2020/02/2017-03-03_193.jpg 576w, https://www.handball-ulm.de/wp-content/uploads/2020/02/2017-03-03_193-300x209.jpg 300w" sizes="(max-width: 576px) 100vw, 576px" /></figure>

<p>Am 01.- 03. März dominierte der Handball die Blauringhalle in Ulm. Täglich 4 Stunden Training mit ausgebildeten Trainern von Handball-Camp.de und unseren Vereinstrainern. Dazu gibt es ein tolles Rahmenprogramm für 45 Kinder inklusive Verpflegung, Spaß, Spiel und Gemeinschaft. Die Vorbereitungen liefen hervorragend, alle Plätze wurden vergeben. Die Schulkinder hatten tolle Tage voller Sport und mit [&hellip;]</p>
<br/><br/><a class="read-more" href="https://www.handball-ulm.de/?page_id=2519"> Mehr lesen...</a>
