{"id":2515,"date":"2020-02-08T20:54:43","date_gmt":"2020-02-08T19:54:43","guid":{"rendered":"https:\/\/www.handball-ulm.de\/?page_id=2515"},"modified":"2024-01-07T17:12:12","modified_gmt":"2024-01-07T16:12:12","slug":"lundaspelen-2020","status":"publish","type":"page","link":"https:\/\/www.handball-ulm.de\/?page_id=2515","title":{"rendered":"Lundaspelen 2020?"},"content":{"rendered":"\n<p>Aufgrund der Coronakrise beschlo\u00df das Orgateam mit der SG Leitung, dass die SG im Jahr 2020 nicht nach Schweden fahren wird. <\/p>\n\n\n\n<p>Nichtsdestotrotz sind die Vorbereitungen im Gange. So wurde das Geld, das f\u00fcr die Atemmasken eingenommen wurde, in den Lundtopf gesteckt. Au\u00dferdem gehen diverse Sonderbewirtungseinnahmen ebenfalls in die Kasse f\u00fcr unseren Lundausflug.<\/p>\n","protected":false},"excerpt":{"rendered":"<p>Aufgrund der Coronakrise beschlo\u00df das Orgateam mit der SG Leitung, dass die SG im Jahr 2020 nicht nach Schweden fahren wird. Nichtsdestotrotz sind die Vorbereitungen im Gange. So wurde das Geld, das f\u00fcr die Atemmasken eingenommen wurde, in den Lundtopf gesteckt. Au\u00dferdem gehen diverse Sonderbewirtungseinnahmen ebenfalls in die Kasse f\u00fcr unseren Lundausflug.<\/p>\n<br\/><br\/><a class=\"read-more\" href=\"https:\/\/www.handball-ulm.de\/?page_id=2515\"> Mehr lesen...<\/a>","protected":false},"author":1,"featured_media":0,"parent":0,"menu_order":0,"comment_status":"closed","ping_status":"closed","template":"","meta":{"ngg_post_thumbnail":0,"footnotes":""},"_links":{"self":[{"href":"https:\/\/www.handball-ulm.de\/index.php?rest_route=\/wp\/v2\/pages\/2515"}],"collection":[{"href":"https:\/\/www.handball-ulm.de\/index.php?rest_route=\/wp\/v2\/pages"}],"about":[{"href":"https:\/\/www.handball-ulm.de\/index.php?rest_route=\/wp\/v2\/types\/page"}],"author":[{"embeddable":true,"href":"https:\/\/www.handball-ulm.de\/index.php?rest_route=\/wp\/v2\/users\/1"}],"replies":[{"embeddable":true,"href":"https:\/\/www.handball-ulm.de\/index.php?rest_route=%2Fwp%2Fv2%2Fcomments&post=2515"}],"version-history":[{"count":3,"href":"https:\/\/www.handball-ulm.de\/index.php?rest_route=\/wp\/v2\/pages\/2515\/revisions"}],"predecessor-version":[{"id":16058,"href":"https:\/\/www.handball-ulm.de\/index.php?rest_route=\/wp\/v2\/pages\/2515\/revisions\/16058"}],"wp:attachment":[{"href":"https:\/\/www.handball-ulm.de\/index.php?rest_route=%2Fwp%2Fv2%2Fmedia&parent=2515"}],"curies":[{"name":"wp","href":"https:\/\/api.w.org\/{rel}","templated":true}]}}

<p>Aufgrund der Coronakrise beschloß das Orgateam mit der SG Leitung, dass die SG im Jahr 2020 nicht nach Schweden fahren wird. </p>



<p>Nichtsdestotrotz sind die Vorbereitungen im Gange. So wurde das Geld, das für die Atemmasken eingenommen wurde, in den Lundtopf gesteckt. Außerdem gehen diverse Sonderbewirtungseinnahmen ebenfalls in die Kasse für unseren Lundausflug.</p>

<p>Aufgrund der Coronakrise beschloß das Orgateam mit der SG Leitung, dass die SG im Jahr 2020 nicht nach Schweden fahren wird. Nichtsdestotrotz sind die Vorbereitungen im Gange. So wurde das Geld, das für die Atemmasken eingenommen wurde, in den Lundtopf gesteckt. Außerdem gehen diverse Sonderbewirtungseinnahmen ebenfalls in die Kasse für unseren Lundausflug.</p>
<br/><br/><a class="read-more" href="https://www.handball-ulm.de/?page_id=2515"> Mehr lesen...</a>
