{"id":21,"date":"2018-05-06T11:50:00","date_gmt":"2018-05-06T09:50:00","guid":{"rendered":"https:\/\/sgulm.tcremer.de\/?page_id=21"},"modified":"2020-05-02T21:30:11","modified_gmt":"2020-05-02T19:30:11","slug":"startseite","status":"publish","type":"page","link":"https:\/\/www.handball-ulm.de\/","title":{"rendered":"Startseite"},"content":{"rendered":"<article class=\"post\">\r\n    <div class=\"post-20188 post type-post status-publish format-standard has-post-thumbnail hentry category-allgemein category-aus-dem-sg-leben category-aus-dem-sg-leben-25-26 category-startseite category-weiblich-c\"  id=\"post-20188\">\r\n      \r\n    <figure>\r\n        <a href=\"https:\/\/www.handball-ulm.de\/?p=20188\">\r\n            <img loading=\"lazy\" decoding=\"async\" width=\"964\" height=\"428\" src=\"https:\/\/www.handball-ulm.de\/wp-content\/uploads\/2026\/04\/29042026-964x428.jpg\" class=\"attachment-sporty-blog-image size-sporty-blog-image wp-post-image\" alt=\"Weibilche C-Jugend SG Ulm &amp; Wiblingen 2026\" \/>        <\/a>\r\n    <\/figure>\r\n            <div class=\"postbox\">  \r\n            <h3>\r\n                <a href=\"https:\/\/www.handball-ulm.de\/?p=20188\">Starker Teamgeist bringt uns in die n\u00e4chste Runde<\/a>\r\n            <\/h3>\r\n        <div class=\"date-without-thumb\">29. April 2026<\/div> \r\n        <p>Am 25.04.26 stand bereits die zweite Qualifikationsrunde auf dem Programm. Gegen einen starken Gegner aus Lustenau mussten wir uns zun\u00e4chst geschlagen geben, konnten dabei aber wichtige Erfahrungen sammeln. Im zweiten Spiel zeigte unsere Abwehr eine deutliche Steigerung und hielt den Ausrichter Tannau bei nur 11 Toren. Auch wenn im Angriff noch nicht alles zusammenlief, bewies [&hellip;]<\/p>\n<br\/><br\/><a class=\"read-more\" href=\"https:\/\/www.handball-ulm.de\/?p=20188\"> Mehr lesen...<\/a>        <\/div>    \r\n    <\/div>\r\n<\/article>\r\n<article class=\"post\">\r\n    <div class=\"post-20184 post type-post status-publish format-standard has-post-thumbnail hentry category-allgemein category-aus-dem-sg-leben category-aus-dem-sg-leben-25-26 category-startseite category-weiblich-c\"  id=\"post-20184\">\r\n      \r\n    <figure>\r\n        <a href=\"https:\/\/www.handball-ulm.de\/?p=20184\">\r\n            <img loading=\"lazy\" decoding=\"async\" width=\"964\" height=\"428\" src=\"https:\/\/www.handball-ulm.de\/wp-content\/uploads\/2026\/04\/20042026_neuesteam-964x428.jpg\" class=\"attachment-sporty-blog-image size-sporty-blog-image wp-post-image\" alt=\"Weibilche C-Jugend SG Ulm &amp; Wiblingen 2026\" \/>        <\/a>\r\n    <\/figure>\r\n            <div class=\"postbox\">  \r\n            <h3>\r\n                <a href=\"https:\/\/www.handball-ulm.de\/?p=20184\">Erfolgreicher Start in die Qualifikation der weiblichen C-Jugend<\/a>\r\n            <\/h3>\r\n        <div class=\"date-without-thumb\">20. April 2026<\/div> \r\n        <p>Am 18.04.2026 war es f\u00fcr die weibliche C-Jugend der SG Ulm &amp; Wiblingen endlich soweit: Nach gerade einmal drei gemeinsamen Trainingseinheiten stand in Langenau bereits die erste Qualifikationsrunde f\u00fcr das neu formierte Team an. Gleich im ersten Spiel traf die Mannschaft auf den wohl st\u00e4rksten Gegner des Tages, die TSG Schnaitheim. In einer torreichen Partie [&hellip;]<\/p>\n<br\/><br\/><a class=\"read-more\" href=\"https:\/\/www.handball-ulm.de\/?p=20184\"> Mehr lesen...<\/a>        <\/div>    \r\n    <\/div>\r\n<\/article>\r\n<article class=\"post\">\r\n    <div class=\"post-20178 post type-post status-publish format-standard has-post-thumbnail hentry category-aktive category-aktuelles-foerderverein category-allgemein category-aus-dem-sg-leben category-aus-dem-sg-leben-25-26 category-events category-frauen-1 category-frauen-2 category-gaenswiescup-2025 category-gaenswiescup-2026 category-gaenswiesturnier category-gemischt-d1 category-gemischt-d2 category-gemischt-d3 category-gemischt-e-ulm category-gemischt-e-wiblingen category-gemischt-f-ulm category-gemischt-f-wiblingen category-jugend category-maenner-1 category-maenner-2 category-maenner-3 category-maennlich-a category-maennlich-b1 category-maennlich-c category-maennlich-c2 category-miniminis-oststadt category-miniminis-weststadt category-miniminis-wiblingen category-minis-goegglingen category-minis-oststadt category-minis-weststadt-1 category-minis-weststadt-2 category-minis-wiblingen category-spielgemeinschaft category-startseite category-weiblich-a category-weiblich-b category-weiblich-b2 category-weiblich-c category-weiblich-c2 category-weiblich-d category-weiblich-e\"  id=\"post-20178\">\r\n      \r\n    <figure>\r\n        <a href=\"https:\/\/www.handball-ulm.de\/?p=20178\">\r\n            <img loading=\"lazy\" decoding=\"async\" width=\"964\" height=\"428\" src=\"https:\/\/www.handball-ulm.de\/wp-content\/uploads\/2026\/04\/torwart-Website.jpg\" class=\"attachment-sporty-blog-image size-sporty-blog-image wp-post-image\" alt=\"Torwart gesucht\" srcset=\"https:\/\/www.handball-ulm.de\/wp-content\/uploads\/2026\/04\/torwart-Website.jpg 964w, https:\/\/www.handball-ulm.de\/wp-content\/uploads\/2026\/04\/torwart-Website-300x133.jpg 300w, https:\/\/www.handball-ulm.de\/wp-content\/uploads\/2026\/04\/torwart-Website-768x341.jpg 768w\" sizes=\"(max-width: 964px) 100vw, 964px\" \/>        <\/a>\r\n    <\/figure>\r\n            <div class=\"postbox\">  \r\n            <h3>\r\n                <a href=\"https:\/\/www.handball-ulm.de\/?p=20178\">Aufruf: Wer kennt einen Torh\u00fcter?!<\/a>\r\n            <\/h3>\r\n        <div class=\"date-without-thumb\">15. April 2026<\/div> \r\n        <p>Liebe Vereinsfamilie, unsere Herren 1 steht vor einer wichtigen Frage: Wer h\u00fctet n\u00e4chste Saison unser Tor? Trainer Ralf und die Mannschaft suchen dringend einen Torh\u00fcter \u2013 ab sofort, aber ganz besonders f\u00fcr die kommende Saison. Und jetzt kommt ihr ins Spiel! \ud83d\udc49 Fragt in eurem Freundeskreis, in der Familie, bei Arbeitskollegen, beim Stammtisch \u2013 einfach [&hellip;]<\/p>\n<br\/><br\/><a class=\"read-more\" href=\"https:\/\/www.handball-ulm.de\/?p=20178\"> Mehr lesen...<\/a>        <\/div>    \r\n    <\/div>\r\n<\/article>\r\n<article class=\"post\">\r\n    <div class=\"post-20171 post type-post status-publish format-standard has-post-thumbnail hentry category-aus-dem-sg-leben category-aus-dem-sg-leben-25-26 category-events category-gaenswiescup-2025 category-gaenswiescup-2026 category-gaenswiesturnier category-jugend category-miniminis-wiblingen category-minis-goegglingen category-spielgemeinschaft category-startseite\"  id=\"post-20171\">\r\n      \r\n    <figure>\r\n        <a href=\"https:\/\/www.handball-ulm.de\/?p=20171\">\r\n            <img loading=\"lazy\" decoding=\"async\" width=\"896\" height=\"428\" src=\"https:\/\/www.handball-ulm.de\/wp-content\/uploads\/2026\/04\/Gaenswiescup-Flyer-2026-896x428.png\" class=\"attachment-sporty-blog-image size-sporty-blog-image wp-post-image\" alt=\"G\u00e4nswiescup Flyer 2026\" \/>        <\/a>\r\n    <\/figure>\r\n            <div class=\"postbox\">  \r\n            <h3>\r\n                <a href=\"https:\/\/www.handball-ulm.de\/?p=20171\">G\u00e4nswiescup 2026 \u2013 Handball-Jugendturnier beim Schw\u00f6rsporttag<\/a>\r\n            <\/h3>\r\n        <div class=\"date-without-thumb\">9. April 2026<\/div> \r\n        <p>Am 18. Juli veranstalten wir auf dem SSV-Gel\u00e4nde in Ulm eines der sch\u00f6nsten Jugendturniere der Region \u2013 den G\u00e4nswiescup. F\u00fcr viele Vereine aus der Region geh\u00f6rt unser Turnier l\u00e4ngst zum festen Saisonh\u00f6hepunkt. Eingebettet in den Schw\u00f6rsporttag bieten wir nicht nur spannenden Rasen-Handball f\u00fcr die J\u00fcngsten, sondern auch ein abwechslungsreiches Rahmenprogramm f\u00fcr die ganze Familie: Festzelt, [&hellip;]<\/p>\n<br\/><br\/><a class=\"read-more\" href=\"https:\/\/www.handball-ulm.de\/?p=20171\"> Mehr lesen...<\/a>        <\/div>    \r\n    <\/div>\r\n<\/article>\r\n<article class=\"post\">\r\n    <div class=\"post-20162 post type-post status-publish format-standard has-post-thumbnail hentry category-aktive category-allgemein category-aus-dem-sg-leben-25-26 category-frauen-1 category-startseite\"  id=\"post-20162\">\r\n      \r\n    <figure>\r\n        <a href=\"https:\/\/www.handball-ulm.de\/?p=20162\">\r\n            <img loading=\"lazy\" decoding=\"async\" width=\"964\" height=\"428\" src=\"https:\/\/www.handball-ulm.de\/wp-content\/uploads\/2026\/04\/Breaking-News-02-HQ-964x428.jpg\" class=\"attachment-sporty-blog-image size-sporty-blog-image wp-post-image\" alt=\"Breaking News\" \/>        <\/a>\r\n    <\/figure>\r\n            <div class=\"postbox\">  \r\n            <h3>\r\n                <a href=\"https:\/\/www.handball-ulm.de\/?p=20162\">Neue Trainer f\u00fcr die Frauen 1 \u2013 Saison 2026\/2027<\/a>\r\n            <\/h3>\r\n        <div class=\"date-without-thumb\">3. April 2026<\/div> \r\n        <p>Die SG Ulm &amp; Wiblingen gibt bekannt, dass Andi Schiele und Ali Sancak in der Saison 2026\/2027 die Betreuung der Frauen 1 \u00fcbernehmen werden. Hintergrund ist das bevorstehende Abschiednehmen von Philipp Gyaja, der die SG Ulm &amp; Wiblingen zum Saisonsende verl\u00e4sst, um bei einem anderen Verein in der Region eine neue Herausforderung anzunehmen. Zu gegebener [&hellip;]<\/p>\n<br\/><br\/><a class=\"read-more\" href=\"https:\/\/www.handball-ulm.de\/?p=20162\"> Mehr lesen...<\/a>        <\/div>    \r\n    <\/div>\r\n<\/article>\r\n<article class=\"post\">\r\n    <div class=\"post-20152 post type-post status-publish format-standard has-post-thumbnail hentry category-aktive category-allgemein category-aus-dem-sg-leben-25-26 category-maennlich-b1 category-startseite\"  id=\"post-20152\">\r\n      \r\n    <figure>\r\n        <a href=\"https:\/\/www.handball-ulm.de\/?p=20152\">\r\n            <img loading=\"lazy\" decoding=\"async\" width=\"964\" height=\"428\" src=\"https:\/\/www.handball-ulm.de\/wp-content\/uploads\/2026\/03\/Meister-964x428.jpg\" class=\"attachment-sporty-blog-image size-sporty-blog-image wp-post-image\" alt=\"\" \/>        <\/a>\r\n    <\/figure>\r\n            <div class=\"postbox\">  \r\n            <h3>\r\n                <a href=\"https:\/\/www.handball-ulm.de\/?p=20152\">B-Jugend sichert sich vorzeitig die Meisterschaft<\/a>\r\n            <\/h3>\r\n        <div class=\"date-without-thumb\">8. M\u00e4rz 2026<\/div> \r\n        <p>Mit einem starken Auftritt in eigener Halle haben wir uns in der m\u00e4nnlichen B-Jugend Bezirksoberliga deutlich mit 31:20 (16:12) gegen die TG Biberach durchgesetzt \u2013 und uns damit vorzeitig die Meisterschaft gesichert. Zu Beginn entwickelte sich zun\u00e4chst ein ausgeglichenes Spiel. Nach rund zw\u00f6lf Minuten konnten wir uns erstmals etwas absetzen und gingen mit einer 8:5-F\u00fchrung [&hellip;]<\/p>\n<br\/><br\/><a class=\"read-more\" href=\"https:\/\/www.handball-ulm.de\/?p=20152\"> Mehr lesen...<\/a>        <\/div>    \r\n    <\/div>\r\n<\/article>\r\n<article class=\"post\">\r\n    <div class=\"post-20149 post type-post status-publish format-standard has-post-thumbnail hentry category-aktive category-allgemein category-aus-dem-sg-leben-25-26 category-frauen-1 category-startseite\"  id=\"post-20149\">\r\n      \r\n    <figure>\r\n        <a href=\"https:\/\/www.handball-ulm.de\/?p=20149\">\r\n            <img loading=\"lazy\" decoding=\"async\" width=\"964\" height=\"428\" src=\"https:\/\/www.handball-ulm.de\/wp-content\/uploads\/2026\/03\/2026-03-07-Heimsieg-964x428.jpeg\" class=\"attachment-sporty-blog-image size-sporty-blog-image wp-post-image\" alt=\"\" \/>        <\/a>\r\n    <\/figure>\r\n            <div class=\"postbox\">  \r\n            <h3>\r\n                <a href=\"https:\/\/www.handball-ulm.de\/?p=20149\">Deutlicher Heimsieg f\u00fcr uns gegen Ludwigsfeld<\/a>\r\n            <\/h3>\r\n        <div class=\"date-without-thumb\">8. M\u00e4rz 2026<\/div> \r\n        <p>Wir haben uns am Samstagabend in der Frauen-Bezirksoberliga vor heimischem Publikum mit 34:26 (17:11) gegen den TSF Ludwigsfeld durchgesetzt. Wir erwischten einen guten Start in die Partie und konnten uns bereits in der Anfangsphase mit 8:4 absetzen. Mit einer konzentrierten Leistung in Angriff und Abwehr bauten wir unseren Vorsprung bis zur Pause weiter aus und [&hellip;]<\/p>\n<br\/><br\/><a class=\"read-more\" href=\"https:\/\/www.handball-ulm.de\/?p=20149\"> Mehr lesen...<\/a>        <\/div>    \r\n    <\/div>\r\n<\/article>\r\n<article class=\"post\">\r\n    <div class=\"post-20143 post type-post status-publish format-standard has-post-thumbnail hentry category-allgemein category-aus-dem-sg-leben-25-26 category-startseite category-weiblich-b\"  id=\"post-20143\">\r\n      \r\n    <figure>\r\n        <a href=\"https:\/\/www.handball-ulm.de\/?p=20143\">\r\n            <img loading=\"lazy\" decoding=\"async\" width=\"964\" height=\"428\" src=\"https:\/\/www.handball-ulm.de\/wp-content\/uploads\/2026\/03\/Heidenheim-964x428.jpeg\" class=\"attachment-sporty-blog-image size-sporty-blog-image wp-post-image\" alt=\"\" \/>        <\/a>\r\n    <\/figure>\r\n            <div class=\"postbox\">  \r\n            <h3>\r\n                <a href=\"https:\/\/www.handball-ulm.de\/?p=20143\">Weibliche B-Jugend nach starker R\u00fcckrunde vor der Entscheidung in heimischer Halle am 07.03.<\/a>\r\n            <\/h3>\r\n        <div class=\"date-without-thumb\">7. M\u00e4rz 2026<\/div> \r\n        <p>Nach einer bisher makellosen R\u00fcckrunde mit 4 Siegen, +85 Toren und 8:0 Punkten steht nun das R\u00fcckrundenmatch gegen den HC Lustenau an. Das bisher einzige Team, das uns knapp schlagen konnte, kommt zur Wiederauflage des Hinspiels am 07.03. um 14:00 Uhr zu uns in die Tannenplatzhalle. Ein Sieg bedeutet die Meisterschaft, alle anderen Ergebnisse lassen [&hellip;]<\/p>\n<br\/><br\/><a class=\"read-more\" href=\"https:\/\/www.handball-ulm.de\/?p=20143\"> Mehr lesen...<\/a>        <\/div>    \r\n    <\/div>\r\n<\/article>\r\n<!-- VIEW ALL BUTTON -->\r\n<div class=\"blogpager\">\r\n    <div class=\"previous\">\r\n        <a href=\"https:\/\/www.handball-ulm.de\/?cat=63\">Alle<\/a>\r\n    <\/div>\r\n<\/div>\r\n\n","protected":false},"excerpt":{"rendered":"<br\/><br\/><a class=\"read-more\" href=\"https:\/\/www.handball-ulm.de\/?p=20143\"> Mehr lesen...<\/a>","protected":false},"author":1,"featured_media":0,"parent":0,"menu_order":0,"comment_status":"closed","ping_status":"closed","template":"homepage-sidebar.php","meta":{"ngg_post_thumbnail":0,"footnotes":""},"_links":{"self":[{"href":"https:\/\/www.handball-ulm.de\/index.php?rest_route=\/wp\/v2\/pages\/21"}],"collection":[{"href":"https:\/\/www.handball-ulm.de\/index.php?rest_route=\/wp\/v2\/pages"}],"about":[{"href":"https:\/\/www.handball-ulm.de\/index.php?rest_route=\/wp\/v2\/types\/page"}],"author":[{"embeddable":true,"href":"https:\/\/www.handball-ulm.de\/index.php?rest_route=\/wp\/v2\/users\/1"}],"replies":[{"embeddable":true,"href":"https:\/\/www.handball-ulm.de\/index.php?rest_route=%2Fwp%2Fv2%2Fcomments&post=21"}],"version-history":[{"count":21,"href":"https:\/\/www.handball-ulm.de\/index.php?rest_route=\/wp\/v2\/pages\/21\/revisions"}],"predecessor-version":[{"id":16208,"href":"https:\/\/www.handball-ulm.de\/index.php?rest_route=\/wp\/v2\/pages\/21\/revisions\/16208"}],"wp:attachment":[{"href":"https:\/\/www.handball-ulm.de\/index.php?rest_route=%2Fwp%2Fv2%2Fmedia&parent=21"}],"curies":[{"name":"wp","href":"https:\/\/api.w.org\/{rel}","templated":true}]}}