{"id":17652,"date":"2024-11-11T22:53:52","date_gmt":"2024-11-11T21:53:52","guid":{"rendered":"https:\/\/www.handball-ulm.de\/?page_id=17652"},"modified":"2025-11-16T15:44:02","modified_gmt":"2025-11-16T14:44:02","slug":"frauen-1","status":"publish","type":"page","link":"https:\/\/www.handball-ulm.de\/?page_id=17652","title":{"rendered":"Frauen 1"},"content":{"rendered":"\n\r\n\r\n<div id=\"tabs-989842263\">\n\r\n<ul class=\"resp-tabs-list\">\r\n    <li>Kader<\/li>\r\n\n\r\n    <li>Aktuelles<\/li>\r\n\n\r\n    <li>Spielplan\/Tabelle<\/li>\r\n\n\r\n    <li>Trainingszeiten<\/li>\r\n\n\r\n    <li>Trainer<\/li>\r\n<\/ul>\r\n<div class=\"resp-tabs-container\">\n \r\n<div>\r\n\n    <div id=\"dv-overlay\"><\/div>\n\n\n    <ul id=\"dvfilters1784202135\" class=\"dvfilters\">\n        <li data-filter=\"gridall\" class=\"gridactive\">Alle<\/li>\n                    <li data-filter=\"dvfilter57\">Feld<\/li>\n                    <li data-filter=\"dvfilter58\">Tor<\/li>\n                    <li data-filter=\"dvfilter59\">Trainer<\/li>\n            <\/ul>\n    <div class=\"dvfilters-clear\"><\/div>\n\n    <ul id=\"dvteamgrid1784202135\" class=\"dvteamgrid dvteamgrid-default\">\n                                                                                                                        <li id=\"dvteamid-19438\" data-filter-class='[\"gridall\",\"dvfilter59\"]'>\n                                <figure>\n                    <a id=\"dvgridboxlink178420213519438\" href=\"#dvteambox178420213519438\"  class=\"popup-with-zoom-anim\" >\n                        <img decoding=\"async\" src=\"https:\/\/www.handball-ulm.de\/wp-content\/uploads\/2025\/11\/Philipp-768x1024.jpg\" alt=\"Philipp\"\/>\n                                                    <div class=\"dv-member-zoom\"><\/div>\n                                            <\/a>\n                    <figcaption>\n                        <div class=\"dv-member-desc\">\n                            <div><span class=\"dv-member-name\">Philipp<\/span><\/div>\n                                                    <\/div>\n                    <\/figcaption>\n                <\/figure>\n                <\/li>\n                                                                                                                                    <li id=\"dvteamid-19435\" data-filter-class='[\"gridall\",\"dvfilter58\"]'>\n                                <figure>\n                    <a id=\"dvgridboxlink178420213519435\" href=\"#dvteambox178420213519435\"  class=\"popup-with-zoom-anim\" >\n                        <img decoding=\"async\" src=\"https:\/\/www.handball-ulm.de\/wp-content\/uploads\/2025\/09\/Sophia-768x1024.jpg\" alt=\"Sophia\"\/>\n                                                    <div class=\"dv-member-zoom\"><\/div>\n                                            <\/a>\n                    <figcaption>\n                        <div class=\"dv-member-desc\">\n                            <div><span class=\"dv-member-name\">Sophia<\/span><\/div>\n                                                    <\/div>\n                    <\/figcaption>\n                <\/figure>\n                <\/li>\n                                                                                                                                    <li id=\"dvteamid-19434\" data-filter-class='[\"gridall\",\"dvfilter57\"]'>\n                                <figure>\n                    <a id=\"dvgridboxlink178420213519434\" href=\"#dvteambox178420213519434\"  class=\"popup-with-zoom-anim\" >\n                        <img decoding=\"async\" src=\"https:\/\/www.handball-ulm.de\/wp-content\/uploads\/2025\/09\/Verena--768x1024.jpg\" alt=\"Verena\"\/>\n                                                    <div class=\"dv-member-zoom\"><\/div>\n                                            <\/a>\n                    <figcaption>\n                        <div class=\"dv-member-desc\">\n                            <div><span class=\"dv-member-name\">Verena<\/span><\/div>\n                                                    <\/div>\n                    <\/figcaption>\n                <\/figure>\n                <\/li>\n                                                                                                                                    <li id=\"dvteamid-19433\" data-filter-class='[\"gridall\",\"dvfilter57\"]'>\n                                <figure>\n                    <a id=\"dvgridboxlink178420213519433\" href=\"#dvteambox178420213519433\"  class=\"popup-with-zoom-anim\" >\n                        <img decoding=\"async\" src=\"https:\/\/www.handball-ulm.de\/wp-content\/uploads\/2025\/09\/Svenja-768x1024.jpg\" alt=\"Svenja\"\/>\n                                                    <div class=\"dv-member-zoom\"><\/div>\n                                            <\/a>\n                    <figcaption>\n                        <div class=\"dv-member-desc\">\n                            <div><span class=\"dv-member-name\">Svenja<\/span><\/div>\n                                                    <\/div>\n                    <\/figcaption>\n                <\/figure>\n                <\/li>\n                                                                                                                                    <li id=\"dvteamid-19429\" data-filter-class='[\"gridall\",\"dvfilter57\"]'>\n                                <figure>\n                    <a id=\"dvgridboxlink178420213519429\" href=\"#dvteambox178420213519429\"  class=\"popup-with-zoom-anim\" >\n                        <img decoding=\"async\" src=\"https:\/\/www.handball-ulm.de\/wp-content\/uploads\/2025\/09\/Paloma-768x1024.jpg\" alt=\"Paloma\"\/>\n                                                    <div class=\"dv-member-zoom\"><\/div>\n                                            <\/a>\n                    <figcaption>\n                        <div class=\"dv-member-desc\">\n                            <div><span class=\"dv-member-name\">Paloma<\/span><\/div>\n                                                    <\/div>\n                    <\/figcaption>\n                <\/figure>\n                <\/li>\n                                                                                                                                    <li id=\"dvteamid-19428\" data-filter-class='[\"gridall\",\"dvfilter57\"]'>\n                                <figure>\n                    <a id=\"dvgridboxlink178420213519428\" href=\"#dvteambox178420213519428\"  class=\"popup-with-zoom-anim\" >\n                        <img decoding=\"async\" src=\"https:\/\/www.handball-ulm.de\/wp-content\/uploads\/2025\/09\/Natalie-768x1024.jpg\" alt=\"Natalie\"\/>\n                                                    <div class=\"dv-member-zoom\"><\/div>\n                                            <\/a>\n                    <figcaption>\n                        <div class=\"dv-member-desc\">\n                            <div><span class=\"dv-member-name\">Natalie<\/span><\/div>\n                                                    <\/div>\n                    <\/figcaption>\n                <\/figure>\n                <\/li>\n                                                                                                                                    <li id=\"dvteamid-19425\" data-filter-class='[\"gridall\",\"dvfilter57\"]'>\n                                <figure>\n                    <a id=\"dvgridboxlink178420213519425\" href=\"#dvteambox178420213519425\"  class=\"popup-with-zoom-anim\" >\n                        <img decoding=\"async\" src=\"https:\/\/www.handball-ulm.de\/wp-content\/uploads\/2025\/09\/Luisa-768x1024.jpg\" alt=\"Luisa\"\/>\n                                                    <div class=\"dv-member-zoom\"><\/div>\n                                            <\/a>\n                    <figcaption>\n                        <div class=\"dv-member-desc\">\n                            <div><span class=\"dv-member-name\">Luisa<\/span><\/div>\n                                                    <\/div>\n                    <\/figcaption>\n                <\/figure>\n                <\/li>\n                                                                                                                                    <li id=\"dvteamid-19422\" data-filter-class='[\"gridall\",\"dvfilter57\"]'>\n                                <figure>\n                    <a id=\"dvgridboxlink178420213519422\" href=\"#dvteambox178420213519422\"  class=\"popup-with-zoom-anim\" >\n                        <img decoding=\"async\" src=\"https:\/\/www.handball-ulm.de\/wp-content\/uploads\/2025\/09\/Lena-768x1024.jpg\" alt=\"Lena\"\/>\n                                                    <div class=\"dv-member-zoom\"><\/div>\n                                            <\/a>\n                    <figcaption>\n                        <div class=\"dv-member-desc\">\n                            <div><span class=\"dv-member-name\">Lena<\/span><\/div>\n                                                    <\/div>\n                    <\/figcaption>\n                <\/figure>\n                <\/li>\n                                                                                                                                    <li id=\"dvteamid-19421\" data-filter-class='[\"gridall\",\"dvfilter57\"]'>\n                                <figure>\n                    <a id=\"dvgridboxlink178420213519421\" href=\"#dvteambox178420213519421\"  class=\"popup-with-zoom-anim\" >\n                        <img decoding=\"async\" src=\"https:\/\/www.handball-ulm.de\/wp-content\/uploads\/2025\/09\/Lea-767x1024.jpg\" alt=\"Lea\"\/>\n                                                    <div class=\"dv-member-zoom\"><\/div>\n                                            <\/a>\n                    <figcaption>\n                        <div class=\"dv-member-desc\">\n                            <div><span class=\"dv-member-name\">Lea<\/span><\/div>\n                                                    <\/div>\n                    <\/figcaption>\n                <\/figure>\n                <\/li>\n                                                                                                                                    <li id=\"dvteamid-19420\" data-filter-class='[\"gridall\",\"dvfilter57\"]'>\n                                <figure>\n                    <a id=\"dvgridboxlink178420213519420\" href=\"#dvteambox178420213519420\"  class=\"popup-with-zoom-anim\" >\n                        <img decoding=\"async\" src=\"https:\/\/www.handball-ulm.de\/wp-content\/uploads\/2025\/09\/Laura-768x1024.jpg\" alt=\"Laura\"\/>\n                                                    <div class=\"dv-member-zoom\"><\/div>\n                                            <\/a>\n                    <figcaption>\n                        <div class=\"dv-member-desc\">\n                            <div><span class=\"dv-member-name\">Laura<\/span><\/div>\n                                                    <\/div>\n                    <\/figcaption>\n                <\/figure>\n                <\/li>\n                                                                                                                                    <li id=\"dvteamid-19357\" data-filter-class='[\"gridall\",\"dvfilter57\"]'>\n                                <figure>\n                    <a id=\"dvgridboxlink178420213519357\" href=\"#dvteambox178420213519357\"  class=\"popup-with-zoom-anim\" >\n                        <img decoding=\"async\" src=\"https:\/\/www.handball-ulm.de\/wp-content\/uploads\/2025\/09\/Julia--768x1024.jpg\" alt=\"Julia\"\/>\n                                                    <div class=\"dv-member-zoom\"><\/div>\n                                            <\/a>\n                    <figcaption>\n                        <div class=\"dv-member-desc\">\n                            <div><span class=\"dv-member-name\">Julia<\/span><\/div>\n                                                    <\/div>\n                    <\/figcaption>\n                <\/figure>\n                <\/li>\n                                                                                                                                    <li id=\"dvteamid-19355\" data-filter-class='[\"gridall\",\"dvfilter57\"]'>\n                                <figure>\n                    <a id=\"dvgridboxlink178420213519355\" href=\"#dvteambox178420213519355\"  class=\"popup-with-zoom-anim\" >\n                        <img decoding=\"async\" src=\"https:\/\/www.handball-ulm.de\/wp-content\/uploads\/2025\/09\/Carlotta-1-767x1024.jpg\" alt=\"Carlotta\"\/>\n                                                    <div class=\"dv-member-zoom\"><\/div>\n                                            <\/a>\n                    <figcaption>\n                        <div class=\"dv-member-desc\">\n                            <div><span class=\"dv-member-name\">Carlotta<\/span><\/div>\n                                                    <\/div>\n                    <\/figcaption>\n                <\/figure>\n                <\/li>\n                                                                                                                                    <li id=\"dvteamid-19416\" data-filter-class='[\"gridall\",\"dvfilter57\"]'>\n                                <figure>\n                    <a id=\"dvgridboxlink178420213519416\" href=\"#dvteambox178420213519416\"  class=\"popup-with-zoom-anim\" >\n                        <img decoding=\"async\" src=\"https:\/\/www.handball-ulm.de\/wp-content\/uploads\/2025\/11\/Kayla-768x1024.jpg\" alt=\"Kayla\"\/>\n                                                    <div class=\"dv-member-zoom\"><\/div>\n                                            <\/a>\n                    <figcaption>\n                        <div class=\"dv-member-desc\">\n                            <div><span class=\"dv-member-name\">Kayla<\/span><\/div>\n                                                    <\/div>\n                    <\/figcaption>\n                <\/figure>\n                <\/li>\n                        <\/ul>\n    <div class=\"dv-clear\"><\/div>\n\n    <script type=\"text\/javascript\">\n        jQuery(document).ready(function () {\n            \"use strict\";\n            var wookmark;\n            imagesLoaded('#dvteamgrid1784202135', function () {\n                wookmark = new Wookmark('#dvteamgrid1784202135', {\n                    itemWidth: 250,\n                    autoResize: true,\n                    resizeDelay: 500,\n                                        align: 'left',\n                    container: jQuery('#dvteamgrid1784202135'),\n                    offset: 20,\n                    outerOffset: 0,\n                    fillEmptySpace: false,\n                    flexibleWidth: '100%'\n                });\n                setTimeout(function () {\n                    jQuery(\"#dvteamgrid1784202135\").css('visibility', 'visible');\n                    jQuery('#dvteamgrid1784202135').find('li').addClass('dvgrid-animate');\n                }, 500);\n            });\n            var $filters = jQuery('#dvfilters1784202135 li');\n            var onClickFilter = function (event) {\n                var $item = jQuery(event.currentTarget),\n                    itemActive = $item.hasClass('gridactive');\n                if (!itemActive) {\n                    $filters.removeClass('gridactive');\n                    itemActive = true;\n                } else {\n                    itemActive = false;\n                }\n                $item.toggleClass('gridactive');\n                wookmark.filter(itemActive ? [$item.data('filter')] : []);\n            }\n            jQuery('#dvfilters1784202135').on('click.wookmark-filter', 'li', onClickFilter);\n        });\n        jQuery(window).on('resize orientationchange', function () {\n            \"use strict\";\n            jQuery('#dvteamgrid1784202135').find('li').removeClass('dvgrid-animate');\n        });\n    <\/script>\n<strong><br \/>\n<\/strong>\r\n<\/div>\r\n\n\r\n<div>\r\n\n<article class=\"post\">\r\n    <div class=\"post-20178 post type-post status-publish format-standard has-post-thumbnail hentry category-aktive category-aktuelles-foerderverein category-allgemein category-aus-dem-sg-leben category-aus-dem-sg-leben-25-26 category-events category-frauen-1 category-frauen-2 category-gaenswiescup-2025 category-gaenswiescup-2026 category-gaenswiesturnier category-gemischt-d1 category-gemischt-d2 category-gemischt-d3 category-gemischt-e-ulm category-gemischt-e-wiblingen category-gemischt-f-ulm category-gemischt-f-wiblingen category-jugend category-maenner-1 category-maenner-2 category-maenner-3 category-maennlich-a category-maennlich-b1 category-maennlich-c category-maennlich-c2 category-miniminis-oststadt category-miniminis-weststadt category-miniminis-wiblingen category-minis-goegglingen category-minis-oststadt category-minis-weststadt-1 category-minis-weststadt-2 category-minis-wiblingen category-spielgemeinschaft category-startseite category-weiblich-a category-weiblich-b category-weiblich-b2 category-weiblich-c category-weiblich-c2 category-weiblich-d category-weiblich-e\"  id=\"post-20178\">\r\n      \r\n    <figure>\r\n        <a href=\"https:\/\/www.handball-ulm.de\/?p=20178\">\r\n            <img loading=\"lazy\" decoding=\"async\" width=\"964\" height=\"428\" src=\"https:\/\/www.handball-ulm.de\/wp-content\/uploads\/2026\/04\/torwart-Website.jpg\" class=\"attachment-sporty-blog-image size-sporty-blog-image wp-post-image\" alt=\"Torwart gesucht\" srcset=\"https:\/\/www.handball-ulm.de\/wp-content\/uploads\/2026\/04\/torwart-Website.jpg 964w, https:\/\/www.handball-ulm.de\/wp-content\/uploads\/2026\/04\/torwart-Website-300x133.jpg 300w, https:\/\/www.handball-ulm.de\/wp-content\/uploads\/2026\/04\/torwart-Website-768x341.jpg 768w\" sizes=\"(max-width: 964px) 100vw, 964px\" \/>        <\/a>\r\n    <\/figure>\r\n            <div class=\"postbox\">  \r\n            <h3>\r\n                <a href=\"https:\/\/www.handball-ulm.de\/?p=20178\">Aufruf: Wer kennt einen Torh\u00fcter?!<\/a>\r\n            <\/h3>\r\n        <div class=\"date-without-thumb\">15. April 2026<\/div> \r\n        <p>Liebe Vereinsfamilie, unsere Herren 1 steht vor einer wichtigen Frage: Wer h\u00fctet n\u00e4chste Saison unser Tor? Trainer Ralf und die Mannschaft suchen dringend einen Torh\u00fcter \u2013 ab sofort, aber ganz besonders f\u00fcr die kommende Saison. Und jetzt kommt ihr ins Spiel! \ud83d\udc49 Fragt in eurem Freundeskreis, in der Familie, bei Arbeitskollegen, beim Stammtisch \u2013 einfach [&hellip;]<\/p>\n<br\/><br\/><a class=\"read-more\" href=\"https:\/\/www.handball-ulm.de\/?p=20178\"> Mehr lesen...<\/a>        <\/div>    \r\n    <\/div>\r\n<\/article>\r\n<article class=\"post\">\r\n    <div class=\"post-20162 post type-post status-publish format-standard has-post-thumbnail hentry category-aktive category-allgemein category-aus-dem-sg-leben-25-26 category-frauen-1 category-startseite\"  id=\"post-20162\">\r\n      \r\n    <figure>\r\n        <a href=\"https:\/\/www.handball-ulm.de\/?p=20162\">\r\n            <img loading=\"lazy\" decoding=\"async\" width=\"964\" height=\"428\" src=\"https:\/\/www.handball-ulm.de\/wp-content\/uploads\/2026\/04\/Breaking-News-02-HQ-964x428.jpg\" class=\"attachment-sporty-blog-image size-sporty-blog-image wp-post-image\" alt=\"Breaking News\" \/>        <\/a>\r\n    <\/figure>\r\n            <div class=\"postbox\">  \r\n            <h3>\r\n                <a href=\"https:\/\/www.handball-ulm.de\/?p=20162\">Neue Trainer f\u00fcr die Frauen 1 \u2013 Saison 2026\/2027<\/a>\r\n            <\/h3>\r\n        <div class=\"date-without-thumb\">3. April 2026<\/div> \r\n        <p>Die SG Ulm &amp; Wiblingen gibt bekannt, dass Andi Schiele und Ali Sancak in der Saison 2026\/2027 die Betreuung der Frauen 1 \u00fcbernehmen werden. Hintergrund ist das bevorstehende Abschiednehmen von Philipp Gyaja, der die SG Ulm &amp; Wiblingen zum Saisonsende verl\u00e4sst, um bei einem anderen Verein in der Region eine neue Herausforderung anzunehmen. Zu gegebener [&hellip;]<\/p>\n<br\/><br\/><a class=\"read-more\" href=\"https:\/\/www.handball-ulm.de\/?p=20162\"> Mehr lesen...<\/a>        <\/div>    \r\n    <\/div>\r\n<\/article>\r\n<article class=\"post\">\r\n    <div class=\"post-20149 post type-post status-publish format-standard has-post-thumbnail hentry category-aktive category-allgemein category-aus-dem-sg-leben-25-26 category-frauen-1 category-startseite\"  id=\"post-20149\">\r\n      \r\n    <figure>\r\n        <a href=\"https:\/\/www.handball-ulm.de\/?p=20149\">\r\n            <img loading=\"lazy\" decoding=\"async\" width=\"964\" height=\"428\" src=\"https:\/\/www.handball-ulm.de\/wp-content\/uploads\/2026\/03\/2026-03-07-Heimsieg-964x428.jpeg\" class=\"attachment-sporty-blog-image size-sporty-blog-image wp-post-image\" alt=\"\" \/>        <\/a>\r\n    <\/figure>\r\n            <div class=\"postbox\">  \r\n            <h3>\r\n                <a href=\"https:\/\/www.handball-ulm.de\/?p=20149\">Deutlicher Heimsieg f\u00fcr uns gegen Ludwigsfeld<\/a>\r\n            <\/h3>\r\n        <div class=\"date-without-thumb\">8. M\u00e4rz 2026<\/div> \r\n        <p>Wir haben uns am Samstagabend in der Frauen-Bezirksoberliga vor heimischem Publikum mit 34:26 (17:11) gegen den TSF Ludwigsfeld durchgesetzt. Wir erwischten einen guten Start in die Partie und konnten uns bereits in der Anfangsphase mit 8:4 absetzen. Mit einer konzentrierten Leistung in Angriff und Abwehr bauten wir unseren Vorsprung bis zur Pause weiter aus und [&hellip;]<\/p>\n<br\/><br\/><a class=\"read-more\" href=\"https:\/\/www.handball-ulm.de\/?p=20149\"> Mehr lesen...<\/a>        <\/div>    \r\n    <\/div>\r\n<\/article>\r\n<article class=\"post\">\r\n    <div class=\"post-20131 post type-post status-publish format-standard hentry category-allgemein category-aus-dem-sg-leben-25-26 category-frauen-1 category-startseite category-weiblich-a\"  id=\"post-20131\">\r\n            <div class=\"postbox\">  \r\n            <h3>\r\n                <a href=\"https:\/\/www.handball-ulm.de\/?p=20131\">Bescheidener Spieltag &#8211; 22.02.2026<\/a>\r\n            <\/h3>\r\n        <div class=\"date-without-thumb\">1. M\u00e4rz 2026<\/div> \r\n        <p>Das war nicht unser Wochenende &#8211; gleich zweimal mussten wir uns geschlagen geben. Am Mittag verlor unsere weibliche A-Jugend ausw\u00e4rts in K\u00f6nigsbronn mit 24:35. Die Gastgeberinnen waren von Beginn an hellwach und zogen fr\u00fch mit 12:6 davon \u2013 von diesem R\u00fcckstand haben wir uns leider nicht mehr erholt. Trotzdem: Hut ab f\u00fcrs faire und disziplinierte [&hellip;]<\/p>\n<br\/><br\/><a class=\"read-more\" href=\"https:\/\/www.handball-ulm.de\/?p=20131\"> Mehr lesen...<\/a>        <\/div>    \r\n    <\/div>\r\n<\/article>\r\n<article class=\"post\">\r\n    <div class=\"post-19374 post type-post status-publish format-standard has-post-thumbnail hentry category-allgemein category-aus-dem-sg-leben-25-26 category-frauen-1 category-startseite\"  id=\"post-19374\">\r\n      \r\n    <figure>\r\n        <a href=\"https:\/\/www.handball-ulm.de\/?p=19374\">\r\n            <img loading=\"lazy\" decoding=\"async\" width=\"964\" height=\"428\" src=\"https:\/\/www.handball-ulm.de\/wp-content\/uploads\/2025\/10\/Damen-1-im-Derby-964x428.jpg\" class=\"attachment-sporty-blog-image size-sporty-blog-image wp-post-image\" alt=\"Damen 1 im Derby\" \/>        <\/a>\r\n    <\/figure>\r\n            <div class=\"postbox\">  \r\n            <h3>\r\n                <a href=\"https:\/\/www.handball-ulm.de\/?p=19374\">Heimsieg der Damen 1 im Derby gegen S\u00f6flingen \u2013 starke Abwehr sichert die Punkte!<\/a>\r\n            <\/h3>\r\n        <div class=\"date-without-thumb\">21. Oktober 2025<\/div> \r\n        <p>Spannend bis zur letzten Minute \u2013 doch am Ende behielt unsere SG Ulm &amp; Wiblingen die Nerven und holte sich mit 22:20 (13:11) den verdienten Heimsieg gegen die TSG S\u00f6flingen. Unsere Abwehr stand \u00fcber weite Strecken sehr stabil und zwang den Gegner immer wieder zu Fehlern. Besonders in den entscheidenden Phasen zeigte das Team gro\u00dfen [&hellip;]<\/p>\n<br\/><br\/><a class=\"read-more\" href=\"https:\/\/www.handball-ulm.de\/?p=19374\"> Mehr lesen...<\/a>        <\/div>    \r\n    <\/div>\r\n<\/article>\r\n<!-- VIEW ALL BUTTON -->\r\n<div class=\"blogpager\">\r\n    <div class=\"previous\">\r\n        <a href=\"https:\/\/www.handball-ulm.de\/?cat=13\">Alle<\/a>\r\n    <\/div>\r\n<\/div>\r\n\n\r\n<\/div>\r\n\n\r\n<div>\r\n\n<a href=\"https:\/\/www.handball.net\/mannschaften\/handball4all.baden-wuerttemberg.1338886\/spielplan\" target=\"_blank\" rel=\"noopener\">SG Ulm &amp; Wiblingen Oberschwaben-Ostalb &#8211; Frauen Bezirksoberliga (Hallenrunde 2025\/2026)<\/a><\/p>\n\r\n<\/div>\r\n\n\r\n<div>\r\n\nDienstag 20:00 \u2013 21:30 Uhr TPH<br \/>\nDonnerstag 20:00 \u2013 21:30 Uhr BSH<\/p>\n<p>Ab Jahrgang 2008<\/p>\n<p><a href=\"\/?page_id=127\">Link zu den Hallen<\/a><br \/>\n\r\n<\/div>\r\n\n\r\n<div>\r\n\n<strong>Name:<\/strong> Philipp Gyaja<br \/>\n<strong>E-Mail:<\/strong> <a href=\"mailto:frauen1@sgulm.de\">frauen1@sgulm.de<\/a><br \/>\n\r\n<\/div>\r\n\r\n\r\n<\/div><\/div>\r\n<script type=\"text\/javascript\">jQuery(document).ready(function() { \r\n    jQuery(\"#tabs-989842263\").easyResponsiveTabs({ type: \"default\", width: \"auto\", fit: true}); \r\n    \r\n}); <\/script>\r\n\n\n","protected":false},"excerpt":{"rendered":"<br\/><br\/><a class=\"read-more\" href=\"https:\/\/www.handball-ulm.de\/?p=19374\"> Mehr lesen...<\/a>","protected":false},"author":1,"featured_media":19336,"parent":0,"menu_order":0,"comment_status":"closed","ping_status":"closed","template":"","meta":{"ngg_post_thumbnail":0,"footnotes":""},"_links":{"self":[{"href":"https:\/\/www.handball-ulm.de\/index.php?rest_route=\/wp\/v2\/pages\/17652"}],"collection":[{"href":"https:\/\/www.handball-ulm.de\/index.php?rest_route=\/wp\/v2\/pages"}],"about":[{"href":"https:\/\/www.handball-ulm.de\/index.php?rest_route=\/wp\/v2\/types\/page"}],"author":[{"embeddable":true,"href":"https:\/\/www.handball-ulm.de\/index.php?rest_route=\/wp\/v2\/users\/1"}],"replies":[{"embeddable":true,"href":"https:\/\/www.handball-ulm.de\/index.php?rest_route=%2Fwp%2Fv2%2Fcomments&post=17652"}],"version-history":[{"count":6,"href":"https:\/\/www.handball-ulm.de\/index.php?rest_route=\/wp\/v2\/pages\/17652\/revisions"}],"predecessor-version":[{"id":19552,"href":"https:\/\/www.handball-ulm.de\/index.php?rest_route=\/wp\/v2\/pages\/17652\/revisions\/19552"}],"wp:featuredmedia":[{"embeddable":true,"href":"https:\/\/www.handball-ulm.de\/index.php?rest_route=\/wp\/v2\/media\/19336"}],"wp:attachment":[{"href":"https:\/\/www.handball-ulm.de\/index.php?rest_route=%2Fwp%2Fv2%2Fmedia&parent=17652"}],"curies":[{"name":"wp","href":"https:\/\/api.w.org\/{rel}","templated":true}]}}