{"id":16269,"date":"2024-03-15T10:04:20","date_gmt":"2024-03-15T09:04:20","guid":{"rendered":"https:\/\/www.handball-ulm.de\/?page_id=16269"},"modified":"2024-03-15T10:04:20","modified_gmt":"2024-03-15T09:04:20","slug":"archiv-frauen-2-kreisliga-donau-2023-2024","status":"publish","type":"page","link":"https:\/\/www.handball-ulm.de\/?page_id=16269","title":{"rendered":"Archiv Frauen 2 \u2013 Kreisliga Donau 2023\/2024"},"content":{"rendered":"\n\r\n\r\n<div id=\"tabs-53896571\">\n\r\n<ul class=\"resp-tabs-list\">\r\n    <li>Kader<\/li>\r\n\n\r\n    <li>Aktuelles<\/li>\r\n\n\r\n    <li>Tabelle<\/li>\r\n\n\r\n    <li>Spielplan<\/li>\r\n\n\r\n    <li>Trainingszeiten<\/li>\r\n\n\r\n    <li>Trainer<\/li>\r\n<\/ul>\r\n<div class=\"resp-tabs-container\">\n \r\n<div>\r\n<strong>hintere Reihe v.l.n.r.:<\/strong><br \/>Flo, Sophia, Katha, Katharina, Jasmin, Natalie, JuliaP, Pata<br \/><strong>vordere Reihe v.l.n.r.:<\/strong><br \/>LenaB, Brigitte, Svenja, Laura, Paloma<\/p>\n<p><strong>Es fehlen:<br \/><\/strong>Ronja, Maja, Klumpi, Franka<\/p>\n\r\n<\/div>\r\n\n\r\n<div>\r\n\n<article class=\"post\">\r\n    <div class=\"post-20178 post type-post status-publish format-standard has-post-thumbnail hentry category-aktive category-aktuelles-foerderverein category-allgemein category-aus-dem-sg-leben category-aus-dem-sg-leben-25-26 category-events category-frauen-1 category-frauen-2 category-gaenswiescup-2025 category-gaenswiescup-2026 category-gaenswiesturnier category-gemischt-d1 category-gemischt-d2 category-gemischt-d3 category-gemischt-e-ulm category-gemischt-e-wiblingen category-gemischt-f-ulm category-gemischt-f-wiblingen category-jugend category-maenner-1 category-maenner-2 category-maenner-3 category-maennlich-a category-maennlich-b1 category-maennlich-c category-maennlich-c2 category-miniminis-oststadt category-miniminis-weststadt category-miniminis-wiblingen category-minis-goegglingen category-minis-oststadt category-minis-weststadt-1 category-minis-weststadt-2 category-minis-wiblingen category-spielgemeinschaft category-startseite category-weiblich-a category-weiblich-b category-weiblich-b2 category-weiblich-c category-weiblich-c2 category-weiblich-d category-weiblich-e\"  id=\"post-20178\">\r\n      \r\n    <figure>\r\n        <a href=\"https:\/\/www.handball-ulm.de\/?p=20178\">\r\n            <img loading=\"lazy\" decoding=\"async\" width=\"964\" height=\"428\" src=\"https:\/\/www.handball-ulm.de\/wp-content\/uploads\/2026\/04\/torwart-Website.jpg\" class=\"attachment-sporty-blog-image size-sporty-blog-image wp-post-image\" alt=\"Torwart gesucht\" srcset=\"https:\/\/www.handball-ulm.de\/wp-content\/uploads\/2026\/04\/torwart-Website.jpg 964w, https:\/\/www.handball-ulm.de\/wp-content\/uploads\/2026\/04\/torwart-Website-300x133.jpg 300w, https:\/\/www.handball-ulm.de\/wp-content\/uploads\/2026\/04\/torwart-Website-768x341.jpg 768w\" sizes=\"(max-width: 964px) 100vw, 964px\" \/>        <\/a>\r\n    <\/figure>\r\n            <div class=\"postbox\">  \r\n            <h3>\r\n                <a href=\"https:\/\/www.handball-ulm.de\/?p=20178\">Aufruf: Wer kennt einen Torh\u00fcter?!<\/a>\r\n            <\/h3>\r\n        <div class=\"date-without-thumb\">15. April 2026<\/div> \r\n        <p>Liebe Vereinsfamilie, unsere Herren 1 steht vor einer wichtigen Frage: Wer h\u00fctet n\u00e4chste Saison unser Tor? Trainer Ralf und die Mannschaft suchen dringend einen Torh\u00fcter \u2013 ab sofort, aber ganz besonders f\u00fcr die kommende Saison. Und jetzt kommt ihr ins Spiel! \ud83d\udc49 Fragt in eurem Freundeskreis, in der Familie, bei Arbeitskollegen, beim Stammtisch \u2013 einfach [&hellip;]<\/p>\n<br\/><br\/><a class=\"read-more\" href=\"https:\/\/www.handball-ulm.de\/?p=20178\"> Mehr lesen...<\/a>        <\/div>    \r\n    <\/div>\r\n<\/article>\r\n<article class=\"post\">\r\n    <div class=\"post-18636 post type-post status-publish format-standard has-post-thumbnail hentry category-allgemein category-aus-dem-sg-leben-24-25 category-frauen-2 category-startseite tag-bezirksklasse-handball tag-frauenhandball tag-handball-frauenmannschaft tag-handball-motivation tag-handball-probetraining tag-handball-ulm tag-handballteam tag-handballtraining tag-mannschaftssport tag-sg-ulm-wiblingen tag-sport-frauen tag-sport-in-ulm tag-sportverein-ulm tag-tannenplatz-sporthalle tag-teamgeist tag-torfrau-gesucht tag-torwarttraining\"  id=\"post-18636\">\r\n      \r\n    <figure>\r\n        <a href=\"https:\/\/www.handball-ulm.de\/?p=18636\">\r\n            <img loading=\"lazy\" decoding=\"async\" width=\"964\" height=\"428\" src=\"https:\/\/www.handball-ulm.de\/wp-content\/uploads\/2025\/07\/LeeresHandballtorSGUlm-964x428.jpg\" class=\"attachment-sporty-blog-image size-sporty-blog-image wp-post-image\" alt=\"Leeres Handballtor in Sporthalle Wiblingen, Symbolbild f\u00fcr fehlende Torfrau der SG Ulm\" \/>        <\/a>\r\n    <\/figure>\r\n            <div class=\"postbox\">  \r\n            <h3>\r\n                <a href=\"https:\/\/www.handball-ulm.de\/?p=18636\">Torfrau gesucht \u2013 Verst\u00e4rke unsere zweite Frauenmannschaft!<\/a>\r\n            <\/h3>\r\n        <div class=\"date-without-thumb\">16. Juli 2025<\/div> \r\n        <p>Unsere zweite Frauenmannschaft der SG Ulm &amp; Wiblingen sucht f\u00fcr die Bezirksklasse Baden-W\u00fcrttemberg eine engagierte Torfrau. Wenn du Lust hast, in einem motivierten Team zu spielen und gemeinsam Erfolge zu feiern, bist du bei uns genau richtig! Trainingszeiten:&#8211; Dienstags 18:30 \u2013 20:00 Uhr in Ulm-Wiblingen, Tannenplatz Sporthalle&#8211; Mittwochs 20:00 \u2013 21:30 Uhr in Ulm-Wiblingen, Tannenplatz [&hellip;]<\/p>\n<br\/><br\/><a class=\"read-more\" href=\"https:\/\/www.handball-ulm.de\/?p=18636\"> Mehr lesen...<\/a>        <\/div>    \r\n    <\/div>\r\n<\/article>\r\n<article class=\"post\">\r\n    <div class=\"post-16583 post type-post status-publish format-standard hentry category-aus-dem-sg-leben-23-24 category-frauen-2 category-startseite\"  id=\"post-16583\">\r\n            <div class=\"postbox\">  \r\n            <h3>\r\n                <a href=\"https:\/\/www.handball-ulm.de\/?p=16583\">Bericht Frauen 2 Saison 2023\/2024<\/a>\r\n            <\/h3>\r\n        <div class=\"date-without-thumb\">3. Mai 2024<\/div> \r\n        <p>Trainerwechsel bei Frauen 2<\/p>\n<br\/><br\/><a class=\"read-more\" href=\"https:\/\/www.handball-ulm.de\/?p=16583\"> Mehr lesen...<\/a>        <\/div>    \r\n    <\/div>\r\n<\/article>\r\n<article class=\"post\">\r\n    <div class=\"post-15211 post type-post status-publish format-standard has-post-thumbnail hentry category-aus-dem-sg-leben-23-24 category-frauen-2 category-startseite\"  id=\"post-15211\">\r\n      \r\n    <figure>\r\n        <a href=\"https:\/\/www.handball-ulm.de\/?p=15211\">\r\n            <img loading=\"lazy\" decoding=\"async\" width=\"964\" height=\"428\" src=\"https:\/\/www.handball-ulm.de\/wp-content\/uploads\/2023\/11\/fr22-964x428.jpg\" class=\"attachment-sporty-blog-image size-sporty-blog-image wp-post-image\" alt=\"\" \/>        <\/a>\r\n    <\/figure>\r\n            <div class=\"postbox\">  \r\n            <h3>\r\n                <a href=\"https:\/\/www.handball-ulm.de\/?p=15211\">Zweiter Saisonsieg der Frauen 2<\/a>\r\n            <\/h3>\r\n        <div class=\"date-without-thumb\">19. November 2023<\/div> \r\n        <p>Sch\u00f6ne Tore <\/p>\n<br\/><br\/><a class=\"read-more\" href=\"https:\/\/www.handball-ulm.de\/?p=15211\"> Mehr lesen...<\/a>        <\/div>    \r\n    <\/div>\r\n<\/article>\r\n<article class=\"post\">\r\n    <div class=\"post-12121 post type-post status-publish format-standard has-post-thumbnail hentry category-aus-dem-sg-leben-22-23 category-frauen-2 category-startseite\"  id=\"post-12121\">\r\n      \r\n    <figure>\r\n        <a href=\"https:\/\/www.handball-ulm.de\/?p=12121\">\r\n            <img loading=\"lazy\" decoding=\"async\" width=\"964\" height=\"428\" src=\"https:\/\/www.handball-ulm.de\/wp-content\/uploads\/2023\/02\/Screenshot-439-964x428.png\" class=\"attachment-sporty-blog-image size-sporty-blog-image wp-post-image\" alt=\"\" \/>        <\/a>\r\n    <\/figure>\r\n            <div class=\"postbox\">  \r\n            <h3>\r\n                <a href=\"https:\/\/www.handball-ulm.de\/?p=12121\">Gelungene Revanche gegen den TSV Laichingen<\/a>\r\n            <\/h3>\r\n        <div class=\"date-without-thumb\">5. Februar 2023<\/div> \r\n        <p>Zehn Minuten kein Tor f\u00fcr Laichingen<\/p>\n<br\/><br\/><a class=\"read-more\" href=\"https:\/\/www.handball-ulm.de\/?p=12121\"> Mehr lesen...<\/a>        <\/div>    \r\n    <\/div>\r\n<\/article>\r\n<!-- VIEW ALL BUTTON -->\r\n<div class=\"blogpager\">\r\n    <div class=\"previous\">\r\n        <a href=\"https:\/\/www.handball-ulm.de\/?cat=14\">Alle<\/a>\r\n    <\/div>\r\n<\/div>\r\n\n\r\n<\/div>\r\n\n\r\n<div>\r\n\n\n\r\n<div class=\"clearfix\">\r\n    <div id=\"subtabs-411930504\">\n\r\n      <ul class=\"resp-tabs-list\">\r\n    <li>2023\/2024<\/li>\r\n\n\r\n    <li>2022\/2023<\/li>\r\n\n\r\n    <li>2021\/2022<\/li>\r\n\n\r\n    <li>2020\/2021<\/li>\r\n\n\r\n    <li>2019\/2020<\/li>\r\n\n\r\n    <li>2018\/2019<\/li>\r\n<\/ul>\r\n      <div class=\"resp-tabs-container\">\n \r\n<div>\r\n\n<h4 class=\"ng-binding\"><small class=\"ng-binding\">Kreisliga Donau<br \/><\/small><\/h4>\n<p><\/p>\n\r\n<\/div>\r\n\n\r\n<div>\r\n\n<p><strong>Kreisliga Donau<\/strong><small class=\"ng-binding\"><\/small><\/p>\n<p><\/p>\n\r\n<\/div>\r\n\n\r\n<div>\r\n\n<p><strong>Kreisliga Donau<\/strong><small class=\"ng-binding\"><\/small><\/p>\n<p><\/p>\n\r\n<\/div>\r\n\n\r\n<div>\r\n\n<p><strong>Kreisliga Donau<\/strong><small class=\"ng-binding\"><\/small><\/p>\n<p>Die Saison 2020\/2021 wurde corona-bedingt abgesagt!<\/p>\n\r\n<\/div>\r\n\n\r\n<div>\r\n\n<p><strong>Kreisliga Donau<\/strong><\/p>\n<p><\/p>\n\r\n<\/div>\r\n\n\r\n<div>\r\n\n<p><strong>Kreisliga Donau<\/strong><\/p>\n<p><\/p>\n\r\n<\/div>\r\n<\/div>\r\n    <\/div>\r\n<\/div>\r\n\n\n\r\n<\/div>\r\n\n\r\n<div>\r\n\n\n\r\n<div class=\"clearfix\">\r\n    <div id=\"subtabs-917233673\">\n\r\n      <ul class=\"resp-tabs-list\">\r\n    <li>2023\/2024<\/li>\r\n\n\r\n    <li>2022\/2023<\/li>\r\n\n\r\n    <li>2021\/2022<\/li>\r\n\n\r\n    <li>2020\/2021<\/li>\r\n\n\r\n    <li>2019\/2020<\/li>\r\n\n\r\n    <li>2018\/2019<\/li>\r\n<\/ul>\r\n      <div class=\"resp-tabs-container\">\n \r\n<div>\r\n\n<h4 class=\"ng-binding\"><small class=\"ng-binding\">Kreisliga Donau<br \/><\/small><\/h4>\n<p><\/p>\n\r\n<\/div>\r\n\n\r\n<div>\r\n\n<p><strong>Kreisliga Donau<\/strong><small class=\"ng-binding\"><\/small><\/p>\n<p><\/p>\n\r\n<\/div>\r\n\n\r\n<div>\r\n\n<p><strong>Kreisliga Donau<\/strong><\/p>\n<p><\/p>\n\r\n<\/div>\r\n\n\r\n<div>\r\n\n<p><strong>Kreisliga Donau<\/strong><\/p>\n<p>Die Saison 2020\/2021 wurde corona-bedingt abgesagt!<\/p>\n\r\n<\/div>\r\n\n\r\n<div>\r\n\n<p><strong>Kreisliga Donau<\/strong><\/p>\n<p><\/p>\n\r\n<\/div>\r\n\n\r\n<div>\r\n\n<p><strong>Kreisliga Donau<\/strong><\/p>\n<p><\/p>\n\r\n<\/div>\r\n<\/div>\r\n    <\/div>\r\n<\/div>\r\n\n\n\r\n<\/div>\r\n\n\r\n<div>\r\nMontag 20:00 \u2013 21:30 Uhr TPH<br \/>Donnerstag 20:00 \u2013 21:30 Uhr BSH<\/p>\n<p>Ab Jahrgang 2006<\/p>\n<p><a href=\"\/?page_id=127\">Link zu den Hallen<\/a><br \/>\r\n<\/div>\r\n\n\r\n<div>\r\n<strong>Name:<\/strong> Florian D\u00f6rfler und Patrick Bognar<br \/><strong>E-Mail:<\/strong> <a href=\"mailto:frauen2@sgulm.de\">frauen2@sgulm.de<\/a><br \/>\r\n<\/div>\r\n\r\n\r\n<\/div><\/div>\r\n<script type=\"text\/javascript\">jQuery(document).ready(function() { \r\n    jQuery(\"#tabs-53896571\").easyResponsiveTabs({ type: \"default\", width: \"auto\", fit: true}); \r\njQuery(\"#subtabs-411930504\").easyResponsiveTabs({ type: \"default\", width: \"auto\", fit: true});\njQuery(\"#subtabs-917233673\").easyResponsiveTabs({ type: \"default\", width: \"auto\", fit: true});\n    \r\n}); <\/script>\r\n\n\n\n\n<p><\/p>\n","protected":false},"excerpt":{"rendered":"<br\/><br\/><a class=\"read-more\" href=\"https:\/\/www.handball-ulm.de\/?p=12121\"> Mehr lesen...<\/a>","protected":false},"author":15,"featured_media":12944,"parent":0,"menu_order":0,"comment_status":"closed","ping_status":"closed","template":"","meta":{"ngg_post_thumbnail":0,"footnotes":""},"_links":{"self":[{"href":"https:\/\/www.handball-ulm.de\/index.php?rest_route=\/wp\/v2\/pages\/16269"}],"collection":[{"href":"https:\/\/www.handball-ulm.de\/index.php?rest_route=\/wp\/v2\/pages"}],"about":[{"href":"https:\/\/www.handball-ulm.de\/index.php?rest_route=\/wp\/v2\/types\/page"}],"author":[{"embeddable":true,"href":"https:\/\/www.handball-ulm.de\/index.php?rest_route=\/wp\/v2\/users\/15"}],"replies":[{"embeddable":true,"href":"https:\/\/www.handball-ulm.de\/index.php?rest_route=%2Fwp%2Fv2%2Fcomments&post=16269"}],"version-history":[{"count":2,"href":"https:\/\/www.handball-ulm.de\/index.php?rest_route=\/wp\/v2\/pages\/16269\/revisions"}],"predecessor-version":[{"id":16275,"href":"https:\/\/www.handball-ulm.de\/index.php?rest_route=\/wp\/v2\/pages\/16269\/revisions\/16275"}],"wp:featuredmedia":[{"embeddable":true,"href":"https:\/\/www.handball-ulm.de\/index.php?rest_route=\/wp\/v2\/media\/12944"}],"wp:attachment":[{"href":"https:\/\/www.handball-ulm.de\/index.php?rest_route=%2Fwp%2Fv2%2Fmedia&parent=16269"}],"curies":[{"name":"wp","href":"https:\/\/api.w.org\/{rel}","templated":true}]}}

<div id="tabs-53896571">

<ul class="resp-tabs-list">
    <li>Kader</li>


    <li>Aktuelles</li>


    <li>Tabelle</li>


    <li>Spielplan</li>


    <li>Trainingszeiten</li>


    <li>Trainer</li>
</ul>
<div class="resp-tabs-container">
 
<div>
<strong>hintere Reihe v.l.n.r.:</strong><br />Flo, Sophia, Katha, Katharina, Jasmin, Natalie, JuliaP, Pata<br /><strong>vordere Reihe v.l.n.r.:</strong><br />LenaB, Brigitte, Svenja, Laura, Paloma</p>
<p><strong>Es fehlen:<br /></strong>Ronja, Maja, Klumpi, Franka</p>

</div>


<div>

<article class="post">
    <div class="post-20178 post type-post status-publish format-standard has-post-thumbnail hentry category-aktive category-aktuelles-foerderverein category-allgemein category-aus-dem-sg-leben category-aus-dem-sg-leben-25-26 category-events category-frauen-1 category-frauen-2 category-gaenswiescup-2025 category-gaenswiescup-2026 category-gaenswiesturnier category-gemischt-d1 category-gemischt-d2 category-gemischt-d3 category-gemischt-e-ulm category-gemischt-e-wiblingen category-gemischt-f-ulm category-gemischt-f-wiblingen category-jugend category-maenner-1 category-maenner-2 category-maenner-3 category-maennlich-a category-maennlich-b1 category-maennlich-c category-maennlich-c2 category-miniminis-oststadt category-miniminis-weststadt category-miniminis-wiblingen category-minis-goegglingen category-minis-oststadt category-minis-weststadt-1 category-minis-weststadt-2 category-minis-wiblingen category-spielgemeinschaft category-startseite category-weiblich-a category-weiblich-b category-weiblich-b2 category-weiblich-c category-weiblich-c2 category-weiblich-d category-weiblich-e"  id="post-20178">
      
    <figure>
        <a href="https://www.handball-ulm.de/?p=20178">
            <img loading="lazy" decoding="async" width="964" height="428" src="https://www.handball-ulm.de/wp-content/uploads/2026/04/torwart-Website.jpg" class="attachment-sporty-blog-image size-sporty-blog-image wp-post-image" alt="Torwart gesucht" srcset="https://www.handball-ulm.de/wp-content/uploads/2026/04/torwart-Website.jpg 964w, https://www.handball-ulm.de/wp-content/uploads/2026/04/torwart-Website-300x133.jpg 300w, https://www.handball-ulm.de/wp-content/uploads/2026/04/torwart-Website-768x341.jpg 768w" sizes="(max-width: 964px) 100vw, 964px" />        </a>
    </figure>
            <div class="postbox">  
            <h3>
                <a href="https://www.handball-ulm.de/?p=20178">Aufruf: Wer kennt einen Torhüter?!</a>
            </h3>
        <div class="date-without-thumb">15. April 2026</div> 
        <p>Liebe Vereinsfamilie, unsere Herren 1 steht vor einer wichtigen Frage: Wer hütet nächste Saison unser Tor? Trainer Ralf und die Mannschaft suchen dringend einen Torhüter – ab sofort, aber ganz besonders für die kommende Saison. Und jetzt kommt ihr ins Spiel! 👉 Fragt in eurem Freundeskreis, in der Familie, bei Arbeitskollegen, beim Stammtisch – einfach [&hellip;]</p>
<br/><br/><a class="read-more" href="https://www.handball-ulm.de/?p=20178"> Mehr lesen...</a>        </div>    
    </div>
</article>
<article class="post">
    <div class="post-18636 post type-post status-publish format-standard has-post-thumbnail hentry category-allgemein category-aus-dem-sg-leben-24-25 category-frauen-2 category-startseite tag-bezirksklasse-handball tag-frauenhandball tag-handball-frauenmannschaft tag-handball-motivation tag-handball-probetraining tag-handball-ulm tag-handballteam tag-handballtraining tag-mannschaftssport tag-sg-ulm-wiblingen tag-sport-frauen tag-sport-in-ulm tag-sportverein-ulm tag-tannenplatz-sporthalle tag-teamgeist tag-torfrau-gesucht tag-torwarttraining"  id="post-18636">
      
    <figure>
        <a href="https://www.handball-ulm.de/?p=18636">
            <img loading="lazy" decoding="async" width="964" height="428" src="https://www.handball-ulm.de/wp-content/uploads/2025/07/LeeresHandballtorSGUlm-964x428.jpg" class="attachment-sporty-blog-image size-sporty-blog-image wp-post-image" alt="Leeres Handballtor in Sporthalle Wiblingen, Symbolbild für fehlende Torfrau der SG Ulm" />        </a>
    </figure>
            <div class="postbox">  
            <h3>
                <a href="https://www.handball-ulm.de/?p=18636">Torfrau gesucht – Verstärke unsere zweite Frauenmannschaft!</a>
            </h3>
        <div class="date-without-thumb">16. Juli 2025</div> 
        <p>Unsere zweite Frauenmannschaft der SG Ulm &amp; Wiblingen sucht für die Bezirksklasse Baden-Württemberg eine engagierte Torfrau. Wenn du Lust hast, in einem motivierten Team zu spielen und gemeinsam Erfolge zu feiern, bist du bei uns genau richtig! Trainingszeiten:&#8211; Dienstags 18:30 – 20:00 Uhr in Ulm-Wiblingen, Tannenplatz Sporthalle&#8211; Mittwochs 20:00 – 21:30 Uhr in Ulm-Wiblingen, Tannenplatz [&hellip;]</p>
<br/><br/><a class="read-more" href="https://www.handball-ulm.de/?p=18636"> Mehr lesen...</a>        </div>    
    </div>
</article>
<article class="post">
    <div class="post-16583 post type-post status-publish format-standard hentry category-aus-dem-sg-leben-23-24 category-frauen-2 category-startseite"  id="post-16583">
            <div class="postbox">  
            <h3>
                <a href="https://www.handball-ulm.de/?p=16583">Bericht Frauen 2 Saison 2023/2024</a>
            </h3>
        <div class="date-without-thumb">3. Mai 2024</div> 
        <p>Trainerwechsel bei Frauen 2</p>
<br/><br/><a class="read-more" href="https://www.handball-ulm.de/?p=16583"> Mehr lesen...</a>        </div>    
    </div>
</article>
<article class="post">
    <div class="post-15211 post type-post status-publish format-standard has-post-thumbnail hentry category-aus-dem-sg-leben-23-24 category-frauen-2 category-startseite"  id="post-15211">
      
    <figure>
        <a href="https://www.handball-ulm.de/?p=15211">
            <img loading="lazy" decoding="async" width="964" height="428" src="https://www.handball-ulm.de/wp-content/uploads/2023/11/fr22-964x428.jpg" class="attachment-sporty-blog-image size-sporty-blog-image wp-post-image" alt="" />        </a>
    </figure>
            <div class="postbox">  
            <h3>
                <a href="https://www.handball-ulm.de/?p=15211">Zweiter Saisonsieg der Frauen 2</a>
            </h3>
        <div class="date-without-thumb">19. November 2023</div> 
        <p>Schöne Tore </p>
<br/><br/><a class="read-more" href="https://www.handball-ulm.de/?p=15211"> Mehr lesen...</a>        </div>    
    </div>
</article>
<article class="post">
    <div class="post-12121 post type-post status-publish format-standard has-post-thumbnail hentry category-aus-dem-sg-leben-22-23 category-frauen-2 category-startseite"  id="post-12121">
      
    <figure>
        <a href="https://www.handball-ulm.de/?p=12121">
            <img loading="lazy" decoding="async" width="964" height="428" src="https://www.handball-ulm.de/wp-content/uploads/2023/02/Screenshot-439-964x428.png" class="attachment-sporty-blog-image size-sporty-blog-image wp-post-image" alt="" />        </a>
    </figure>
            <div class="postbox">  
            <h3>
                <a href="https://www.handball-ulm.de/?p=12121">Gelungene Revanche gegen den TSV Laichingen</a>
            </h3>
        <div class="date-without-thumb">5. Februar 2023</div> 
        <p>Zehn Minuten kein Tor für Laichingen</p>
<br/><br/><a class="read-more" href="https://www.handball-ulm.de/?p=12121"> Mehr lesen...</a>        </div>    
    </div>
</article>
<!-- VIEW ALL BUTTON -->
<div class="blogpager">
    <div class="previous">
        <a href="https://www.handball-ulm.de/?cat=14">Alle</a>
    </div>
</div>


</div>


<div>



<div class="clearfix">
    <div id="subtabs-411930504">

      <ul class="resp-tabs-list">
    <li>2023/2024</li>


    <li>2022/2023</li>


    <li>2021/2022</li>


    <li>2020/2021</li>


    <li>2019/2020</li>


    <li>2018/2019</li>
</ul>
      <div class="resp-tabs-container">
 
<div>

<h4 class="ng-binding"><small class="ng-binding">Kreisliga Donau<br /></small></h4>
<p></p>

</div>


<div>

<p><strong>Kreisliga Donau</strong><small class="ng-binding"></small></p>
<p></p>

</div>


<div>

<p><strong>Kreisliga Donau</strong><small class="ng-binding"></small></p>
<p></p>

</div>


<div>

<p><strong>Kreisliga Donau</strong><small class="ng-binding"></small></p>
<p>Die Saison 2020/2021 wurde corona-bedingt abgesagt!</p>

</div>


<div>

<p><strong>Kreisliga Donau</strong></p>
<p></p>

</div>


<div>

<p><strong>Kreisliga Donau</strong></p>
<p></p>

</div>
</div>
    </div>
</div>



</div>


<div>



<div class="clearfix">
    <div id="subtabs-917233673">

      <ul class="resp-tabs-list">
    <li>2023/2024</li>


    <li>2022/2023</li>


    <li>2021/2022</li>


    <li>2020/2021</li>


    <li>2019/2020</li>


    <li>2018/2019</li>
</ul>
      <div class="resp-tabs-container">
 
<div>

<h4 class="ng-binding"><small class="ng-binding">Kreisliga Donau<br /></small></h4>
<p></p>

</div>


<div>

<p><strong>Kreisliga Donau</strong><small class="ng-binding"></small></p>
<p></p>

</div>


<div>

<p><strong>Kreisliga Donau</strong></p>
<p></p>

</div>


<div>

<p><strong>Kreisliga Donau</strong></p>
<p>Die Saison 2020/2021 wurde corona-bedingt abgesagt!</p>

</div>


<div>

<p><strong>Kreisliga Donau</strong></p>
<p></p>

</div>


<div>

<p><strong>Kreisliga Donau</strong></p>
<p></p>

</div>
</div>
    </div>
</div>



</div>


<div>
Montag 20:00 – 21:30 Uhr TPH<br />Donnerstag 20:00 – 21:30 Uhr BSH</p>
<p>Ab Jahrgang 2006</p>
<p><a href="/?page_id=127">Link zu den Hallen</a><br />
</div>


<div>
<strong>Name:</strong> Florian Dörfler und Patrick Bognar<br /><strong>E-Mail:</strong> <a href="mailto:frauen2@sgulm.de">frauen2@sgulm.de</a><br />
</div>


</div></div>
<script type="text/javascript">jQuery(document).ready(function() { 
    jQuery("#tabs-53896571").easyResponsiveTabs({ type: "default", width: "auto", fit: true}); 
jQuery("#subtabs-411930504").easyResponsiveTabs({ type: "default", width: "auto", fit: true});
jQuery("#subtabs-917233673").easyResponsiveTabs({ type: "default", width: "auto", fit: true});
    
}); </script>




<p></p>
