{"id":16259,"date":"2024-03-15T10:00:15","date_gmt":"2024-03-15T09:00:15","guid":{"rendered":"https:\/\/www.handball-ulm.de\/?page_id=16259"},"modified":"2024-03-15T10:00:15","modified_gmt":"2024-03-15T09:00:15","slug":"archiv-maenner-2-kreisliga-b-donau-2023-2024","status":"publish","type":"page","link":"https:\/\/www.handball-ulm.de\/?page_id=16259","title":{"rendered":"Archiv M\u00e4nner 2 \u2013 Kreisliga B Donau 2023\/2024"},"content":{"rendered":"\n\r\n\r\n<div id=\"tabs-2012285624\">\n\r\n<ul class=\"resp-tabs-list\">\r\n    <li>Kader<\/li>\r\n\n\r\n    <li>Aktuelles<\/li>\r\n\n\r\n    <li>Tabelle<\/li>\r\n\n\r\n    <li>Spielplan<\/li>\r\n\n\r\n    <li>Trainingszeiten<\/li>\r\n\n\r\n    <li>Trainer<\/li>\r\n<\/ul>\r\n<div class=\"resp-tabs-container\">\n \r\n<div>\r\n\n<strong>hintere Reihe v.l.n.r.<\/strong>:<br \/>\nLouis, Locke, Moritz, Jan, Dan, Metzger<br \/>\n<strong>vordere Reihe v.l.n.r.:<br \/>\n<\/strong>Franz, Lasse, Robin, Jonathan, Fred, Florian<\/p>\n<p><strong>Es fehlen:<\/strong><br \/>\nDragan, Mathias, Niklas, Dario, Pata, Matias<br \/>\n\r\n<\/div>\r\n\n\r\n<div>\r\n\n<article class=\"post\">\r\n    <div class=\"post-20178 post type-post status-publish format-standard has-post-thumbnail hentry category-aktive category-aktuelles-foerderverein category-allgemein category-aus-dem-sg-leben category-aus-dem-sg-leben-25-26 category-events category-frauen-1 category-frauen-2 category-gaenswiescup-2025 category-gaenswiescup-2026 category-gaenswiesturnier category-gemischt-d1 category-gemischt-d2 category-gemischt-d3 category-gemischt-e-ulm category-gemischt-e-wiblingen category-gemischt-f-ulm category-gemischt-f-wiblingen category-jugend category-maenner-1 category-maenner-2 category-maenner-3 category-maennlich-a category-maennlich-b1 category-maennlich-c category-maennlich-c2 category-miniminis-oststadt category-miniminis-weststadt category-miniminis-wiblingen category-minis-goegglingen category-minis-oststadt category-minis-weststadt-1 category-minis-weststadt-2 category-minis-wiblingen category-spielgemeinschaft category-startseite category-weiblich-a category-weiblich-b category-weiblich-b2 category-weiblich-c category-weiblich-c2 category-weiblich-d category-weiblich-e\"  id=\"post-20178\">\r\n      \r\n    <figure>\r\n        <a href=\"https:\/\/www.handball-ulm.de\/?p=20178\">\r\n            <img loading=\"lazy\" decoding=\"async\" width=\"964\" height=\"428\" src=\"https:\/\/www.handball-ulm.de\/wp-content\/uploads\/2026\/04\/torwart-Website.jpg\" class=\"attachment-sporty-blog-image size-sporty-blog-image wp-post-image\" alt=\"Torwart gesucht\" srcset=\"https:\/\/www.handball-ulm.de\/wp-content\/uploads\/2026\/04\/torwart-Website.jpg 964w, https:\/\/www.handball-ulm.de\/wp-content\/uploads\/2026\/04\/torwart-Website-300x133.jpg 300w, https:\/\/www.handball-ulm.de\/wp-content\/uploads\/2026\/04\/torwart-Website-768x341.jpg 768w\" sizes=\"(max-width: 964px) 100vw, 964px\" \/>        <\/a>\r\n    <\/figure>\r\n            <div class=\"postbox\">  \r\n            <h3>\r\n                <a href=\"https:\/\/www.handball-ulm.de\/?p=20178\">Aufruf: Wer kennt einen Torh\u00fcter?!<\/a>\r\n            <\/h3>\r\n        <div class=\"date-without-thumb\">15. April 2026<\/div> \r\n        <p>Liebe Vereinsfamilie, unsere Herren 1 steht vor einer wichtigen Frage: Wer h\u00fctet n\u00e4chste Saison unser Tor? Trainer Ralf und die Mannschaft suchen dringend einen Torh\u00fcter \u2013 ab sofort, aber ganz besonders f\u00fcr die kommende Saison. Und jetzt kommt ihr ins Spiel! \ud83d\udc49 Fragt in eurem Freundeskreis, in der Familie, bei Arbeitskollegen, beim Stammtisch \u2013 einfach [&hellip;]<\/p>\n<br\/><br\/><a class=\"read-more\" href=\"https:\/\/www.handball-ulm.de\/?p=20178\"> Mehr lesen...<\/a>        <\/div>    \r\n    <\/div>\r\n<\/article>\r\n<article class=\"post\">\r\n    <div class=\"post-10289 post type-post status-publish format-standard hentry category-maenner-2\"  id=\"post-10289\">\r\n            <div class=\"postbox\">  \r\n            <h3>\r\n                <a href=\"https:\/\/www.handball-ulm.de\/?p=10289\">M\u00e4nner 2: Saison Bericht 2022\/23<\/a>\r\n            <\/h3>\r\n        <div class=\"date-without-thumb\">11. August 2022<\/div> \r\n        <p>Die neue Saison beginnen wir als zweite Herrenmannschaft der SG Ulm &amp; Wiblingen, direkt mit ein paar \u00c4nderungen. So freuen wir uns, zwei neue Trainer begr\u00fc\u00dfen zu d\u00fcrfen, Mathias und Dragan. Zwei Quereinsteiger, welche sich jedoch durch jahrelange Spielerfahrung und einer T\u00e4tigkeit im Lehrwesen erg\u00e4nzend zu einem starken Trainerteam zusammenf\u00fcgen. Ebenso begr\u00fc\u00dfen wir ein paar [&hellip;]<\/p>\n<br\/><br\/><a class=\"read-more\" href=\"https:\/\/www.handball-ulm.de\/?p=10289\"> Mehr lesen...<\/a>        <\/div>    \r\n    <\/div>\r\n<\/article>\r\n<article class=\"post\">\r\n    <div class=\"post-9208 post type-post status-publish format-standard has-post-thumbnail hentry category-aus-dem-sg-leben-21-22 category-maenner-2 category-spielgemeinschaft category-startseite\"  id=\"post-9208\">\r\n      \r\n    <figure>\r\n        <a href=\"https:\/\/www.handball-ulm.de\/?p=9208\">\r\n            <img loading=\"lazy\" decoding=\"async\" width=\"964\" height=\"428\" src=\"https:\/\/www.handball-ulm.de\/wp-content\/uploads\/2022\/03\/WhatsApp-Image-2022-03-12-at-20.18.321-1-964x428.jpeg\" class=\"attachment-sporty-blog-image size-sporty-blog-image wp-post-image\" alt=\"\" \/>        <\/a>\r\n    <\/figure>\r\n            <div class=\"postbox\">  \r\n            <h3>\r\n                <a href=\"https:\/\/www.handball-ulm.de\/?p=9208\">M\u00e4nner 2 gegen die TSG Ehingen 2<\/a>\r\n            <\/h3>\r\n        <div class=\"date-without-thumb\">12. M\u00e4rz 2022<\/div> \r\n        <p>Coronageschw\u00e4cht und fast in alter Formation<\/p>\n<br\/><br\/><a class=\"read-more\" href=\"https:\/\/www.handball-ulm.de\/?p=9208\"> Mehr lesen...<\/a>        <\/div>    \r\n    <\/div>\r\n<\/article>\r\n<article class=\"post\">\r\n    <div class=\"post-7027 post type-post status-publish format-standard has-post-thumbnail hentry category-aus-dem-sg-leben-21-22 category-frauen-1 category-frauen-2 category-maenner-1 category-maenner-2 category-spielgemeinschaft category-startseite\"  id=\"post-7027\">\r\n      \r\n    <figure>\r\n        <a href=\"https:\/\/www.handball-ulm.de\/?p=7027\">\r\n            <img loading=\"lazy\" decoding=\"async\" width=\"964\" height=\"428\" src=\"https:\/\/www.handball-ulm.de\/wp-content\/uploads\/2021\/10\/Screenshot-274-964x428.png\" class=\"attachment-sporty-blog-image size-sporty-blog-image wp-post-image\" alt=\"\" \/>        <\/a>\r\n    <\/figure>\r\n            <div class=\"postbox\">  \r\n            <h3>\r\n                <a href=\"https:\/\/www.handball-ulm.de\/?p=7027\">Welcome \u2013 Back \u2013 Aktiven \u2013 Feschdle am 16.10.2021<\/a>\r\n            <\/h3>\r\n        <div class=\"date-without-thumb\">9. Oktober 2021<\/div> \r\n        <p>Erster Heimspieltag der ersten Mannschaften<\/p>\n<br\/><br\/><a class=\"read-more\" href=\"https:\/\/www.handball-ulm.de\/?p=7027\"> Mehr lesen...<\/a>        <\/div>    \r\n    <\/div>\r\n<\/article>\r\n<article class=\"post\">\r\n    <div class=\"post-6221 post type-post status-publish format-standard hentry category-maenner-2\"  id=\"post-6221\">\r\n            <div class=\"postbox\">  \r\n            <h3>\r\n                <a href=\"https:\/\/www.handball-ulm.de\/?p=6221\">M\u00e4nner 2: Saison Bericht 2021\/22<\/a>\r\n            <\/h3>\r\n        <div class=\"date-without-thumb\">28. August 2021<\/div> \r\n        <p>Nach dem geplanten Abstieg in der Corona-Saison hat sich das Team unserer 2. Herrenmannschaft etwas ver\u00e4ndert. Die alte A Jugend ist nun keine Jugend mehr und wird nahezu vollst\u00e4ndig ins Team, integriert. Die Erfahrungswerte der alten Hasen will Coach Phillip D\u00f6rfler in dieser Saison nicht missen. Au\u00dferdem m\u00f6chte er die aktuelle A-Jugend voll einsetzen, wenn [&hellip;]<\/p>\n<br\/><br\/><a class=\"read-more\" href=\"https:\/\/www.handball-ulm.de\/?p=6221\"> Mehr lesen...<\/a>        <\/div>    \r\n    <\/div>\r\n<\/article>\r\n<!-- VIEW ALL BUTTON -->\r\n<div class=\"blogpager\">\r\n    <div class=\"previous\">\r\n        <a href=\"https:\/\/www.handball-ulm.de\/?cat=12\">Alle<\/a>\r\n    <\/div>\r\n<\/div>\r\n\n\r\n<\/div>\r\n\n\r\n<div>\r\n\n\n\r\n<div class=\"clearfix\">\r\n    <div id=\"subtabs-941508329\">\n\r\n      <ul class=\"resp-tabs-list\">\r\n    <li>2023\/2024<\/li>\r\n\n\r\n    <li>2022\/2023<\/li>\r\n\n\r\n    <li>2021\/2022<\/li>\r\n\n\r\n    <li>2020\/2021<\/li>\r\n\n\r\n    <li>2019\/2020<\/li>\r\n\n\r\n    <li>2018\/2019<\/li>\r\n<\/ul>\r\n      <div class=\"resp-tabs-container\">\n \r\n<div>\r\n\n<p><strong>Kreisliga B Donau<\/strong><\/p>\n<p><\/p>\n\r\n<\/div>\r\n\n\r\n<div>\r\n\n<p><strong>Kreisliga A Donau<\/strong><\/p>\n<p><\/p>\n\r\n<\/div>\r\n\n\r\n<div>\r\n\n<p><strong>Kreisliga A Donau<\/strong><\/p>\n<p><\/p>\n\r\n<\/div>\r\n\n\r\n<div>\r\n\n<p><strong>Kreisliga A Donau<\/strong><\/p>\n<p>Die Saison 2020\/2021 wurde corona-bedingt abgesagt!<\/p>\n\r\n<\/div>\r\n\n\r\n<div>\r\n\n<p><strong>Bezirksklasse<\/strong><\/p>\n<p><\/p>\n\r\n<\/div>\r\n\n\r\n<div>\r\n\n<p><strong>Bezirksklasse<\/strong><\/p>\n<p><\/p>\n\r\n<\/div>\r\n<\/div>\r\n    <\/div>\r\n<\/div>\r\n\n\n\r\n<\/div>\r\n\n\r\n<div>\r\n\n\n\r\n<div class=\"clearfix\">\r\n    <div id=\"subtabs-2114018210\">\n\r\n      <ul class=\"resp-tabs-list\">\r\n    <li>2023\/2024<\/li>\r\n\n\r\n    <li>2022\/2023<\/li>\r\n\n\r\n    <li>2021\/2022<\/li>\r\n\n\r\n    <li>2020\/2021<\/li>\r\n\n\r\n    <li>2019\/2020<\/li>\r\n\n\r\n    <li>2018\/2019<\/li>\r\n<\/ul>\r\n      <div class=\"resp-tabs-container\">\n \r\n<div>\r\n\n<p><strong>Kreisliga B Donau<\/strong><\/p>\n<p><\/p>\n\r\n<\/div>\r\n\n\r\n<div>\r\n\n<p><strong>Kreisliga A Donau<\/strong><\/p>\n<p><\/p>\n\r\n<\/div>\r\n\n\r\n<div>\r\n\n<p><strong>Kreisliga A Donau<\/strong><\/p>\n<p><\/p>\n\r\n<\/div>\r\n\n\r\n<div>\r\n\n<p><strong>Kreisliga A Donau<\/strong><\/p>\n<p>Die Saison 2020\/2021 wurde corona-bedingt abgesagt!<\/p>\n\r\n<\/div>\r\n\n\r\n<div>\r\n\n<p><strong>Bezirksklasse<\/strong><\/p>\n<p><\/p>\n\r\n<\/div>\r\n\n\r\n<div>\r\n\n<p><strong>Bezirksklasse<\/strong><\/p>\n<p><\/p>\n\r\n<\/div>\r\n<\/div>\r\n    <\/div>\r\n<\/div>\r\n\n\n\r\n<\/div>\r\n\n\r\n<div>\r\n\nMontag 20:00 \u2013 21:30 Uhr BSH<br \/>\nFreitag 19:30 \u2013 21:00 Uhr TPH<\/p>\n<p>Ab Jahrgang 2006<\/p>\n<p><a href=\"\/?page_id=127\">Link zu den Hallen<\/a><br \/>\n\r\n<\/div>\r\n\n\r\n<div>\r\n\n<strong>Namen:<\/strong> Dragan Dakovic<br \/>\n<strong>E-Mail:<\/strong> <a href=\"mailto:maenner2@sgulm.de\">maenner2@sgulm.de<\/a><br \/>\n\r\n<\/div>\r\n\r\n\r\n<\/div><\/div>\r\n<script type=\"text\/javascript\">jQuery(document).ready(function() { \r\n    jQuery(\"#tabs-2012285624\").easyResponsiveTabs({ type: \"default\", width: \"auto\", fit: true}); \r\njQuery(\"#subtabs-941508329\").easyResponsiveTabs({ type: \"default\", width: \"auto\", fit: true});\njQuery(\"#subtabs-2114018210\").easyResponsiveTabs({ type: \"default\", width: \"auto\", fit: true});\n    \r\n}); <\/script>\r\n\n\n","protected":false},"excerpt":{"rendered":"<br\/><br\/><a class=\"read-more\" href=\"https:\/\/www.handball-ulm.de\/?p=6221\"> Mehr lesen...<\/a>","protected":false},"author":15,"featured_media":14445,"parent":0,"menu_order":0,"comment_status":"closed","ping_status":"closed","template":"","meta":{"ngg_post_thumbnail":0,"footnotes":""},"_links":{"self":[{"href":"https:\/\/www.handball-ulm.de\/index.php?rest_route=\/wp\/v2\/pages\/16259"}],"collection":[{"href":"https:\/\/www.handball-ulm.de\/index.php?rest_route=\/wp\/v2\/pages"}],"about":[{"href":"https:\/\/www.handball-ulm.de\/index.php?rest_route=\/wp\/v2\/types\/page"}],"author":[{"embeddable":true,"href":"https:\/\/www.handball-ulm.de\/index.php?rest_route=\/wp\/v2\/users\/15"}],"replies":[{"embeddable":true,"href":"https:\/\/www.handball-ulm.de\/index.php?rest_route=%2Fwp%2Fv2%2Fcomments&post=16259"}],"version-history":[{"count":2,"href":"https:\/\/www.handball-ulm.de\/index.php?rest_route=\/wp\/v2\/pages\/16259\/revisions"}],"predecessor-version":[{"id":16268,"href":"https:\/\/www.handball-ulm.de\/index.php?rest_route=\/wp\/v2\/pages\/16259\/revisions\/16268"}],"wp:featuredmedia":[{"embeddable":true,"href":"https:\/\/www.handball-ulm.de\/index.php?rest_route=\/wp\/v2\/media\/14445"}],"wp:attachment":[{"href":"https:\/\/www.handball-ulm.de\/index.php?rest_route=%2Fwp%2Fv2%2Fmedia&parent=16259"}],"curies":[{"name":"wp","href":"https:\/\/api.w.org\/{rel}","templated":true}]}}

Archiv Männer 2 – Kreisliga B Donau 2023/2024

<div id="tabs-2012285624">

<ul class="resp-tabs-list">
    <li>Kader</li>


    <li>Aktuelles</li>


    <li>Tabelle</li>


    <li>Spielplan</li>


    <li>Trainingszeiten</li>


    <li>Trainer</li>
</ul>
<div class="resp-tabs-container">
 
<div>

<strong>hintere Reihe v.l.n.r.</strong>:<br />
Louis, Locke, Moritz, Jan, Dan, Metzger<br />
<strong>vordere Reihe v.l.n.r.:<br />
</strong>Franz, Lasse, Robin, Jonathan, Fred, Florian</p>
<p><strong>Es fehlen:</strong><br />
Dragan, Mathias, Niklas, Dario, Pata, Matias<br />

</div>


<div>

<article class="post">
    <div class="post-20178 post type-post status-publish format-standard has-post-thumbnail hentry category-aktive category-aktuelles-foerderverein category-allgemein category-aus-dem-sg-leben category-aus-dem-sg-leben-25-26 category-events category-frauen-1 category-frauen-2 category-gaenswiescup-2025 category-gaenswiescup-2026 category-gaenswiesturnier category-gemischt-d1 category-gemischt-d2 category-gemischt-d3 category-gemischt-e-ulm category-gemischt-e-wiblingen category-gemischt-f-ulm category-gemischt-f-wiblingen category-jugend category-maenner-1 category-maenner-2 category-maenner-3 category-maennlich-a category-maennlich-b1 category-maennlich-c category-maennlich-c2 category-miniminis-oststadt category-miniminis-weststadt category-miniminis-wiblingen category-minis-goegglingen category-minis-oststadt category-minis-weststadt-1 category-minis-weststadt-2 category-minis-wiblingen category-spielgemeinschaft category-startseite category-weiblich-a category-weiblich-b category-weiblich-b2 category-weiblich-c category-weiblich-c2 category-weiblich-d category-weiblich-e"  id="post-20178">
      
    <figure>
        <a href="https://www.handball-ulm.de/?p=20178">
            <img loading="lazy" decoding="async" width="964" height="428" src="https://www.handball-ulm.de/wp-content/uploads/2026/04/torwart-Website.jpg" class="attachment-sporty-blog-image size-sporty-blog-image wp-post-image" alt="Torwart gesucht" srcset="https://www.handball-ulm.de/wp-content/uploads/2026/04/torwart-Website.jpg 964w, https://www.handball-ulm.de/wp-content/uploads/2026/04/torwart-Website-300x133.jpg 300w, https://www.handball-ulm.de/wp-content/uploads/2026/04/torwart-Website-768x341.jpg 768w" sizes="(max-width: 964px) 100vw, 964px" />        </a>
    </figure>
            <div class="postbox">  
            <h3>
                <a href="https://www.handball-ulm.de/?p=20178">Aufruf: Wer kennt einen Torhüter?!</a>
            </h3>
        <div class="date-without-thumb">15. April 2026</div> 
        <p>Liebe Vereinsfamilie, unsere Herren 1 steht vor einer wichtigen Frage: Wer hütet nächste Saison unser Tor? Trainer Ralf und die Mannschaft suchen dringend einen Torhüter – ab sofort, aber ganz besonders für die kommende Saison. Und jetzt kommt ihr ins Spiel! 👉 Fragt in eurem Freundeskreis, in der Familie, bei Arbeitskollegen, beim Stammtisch – einfach [&hellip;]</p>
<br/><br/><a class="read-more" href="https://www.handball-ulm.de/?p=20178"> Mehr lesen...</a>        </div>    
    </div>
</article>
<article class="post">
    <div class="post-10289 post type-post status-publish format-standard hentry category-maenner-2"  id="post-10289">
            <div class="postbox">  
            <h3>
                <a href="https://www.handball-ulm.de/?p=10289">Männer 2: Saison Bericht 2022/23</a>
            </h3>
        <div class="date-without-thumb">11. August 2022</div> 
        <p>Die neue Saison beginnen wir als zweite Herrenmannschaft der SG Ulm &amp; Wiblingen, direkt mit ein paar Änderungen. So freuen wir uns, zwei neue Trainer begrüßen zu dürfen, Mathias und Dragan. Zwei Quereinsteiger, welche sich jedoch durch jahrelange Spielerfahrung und einer Tätigkeit im Lehrwesen ergänzend zu einem starken Trainerteam zusammenfügen. Ebenso begrüßen wir ein paar [&hellip;]</p>
<br/><br/><a class="read-more" href="https://www.handball-ulm.de/?p=10289"> Mehr lesen...</a>        </div>    
    </div>
</article>
<article class="post">
    <div class="post-9208 post type-post status-publish format-standard has-post-thumbnail hentry category-aus-dem-sg-leben-21-22 category-maenner-2 category-spielgemeinschaft category-startseite"  id="post-9208">
      
    <figure>
        <a href="https://www.handball-ulm.de/?p=9208">
            <img loading="lazy" decoding="async" width="964" height="428" src="https://www.handball-ulm.de/wp-content/uploads/2022/03/WhatsApp-Image-2022-03-12-at-20.18.321-1-964x428.jpeg" class="attachment-sporty-blog-image size-sporty-blog-image wp-post-image" alt="" />        </a>
    </figure>
            <div class="postbox">  
            <h3>
                <a href="https://www.handball-ulm.de/?p=9208">Männer 2 gegen die TSG Ehingen 2</a>
            </h3>
        <div class="date-without-thumb">12. März 2022</div> 
        <p>Coronageschwächt und fast in alter Formation</p>
<br/><br/><a class="read-more" href="https://www.handball-ulm.de/?p=9208"> Mehr lesen...</a>        </div>    
    </div>
</article>
<article class="post">
    <div class="post-7027 post type-post status-publish format-standard has-post-thumbnail hentry category-aus-dem-sg-leben-21-22 category-frauen-1 category-frauen-2 category-maenner-1 category-maenner-2 category-spielgemeinschaft category-startseite"  id="post-7027">
      
    <figure>
        <a href="https://www.handball-ulm.de/?p=7027">
            <img loading="lazy" decoding="async" width="964" height="428" src="https://www.handball-ulm.de/wp-content/uploads/2021/10/Screenshot-274-964x428.png" class="attachment-sporty-blog-image size-sporty-blog-image wp-post-image" alt="" />        </a>
    </figure>
            <div class="postbox">  
            <h3>
                <a href="https://www.handball-ulm.de/?p=7027">Welcome – Back – Aktiven – Feschdle am 16.10.2021</a>
            </h3>
        <div class="date-without-thumb">9. Oktober 2021</div> 
        <p>Erster Heimspieltag der ersten Mannschaften</p>
<br/><br/><a class="read-more" href="https://www.handball-ulm.de/?p=7027"> Mehr lesen...</a>        </div>    
    </div>
</article>
<article class="post">
    <div class="post-6221 post type-post status-publish format-standard hentry category-maenner-2"  id="post-6221">
            <div class="postbox">  
            <h3>
                <a href="https://www.handball-ulm.de/?p=6221">Männer 2: Saison Bericht 2021/22</a>
            </h3>
        <div class="date-without-thumb">28. August 2021</div> 
        <p>Nach dem geplanten Abstieg in der Corona-Saison hat sich das Team unserer 2. Herrenmannschaft etwas verändert. Die alte A Jugend ist nun keine Jugend mehr und wird nahezu vollständig ins Team, integriert. Die Erfahrungswerte der alten Hasen will Coach Phillip Dörfler in dieser Saison nicht missen. Außerdem möchte er die aktuelle A-Jugend voll einsetzen, wenn [&hellip;]</p>
<br/><br/><a class="read-more" href="https://www.handball-ulm.de/?p=6221"> Mehr lesen...</a>        </div>    
    </div>
</article>
<!-- VIEW ALL BUTTON -->
<div class="blogpager">
    <div class="previous">
        <a href="https://www.handball-ulm.de/?cat=12">Alle</a>
    </div>
</div>


</div>


<div>



<div class="clearfix">
    <div id="subtabs-941508329">

      <ul class="resp-tabs-list">
    <li>2023/2024</li>


    <li>2022/2023</li>


    <li>2021/2022</li>


    <li>2020/2021</li>


    <li>2019/2020</li>


    <li>2018/2019</li>
</ul>
      <div class="resp-tabs-container">
 
<div>

<p><strong>Kreisliga B Donau</strong></p>
<p></p>

</div>


<div>

<p><strong>Kreisliga A Donau</strong></p>
<p></p>

</div>


<div>

<p><strong>Kreisliga A Donau</strong></p>
<p></p>

</div>


<div>

<p><strong>Kreisliga A Donau</strong></p>
<p>Die Saison 2020/2021 wurde corona-bedingt abgesagt!</p>

</div>


<div>

<p><strong>Bezirksklasse</strong></p>
<p></p>

</div>


<div>

<p><strong>Bezirksklasse</strong></p>
<p></p>

</div>
</div>
    </div>
</div>



</div>


<div>



<div class="clearfix">
    <div id="subtabs-2114018210">

      <ul class="resp-tabs-list">
    <li>2023/2024</li>


    <li>2022/2023</li>


    <li>2021/2022</li>


    <li>2020/2021</li>


    <li>2019/2020</li>


    <li>2018/2019</li>
</ul>
      <div class="resp-tabs-container">
 
<div>

<p><strong>Kreisliga B Donau</strong></p>
<p></p>

</div>


<div>

<p><strong>Kreisliga A Donau</strong></p>
<p></p>

</div>


<div>

<p><strong>Kreisliga A Donau</strong></p>
<p></p>

</div>


<div>

<p><strong>Kreisliga A Donau</strong></p>
<p>Die Saison 2020/2021 wurde corona-bedingt abgesagt!</p>

</div>


<div>

<p><strong>Bezirksklasse</strong></p>
<p></p>

</div>


<div>

<p><strong>Bezirksklasse</strong></p>
<p></p>

</div>
</div>
    </div>
</div>



</div>


<div>

Montag 20:00 – 21:30 Uhr BSH<br />
Freitag 19:30 – 21:00 Uhr TPH</p>
<p>Ab Jahrgang 2006</p>
<p><a href="/?page_id=127">Link zu den Hallen</a><br />

</div>


<div>

<strong>Namen:</strong> Dragan Dakovic<br />
<strong>E-Mail:</strong> <a href="mailto:maenner2@sgulm.de">maenner2@sgulm.de</a><br />

</div>


</div></div>
<script type="text/javascript">jQuery(document).ready(function() { 
    jQuery("#tabs-2012285624").easyResponsiveTabs({ type: "default", width: "auto", fit: true}); 
jQuery("#subtabs-941508329").easyResponsiveTabs({ type: "default", width: "auto", fit: true});
jQuery("#subtabs-2114018210").easyResponsiveTabs({ type: "default", width: "auto", fit: true});
    
}); </script>
