{"id":14166,"date":"2023-09-25T21:44:06","date_gmt":"2023-09-25T19:44:06","guid":{"rendered":"https:\/\/www.handball-ulm.de\/?page_id=14166"},"modified":"2023-09-25T21:47:26","modified_gmt":"2023-09-25T19:47:26","slug":"archiv-oststadt-minis-2022-2023","status":"publish","type":"page","link":"https:\/\/www.handball-ulm.de\/?page_id=14166","title":{"rendered":"Archiv Oststadt Minis &#8211; 2022\/2023"},"content":{"rendered":"\n\r\n\r\n<div id=\"tabs-160315520\">\n\r\n<ul class=\"resp-tabs-list\">\r\n    <li>Kader<\/li>\r\n\n\r\n    <li>Aktuelles<\/li>\r\n\n\r\n    <li>Spielplan<\/li>\r\n<\/ul>\r\n<div class=\"resp-tabs-container\">\n \r\n<div>\r\n\n<p><strong>Hintere Reihe v.l.n.r.:<br \/>\n<\/strong>Trainer Janosch, Trainer Nina<strong><br \/>\nvordere Reihe v.l.n.r.:<br \/>\n<\/strong>Leon, Lea, Luan, Pia, Magdalena, Adele, Oscar, Jonas, Maximilian, Nathan, Emil<strong><br \/>\n<\/strong><\/p>\n<p><strong>Es fehlen:<br \/>\n<\/strong>Jonah, Emil, Finja, Anton, Trainer Christoph, Trainer Tarik<strong>, <\/strong>Trainer Valle und Trainer Jan<\/p>\n\r\n<\/div>\r\n\n\r\n<div>\r\n\n<article class=\"post\">\r\n    <div class=\"post-20178 post type-post status-publish format-standard has-post-thumbnail hentry category-aktive category-aktuelles-foerderverein category-allgemein category-aus-dem-sg-leben category-aus-dem-sg-leben-25-26 category-events category-frauen-1 category-frauen-2 category-gaenswiescup-2025 category-gaenswiescup-2026 category-gaenswiesturnier category-gemischt-d1 category-gemischt-d2 category-gemischt-d3 category-gemischt-e-ulm category-gemischt-e-wiblingen category-gemischt-f-ulm category-gemischt-f-wiblingen category-jugend category-maenner-1 category-maenner-2 category-maenner-3 category-maennlich-a category-maennlich-b1 category-maennlich-c category-maennlich-c2 category-miniminis-oststadt category-miniminis-weststadt category-miniminis-wiblingen category-minis-goegglingen category-minis-oststadt category-minis-weststadt-1 category-minis-weststadt-2 category-minis-wiblingen category-spielgemeinschaft category-startseite category-weiblich-a category-weiblich-b category-weiblich-b2 category-weiblich-c category-weiblich-c2 category-weiblich-d category-weiblich-e\"  id=\"post-20178\">\r\n      \r\n    <figure>\r\n        <a href=\"https:\/\/www.handball-ulm.de\/?p=20178\">\r\n            <img loading=\"lazy\" decoding=\"async\" width=\"964\" height=\"428\" src=\"https:\/\/www.handball-ulm.de\/wp-content\/uploads\/2026\/04\/torwart-Website.jpg\" class=\"attachment-sporty-blog-image size-sporty-blog-image wp-post-image\" alt=\"Torwart gesucht\" srcset=\"https:\/\/www.handball-ulm.de\/wp-content\/uploads\/2026\/04\/torwart-Website.jpg 964w, https:\/\/www.handball-ulm.de\/wp-content\/uploads\/2026\/04\/torwart-Website-300x133.jpg 300w, https:\/\/www.handball-ulm.de\/wp-content\/uploads\/2026\/04\/torwart-Website-768x341.jpg 768w\" sizes=\"(max-width: 964px) 100vw, 964px\" \/>        <\/a>\r\n    <\/figure>\r\n            <div class=\"postbox\">  \r\n            <h3>\r\n                <a href=\"https:\/\/www.handball-ulm.de\/?p=20178\">Aufruf: Wer kennt einen Torh\u00fcter?!<\/a>\r\n            <\/h3>\r\n        <div class=\"date-without-thumb\">15. April 2026<\/div> \r\n        <p>Liebe Vereinsfamilie, unsere Herren 1 steht vor einer wichtigen Frage: Wer h\u00fctet n\u00e4chste Saison unser Tor? Trainer Ralf und die Mannschaft suchen dringend einen Torh\u00fcter \u2013 ab sofort, aber ganz besonders f\u00fcr die kommende Saison. Und jetzt kommt ihr ins Spiel! \ud83d\udc49 Fragt in eurem Freundeskreis, in der Familie, bei Arbeitskollegen, beim Stammtisch \u2013 einfach [&hellip;]<\/p>\n<br\/><br\/><a class=\"read-more\" href=\"https:\/\/www.handball-ulm.de\/?p=20178\"> Mehr lesen...<\/a>        <\/div>    \r\n    <\/div>\r\n<\/article>\r\n<article class=\"post\">\r\n    <div class=\"post-17418 post type-post status-publish format-standard has-post-thumbnail hentry category-aus-dem-sg-leben-24-25 category-minis-oststadt category-minis-wiblingen category-startseite\"  id=\"post-17418\">\r\n      \r\n    <figure>\r\n        <a href=\"https:\/\/www.handball-ulm.de\/?p=17418\">\r\n            <img loading=\"lazy\" decoding=\"async\" width=\"964\" height=\"428\" src=\"https:\/\/www.handball-ulm.de\/wp-content\/uploads\/2024\/10\/mini-964x428.jpg\" class=\"attachment-sporty-blog-image size-sporty-blog-image wp-post-image\" alt=\"\" \/>        <\/a>\r\n    <\/figure>\r\n            <div class=\"postbox\">  \r\n            <h3>\r\n                <a href=\"https:\/\/www.handball-ulm.de\/?p=17418\">Minis &#8211; Spieltag in Blaubeuren<\/a>\r\n            <\/h3>\r\n        <div class=\"date-without-thumb\">20. Oktober 2024<\/div> \r\n        <p>Medaillen!!<\/p>\n<br\/><br\/><a class=\"read-more\" href=\"https:\/\/www.handball-ulm.de\/?p=17418\"> Mehr lesen...<\/a>        <\/div>    \r\n    <\/div>\r\n<\/article>\r\n<article class=\"post\">\r\n    <div class=\"post-16324 post type-post status-publish format-standard has-post-thumbnail hentry category-aus-dem-sg-leben-23-24 category-minis-oststadt category-minis-weststadt-2 category-startseite\"  id=\"post-16324\">\r\n      \r\n    <figure>\r\n        <a href=\"https:\/\/www.handball-ulm.de\/?p=16324\">\r\n            <img loading=\"lazy\" decoding=\"async\" width=\"964\" height=\"428\" src=\"https:\/\/www.handball-ulm.de\/wp-content\/uploads\/2024\/03\/PXL_20240317_091831145-964x428.jpeg\" class=\"attachment-sporty-blog-image size-sporty-blog-image wp-post-image\" alt=\"\" \/>        <\/a>\r\n    <\/figure>\r\n            <div class=\"postbox\">  \r\n            <h3>\r\n                <a href=\"https:\/\/www.handball-ulm.de\/?p=16324\">Minis in Laupheim<\/a>\r\n            <\/h3>\r\n        <div class=\"date-without-thumb\">17. M\u00e4rz 2024<\/div> \r\n        <p>Dr\u00fcber und Drunter<\/p>\n<br\/><br\/><a class=\"read-more\" href=\"https:\/\/www.handball-ulm.de\/?p=16324\"> Mehr lesen...<\/a>        <\/div>    \r\n    <\/div>\r\n<\/article>\r\n<article class=\"post\">\r\n    <div class=\"post-15488 post type-post status-publish format-standard hentry category-aus-dem-sg-leben-23-24 category-jugend category-minis-oststadt category-minis-weststadt-1 category-startseite\"  id=\"post-15488\">\r\n            <div class=\"postbox\">  \r\n            <h3>\r\n                <a href=\"https:\/\/www.handball-ulm.de\/?p=15488\">Minispieltag am 10.12.2023<\/a>\r\n            <\/h3>\r\n        <div class=\"date-without-thumb\">12. Dezember 2023<\/div> \r\n        <p>65 handballbegeisterte Kinder tummelten sich am Sonntagvormittag in der Tannenplatzhalle beim Mini-Spieltag der SG Ulm &amp; Wiblingen. Nach dem Aufw\u00e4rmspiel, in dem die Kleinen einen Sternlauf absolvieren mussten, konnten sich die Kinder beim K\u00f6nigsball und Aufsetzerhandball messen, sowie in einem Parkour ihre Geschicklichkeit und Sportlichkeit unter Beweis stellen. Neben den eigenen beiden Mini-Handballmannschaften der SG [&hellip;]<\/p>\n<br\/><br\/><a class=\"read-more\" href=\"https:\/\/www.handball-ulm.de\/?p=15488\"> Mehr lesen...<\/a>        <\/div>    \r\n    <\/div>\r\n<\/article>\r\n<article class=\"post\">\r\n    <div class=\"post-15018 post type-post status-publish format-standard has-post-thumbnail hentry category-aus-dem-sg-leben-23-24 category-minis-oststadt category-minis-weststadt-1 category-startseite\"  id=\"post-15018\">\r\n      \r\n    <figure>\r\n        <a href=\"https:\/\/www.handball-ulm.de\/?p=15018\">\r\n            <img loading=\"lazy\" decoding=\"async\" width=\"631\" height=\"428\" src=\"https:\/\/www.handball-ulm.de\/wp-content\/uploads\/2023\/10\/image-3-631x428.png\" class=\"attachment-sporty-blog-image size-sporty-blog-image wp-post-image\" alt=\"\" \/>        <\/a>\r\n    <\/figure>\r\n            <div class=\"postbox\">  \r\n            <h3>\r\n                <a href=\"https:\/\/www.handball-ulm.de\/?p=15018\">Minis SG Ulm&#038;Wiblingen 4 in Biberach<\/a>\r\n            <\/h3>\r\n        <div class=\"date-without-thumb\">22. Oktober 2023<\/div> \r\n        <p>Flitzen wie die Blitze<\/p>\n<br\/><br\/><a class=\"read-more\" href=\"https:\/\/www.handball-ulm.de\/?p=15018\"> Mehr lesen...<\/a>        <\/div>    \r\n    <\/div>\r\n<\/article>\r\n<!-- VIEW ALL BUTTON -->\r\n<div class=\"blogpager\">\r\n    <div class=\"previous\">\r\n        <a href=\"https:\/\/www.handball-ulm.de\/?cat=74\">Alle<\/a>\r\n    <\/div>\r\n<\/div>\r\n\n\r\n<\/div>\r\n\n\r\n<div>\r\n\n<br \/>\n\r\n<\/div>\r\n\r\n\r\n<\/div><\/div>\r\n<script type=\"text\/javascript\">jQuery(document).ready(function() { \r\n    jQuery(\"#tabs-160315520\").easyResponsiveTabs({ type: \"default\", width: \"auto\", fit: true}); \r\n    \r\n}); <\/script>\r\n\n\n","protected":false},"excerpt":{"rendered":"<br\/><br\/><a class=\"read-more\" href=\"https:\/\/www.handball-ulm.de\/?p=15018\"> Mehr lesen...<\/a>","protected":false},"author":1,"featured_media":9778,"parent":0,"menu_order":0,"comment_status":"closed","ping_status":"closed","template":"","meta":{"ngg_post_thumbnail":0,"footnotes":""},"_links":{"self":[{"href":"https:\/\/www.handball-ulm.de\/index.php?rest_route=\/wp\/v2\/pages\/14166"}],"collection":[{"href":"https:\/\/www.handball-ulm.de\/index.php?rest_route=\/wp\/v2\/pages"}],"about":[{"href":"https:\/\/www.handball-ulm.de\/index.php?rest_route=\/wp\/v2\/types\/page"}],"author":[{"embeddable":true,"href":"https:\/\/www.handball-ulm.de\/index.php?rest_route=\/wp\/v2\/users\/1"}],"replies":[{"embeddable":true,"href":"https:\/\/www.handball-ulm.de\/index.php?rest_route=%2Fwp%2Fv2%2Fcomments&post=14166"}],"version-history":[{"count":2,"href":"https:\/\/www.handball-ulm.de\/index.php?rest_route=\/wp\/v2\/pages\/14166\/revisions"}],"predecessor-version":[{"id":14170,"href":"https:\/\/www.handball-ulm.de\/index.php?rest_route=\/wp\/v2\/pages\/14166\/revisions\/14170"}],"wp:featuredmedia":[{"embeddable":true,"href":"https:\/\/www.handball-ulm.de\/index.php?rest_route=\/wp\/v2\/media\/9778"}],"wp:attachment":[{"href":"https:\/\/www.handball-ulm.de\/index.php?rest_route=%2Fwp%2Fv2%2Fmedia&parent=14166"}],"curies":[{"name":"wp","href":"https:\/\/api.w.org\/{rel}","templated":true}]}}

<div id="tabs-160315520">

<ul class="resp-tabs-list">
    <li>Kader</li>


    <li>Aktuelles</li>


    <li>Spielplan</li>
</ul>
<div class="resp-tabs-container">
 
<div>

<p><strong>Hintere Reihe v.l.n.r.:<br />
</strong>Trainer Janosch, Trainer Nina<strong><br />
vordere Reihe v.l.n.r.:<br />
</strong>Leon, Lea, Luan, Pia, Magdalena, Adele, Oscar, Jonas, Maximilian, Nathan, Emil<strong><br />
</strong></p>
<p><strong>Es fehlen:<br />
</strong>Jonah, Emil, Finja, Anton, Trainer Christoph, Trainer Tarik<strong>, </strong>Trainer Valle und Trainer Jan</p>

</div>


<div>

<article class="post">
    <div class="post-20178 post type-post status-publish format-standard has-post-thumbnail hentry category-aktive category-aktuelles-foerderverein category-allgemein category-aus-dem-sg-leben category-aus-dem-sg-leben-25-26 category-events category-frauen-1 category-frauen-2 category-gaenswiescup-2025 category-gaenswiescup-2026 category-gaenswiesturnier category-gemischt-d1 category-gemischt-d2 category-gemischt-d3 category-gemischt-e-ulm category-gemischt-e-wiblingen category-gemischt-f-ulm category-gemischt-f-wiblingen category-jugend category-maenner-1 category-maenner-2 category-maenner-3 category-maennlich-a category-maennlich-b1 category-maennlich-c category-maennlich-c2 category-miniminis-oststadt category-miniminis-weststadt category-miniminis-wiblingen category-minis-goegglingen category-minis-oststadt category-minis-weststadt-1 category-minis-weststadt-2 category-minis-wiblingen category-spielgemeinschaft category-startseite category-weiblich-a category-weiblich-b category-weiblich-b2 category-weiblich-c category-weiblich-c2 category-weiblich-d category-weiblich-e"  id="post-20178">
      
    <figure>
        <a href="https://www.handball-ulm.de/?p=20178">
            <img loading="lazy" decoding="async" width="964" height="428" src="https://www.handball-ulm.de/wp-content/uploads/2026/04/torwart-Website.jpg" class="attachment-sporty-blog-image size-sporty-blog-image wp-post-image" alt="Torwart gesucht" srcset="https://www.handball-ulm.de/wp-content/uploads/2026/04/torwart-Website.jpg 964w, https://www.handball-ulm.de/wp-content/uploads/2026/04/torwart-Website-300x133.jpg 300w, https://www.handball-ulm.de/wp-content/uploads/2026/04/torwart-Website-768x341.jpg 768w" sizes="(max-width: 964px) 100vw, 964px" />        </a>
    </figure>
            <div class="postbox">  
            <h3>
                <a href="https://www.handball-ulm.de/?p=20178">Aufruf: Wer kennt einen Torhüter?!</a>
            </h3>
        <div class="date-without-thumb">15. April 2026</div> 
        <p>Liebe Vereinsfamilie, unsere Herren 1 steht vor einer wichtigen Frage: Wer hütet nächste Saison unser Tor? Trainer Ralf und die Mannschaft suchen dringend einen Torhüter – ab sofort, aber ganz besonders für die kommende Saison. Und jetzt kommt ihr ins Spiel! 👉 Fragt in eurem Freundeskreis, in der Familie, bei Arbeitskollegen, beim Stammtisch – einfach [&hellip;]</p>
<br/><br/><a class="read-more" href="https://www.handball-ulm.de/?p=20178"> Mehr lesen...</a>        </div>    
    </div>
</article>
<article class="post">
    <div class="post-17418 post type-post status-publish format-standard has-post-thumbnail hentry category-aus-dem-sg-leben-24-25 category-minis-oststadt category-minis-wiblingen category-startseite"  id="post-17418">
      
    <figure>
        <a href="https://www.handball-ulm.de/?p=17418">
            <img loading="lazy" decoding="async" width="964" height="428" src="https://www.handball-ulm.de/wp-content/uploads/2024/10/mini-964x428.jpg" class="attachment-sporty-blog-image size-sporty-blog-image wp-post-image" alt="" />        </a>
    </figure>
            <div class="postbox">  
            <h3>
                <a href="https://www.handball-ulm.de/?p=17418">Minis &#8211; Spieltag in Blaubeuren</a>
            </h3>
        <div class="date-without-thumb">20. Oktober 2024</div> 
        <p>Medaillen!!</p>
<br/><br/><a class="read-more" href="https://www.handball-ulm.de/?p=17418"> Mehr lesen...</a>        </div>    
    </div>
</article>
<article class="post">
    <div class="post-16324 post type-post status-publish format-standard has-post-thumbnail hentry category-aus-dem-sg-leben-23-24 category-minis-oststadt category-minis-weststadt-2 category-startseite"  id="post-16324">
      
    <figure>
        <a href="https://www.handball-ulm.de/?p=16324">
            <img loading="lazy" decoding="async" width="964" height="428" src="https://www.handball-ulm.de/wp-content/uploads/2024/03/PXL_20240317_091831145-964x428.jpeg" class="attachment-sporty-blog-image size-sporty-blog-image wp-post-image" alt="" />        </a>
    </figure>
            <div class="postbox">  
            <h3>
                <a href="https://www.handball-ulm.de/?p=16324">Minis in Laupheim</a>
            </h3>
        <div class="date-without-thumb">17. März 2024</div> 
        <p>Drüber und Drunter</p>
<br/><br/><a class="read-more" href="https://www.handball-ulm.de/?p=16324"> Mehr lesen...</a>        </div>    
    </div>
</article>
<article class="post">
    <div class="post-15488 post type-post status-publish format-standard hentry category-aus-dem-sg-leben-23-24 category-jugend category-minis-oststadt category-minis-weststadt-1 category-startseite"  id="post-15488">
            <div class="postbox">  
            <h3>
                <a href="https://www.handball-ulm.de/?p=15488">Minispieltag am 10.12.2023</a>
            </h3>
        <div class="date-without-thumb">12. Dezember 2023</div> 
        <p>65 handballbegeisterte Kinder tummelten sich am Sonntagvormittag in der Tannenplatzhalle beim Mini-Spieltag der SG Ulm &amp; Wiblingen. Nach dem Aufwärmspiel, in dem die Kleinen einen Sternlauf absolvieren mussten, konnten sich die Kinder beim Königsball und Aufsetzerhandball messen, sowie in einem Parkour ihre Geschicklichkeit und Sportlichkeit unter Beweis stellen. Neben den eigenen beiden Mini-Handballmannschaften der SG [&hellip;]</p>
<br/><br/><a class="read-more" href="https://www.handball-ulm.de/?p=15488"> Mehr lesen...</a>        </div>    
    </div>
</article>
<article class="post">
    <div class="post-15018 post type-post status-publish format-standard has-post-thumbnail hentry category-aus-dem-sg-leben-23-24 category-minis-oststadt category-minis-weststadt-1 category-startseite"  id="post-15018">
      
    <figure>
        <a href="https://www.handball-ulm.de/?p=15018">
            <img loading="lazy" decoding="async" width="631" height="428" src="https://www.handball-ulm.de/wp-content/uploads/2023/10/image-3-631x428.png" class="attachment-sporty-blog-image size-sporty-blog-image wp-post-image" alt="" />        </a>
    </figure>
            <div class="postbox">  
            <h3>
                <a href="https://www.handball-ulm.de/?p=15018">Minis SG Ulm&#038;Wiblingen 4 in Biberach</a>
            </h3>
        <div class="date-without-thumb">22. Oktober 2023</div> 
        <p>Flitzen wie die Blitze</p>
<br/><br/><a class="read-more" href="https://www.handball-ulm.de/?p=15018"> Mehr lesen...</a>        </div>    
    </div>
</article>
<!-- VIEW ALL BUTTON -->
<div class="blogpager">
    <div class="previous">
        <a href="https://www.handball-ulm.de/?cat=74">Alle</a>
    </div>
</div>


</div>


<div>

<br />

</div>


</div></div>
<script type="text/javascript">jQuery(document).ready(function() { 
    jQuery("#tabs-160315520").easyResponsiveTabs({ type: "default", width: "auto", fit: true}); 
    
}); </script>
