{"id":12647,"date":"2023-04-17T23:38:09","date_gmt":"2023-04-17T21:38:09","guid":{"rendered":"https:\/\/www.handball-ulm.de\/?page_id=12647"},"modified":"2024-01-07T18:23:19","modified_gmt":"2024-01-07T17:23:19","slug":"lundaspelen-2023","status":"publish","type":"page","link":"https:\/\/www.handball-ulm.de\/?page_id=12647","title":{"rendered":"Lundaspelen 2023"},"content":{"rendered":"\n<p class=\"has-large-font-size\"><strong>Internationales Handballturnier 2023 in Lund\/Schweden \u2013 Wir sind dabei<\/strong><\/p>\n\n\n\n<figure class=\"wp-block-gallery columns-1 is-cropped wp-block-gallery-1 is-layout-flex wp-block-gallery-is-layout-flex\"><ul class=\"blocks-gallery-grid\"><li class=\"blocks-gallery-item\"><figure><img loading=\"lazy\" decoding=\"async\" width=\"298\" height=\"431\" src=\"https:\/\/www.handball-ulm.de\/wp-content\/uploads\/2023\/12\/Screenshot-498.png\" alt=\"\" data-id=\"15737\" data-full-url=\"https:\/\/www.handball-ulm.de\/wp-content\/uploads\/2023\/12\/Screenshot-498.png\" data-link=\"https:\/\/www.handball-ulm.de\/?attachment_id=15737\" class=\"wp-image-15737\" srcset=\"https:\/\/www.handball-ulm.de\/wp-content\/uploads\/2023\/12\/Screenshot-498.png 298w, https:\/\/www.handball-ulm.de\/wp-content\/uploads\/2023\/12\/Screenshot-498-207x300.png 207w\" sizes=\"(max-width: 298px) 100vw, 298px\" \/><\/figure><\/li><li class=\"blocks-gallery-item\"><figure><img loading=\"lazy\" decoding=\"async\" width=\"1024\" height=\"604\" src=\"https:\/\/www.handball-ulm.de\/wp-content\/uploads\/2023\/12\/lundaspelen-handball_2023_sg-ulm-wiblingen1-1024x604.jpg\" alt=\"\" data-id=\"15736\" data-full-url=\"https:\/\/www.handball-ulm.de\/wp-content\/uploads\/2023\/12\/lundaspelen-handball_2023_sg-ulm-wiblingen1.jpg\" data-link=\"https:\/\/www.handball-ulm.de\/?attachment_id=15736\" class=\"wp-image-15736\" srcset=\"https:\/\/www.handball-ulm.de\/wp-content\/uploads\/2023\/12\/lundaspelen-handball_2023_sg-ulm-wiblingen1-1024x604.jpg 1024w, https:\/\/www.handball-ulm.de\/wp-content\/uploads\/2023\/12\/lundaspelen-handball_2023_sg-ulm-wiblingen1-300x177.jpg 300w, https:\/\/www.handball-ulm.de\/wp-content\/uploads\/2023\/12\/lundaspelen-handball_2023_sg-ulm-wiblingen1-768x453.jpg 768w, https:\/\/www.handball-ulm.de\/wp-content\/uploads\/2023\/12\/lundaspelen-handball_2023_sg-ulm-wiblingen1-1170x690.jpg 1170w, https:\/\/www.handball-ulm.de\/wp-content\/uploads\/2023\/12\/lundaspelen-handball_2023_sg-ulm-wiblingen1.jpg 1464w\" sizes=\"(max-width: 1024px) 100vw, 1024px\" \/><\/figure><\/li><\/ul><\/figure>\n\n\n\n<p>Lundaspelen in Schweden, das sind 166 Clubs mit 774 Teams in 22 Kategorien aus 13 L\u00e4ndern. Mit dabei sind Spieler und Spielerinnen aus Norwegen, Schweden, D\u00e4nemark, Deutschland, Niederlande, Slowenien, Serbien, Italien, Belgien, Spanien, Kroatien, Tschechien und Frankreich<\/p>\n\n\n\n<p>F\u00fcr das Orga-Team begann das Projekt Lundaspelen 2023 bereits Ende Juli\/Anfang August mit der 1. Planungssitzung. Im Vorfeld wurden Sponsoren gesucht und mithilfe der Jugendsprecher Gelder akquiriert. Der H\u00f6hepunkt der Vorbereitung ist die p\u00fcnktliche Abfahrt des Doppelstock- und des Kleinbusses mit 6 Mannschaften vom Parkplatz Donaubad. Insgesamt 65 Spieler, 8 Betreuer und 6 Supporter fahren am 25.12.2023 um 20 Uhr nach Schweden. Mit der Ankunft in Lund ging die \u201eArbeit\u201c f\u00fcr das Orga-Team mit der logistischen Unterst\u00fctzung der Mannschaften erst richtig los.<\/p>\n\n\n\n<p>Als Erstes wurden die ca. 80 Lundaspelen-Shirts abgeholt, pro Mannschaft sortiert und an die Betreuer \u00fcberreicht. Als N\u00e4chstes ging es darum, 135 Tickets f\u00fcr die zwei Spiele der Handbollsligan (Damen + Herren) zu organisieren und auch diese wieder fein s\u00e4uberlich aufzuteilen und den Betreuern zukommen zu lassen.<\/p>\n\n\n\n<figure class=\"wp-block-image size-large\"><img loading=\"lazy\" decoding=\"async\" width=\"1024\" height=\"768\" src=\"https:\/\/www.handball-ulm.de\/wp-content\/uploads\/2024\/01\/orga2-1024x768.jpg\" alt=\"\" class=\"wp-image-15741\" srcset=\"https:\/\/www.handball-ulm.de\/wp-content\/uploads\/2024\/01\/orga2-1024x768.jpg 1024w, https:\/\/www.handball-ulm.de\/wp-content\/uploads\/2024\/01\/orga2-300x225.jpg 300w, https:\/\/www.handball-ulm.de\/wp-content\/uploads\/2024\/01\/orga2-768x576.jpg 768w, https:\/\/www.handball-ulm.de\/wp-content\/uploads\/2024\/01\/orga2-1536x1152.jpg 1536w, https:\/\/www.handball-ulm.de\/wp-content\/uploads\/2024\/01\/orga2-1170x878.jpg 1170w, https:\/\/www.handball-ulm.de\/wp-content\/uploads\/2024\/01\/orga2.jpg 1600w\" sizes=\"(max-width: 1024px) 100vw, 1024px\" \/><\/figure>\n\n\n\n<p>Einer der Hauptaufgaben des Orga-Teams vor Ort war es, f\u00fcr jene Mannschaften, die aufgrund des Spielplans (Ort + Zeit) das Mittag- oder Abendessen nicht in der Mensa der Polhemsskolan einnehmen konnten, Lunchboxen zu organisieren und an die Hallen zu bringen. An den zwei Vorrunden- und am Finalspieltag wurden insgesamt ca. 150 Lunchboxen (vegetarisch und nicht-vegetarisch) bestellt und ausgeliefert. F\u00fcr das Ausfahren der Lunchboxen und verschiedener Shuttle-Dienste (z.B. Krankentransport) f\u00fcr die Mannschaften hat das Orga-Team allein in Lund ca. 500 km zur\u00fcckgelegt. Das Highlight f\u00fcr den Shuttle-Dienst war der Eingang eines \u201eNotrufs\u201c, der uns am Donnerstag nach 22 Uhr erreichte, um eine Gruppe von acht gestrandeten Spielern\/Betreuern von Lund nach Lomma zu bringen, die nicht mehr in den \u00fcberf\u00fcllten Stadtbus passten.<\/p>\n\n\n\n<p>Am Schlusstag kam nochmal ein wenig Hektik auf, als wir insgesamt 3-mal zwischen der Karstorpskolan und dem Hotel hin &amp; herpendeln mussten, um s\u00e4mtliches Gep\u00e4ck zum Doppelstockbus zu bringen, damit unser Busfahrer seine Schicht und Lenkzeit erst am Nachmittag mit der Abfahrt aus Lund beginnen konnte.<\/p>\n\n\n\n<p>Auch wenn die Arbeit des Orga-Teams nicht immer f\u00fcr jeden Spieler\/Betreuer ersichtlich war, hat sich f\u00fcr uns der Einsatz Dank des positiven Feedbacks und der zufriedenen Gesichter mehr als gelohnt.<\/p>\n\n\n\n<p>Die Unterkunft in der Schule ist sehr gut. Jede Mannschaft hat ein eigenes Klassenzimmer. Alle Zimmer sind in einem abgetrennten Bereich, so dass wir als SG unter uns bleiben konnten. Sch\u00f6n waren Abende, an denen man gemeinsam zusammen sitzen und plaudern, spielen oder Obst und S\u00fc\u00dfigkeiten teilen konnte.<\/p>\n\n\n\n<figure class=\"wp-block-gallery columns-3 is-cropped wp-block-gallery-2 is-layout-flex wp-block-gallery-is-layout-flex\"><ul class=\"blocks-gallery-grid\"><li class=\"blocks-gallery-item\"><figure><img loading=\"lazy\" decoding=\"async\" width=\"576\" height=\"1024\" src=\"https:\/\/www.handball-ulm.de\/wp-content\/uploads\/2024\/01\/WhatsApp-Bild-2023-12-29-um-22.37.53_4bc1a73b-576x1024.jpg\" alt=\"\" data-id=\"15742\" data-full-url=\"https:\/\/www.handball-ulm.de\/wp-content\/uploads\/2024\/01\/WhatsApp-Bild-2023-12-29-um-22.37.53_4bc1a73b.jpg\" data-link=\"https:\/\/www.handball-ulm.de\/?attachment_id=15742\" class=\"wp-image-15742\" srcset=\"https:\/\/www.handball-ulm.de\/wp-content\/uploads\/2024\/01\/WhatsApp-Bild-2023-12-29-um-22.37.53_4bc1a73b-576x1024.jpg 576w, https:\/\/www.handball-ulm.de\/wp-content\/uploads\/2024\/01\/WhatsApp-Bild-2023-12-29-um-22.37.53_4bc1a73b-169x300.jpg 169w, https:\/\/www.handball-ulm.de\/wp-content\/uploads\/2024\/01\/WhatsApp-Bild-2023-12-29-um-22.37.53_4bc1a73b-768x1365.jpg 768w, https:\/\/www.handball-ulm.de\/wp-content\/uploads\/2024\/01\/WhatsApp-Bild-2023-12-29-um-22.37.53_4bc1a73b-864x1536.jpg 864w, https:\/\/www.handball-ulm.de\/wp-content\/uploads\/2024\/01\/WhatsApp-Bild-2023-12-29-um-22.37.53_4bc1a73b.jpg 1152w\" sizes=\"(max-width: 576px) 100vw, 576px\" \/><\/figure><\/li><li class=\"blocks-gallery-item\"><figure><img loading=\"lazy\" decoding=\"async\" width=\"1024\" height=\"955\" src=\"https:\/\/www.handball-ulm.de\/wp-content\/uploads\/2024\/01\/20231229_004502-1024x955.jpg\" alt=\"\" data-id=\"15745\" data-full-url=\"https:\/\/www.handball-ulm.de\/wp-content\/uploads\/2024\/01\/20231229_004502-scaled.jpg\" data-link=\"https:\/\/www.handball-ulm.de\/?attachment_id=15745\" class=\"wp-image-15745\" srcset=\"https:\/\/www.handball-ulm.de\/wp-content\/uploads\/2024\/01\/20231229_004502-1024x955.jpg 1024w, https:\/\/www.handball-ulm.de\/wp-content\/uploads\/2024\/01\/20231229_004502-300x280.jpg 300w, https:\/\/www.handball-ulm.de\/wp-content\/uploads\/2024\/01\/20231229_004502-768x716.jpg 768w, https:\/\/www.handball-ulm.de\/wp-content\/uploads\/2024\/01\/20231229_004502-1536x1432.jpg 1536w, https:\/\/www.handball-ulm.de\/wp-content\/uploads\/2024\/01\/20231229_004502-2048x1910.jpg 2048w, https:\/\/www.handball-ulm.de\/wp-content\/uploads\/2024\/01\/20231229_004502-1170x1091.jpg 1170w\" sizes=\"(max-width: 1024px) 100vw, 1024px\" \/><\/figure><\/li><li class=\"blocks-gallery-item\"><figure><img loading=\"lazy\" decoding=\"async\" width=\"1024\" height=\"877\" src=\"https:\/\/www.handball-ulm.de\/wp-content\/uploads\/2024\/01\/20231229_004449-1024x877.jpg\" alt=\"\" data-id=\"15746\" data-full-url=\"https:\/\/www.handball-ulm.de\/wp-content\/uploads\/2024\/01\/20231229_004449-scaled.jpg\" data-link=\"https:\/\/www.handball-ulm.de\/?attachment_id=15746\" class=\"wp-image-15746\" srcset=\"https:\/\/www.handball-ulm.de\/wp-content\/uploads\/2024\/01\/20231229_004449-1024x877.jpg 1024w, https:\/\/www.handball-ulm.de\/wp-content\/uploads\/2024\/01\/20231229_004449-300x257.jpg 300w, https:\/\/www.handball-ulm.de\/wp-content\/uploads\/2024\/01\/20231229_004449-768x658.jpg 768w, https:\/\/www.handball-ulm.de\/wp-content\/uploads\/2024\/01\/20231229_004449-1536x1316.jpg 1536w, https:\/\/www.handball-ulm.de\/wp-content\/uploads\/2024\/01\/20231229_004449-2048x1754.jpg 2048w, https:\/\/www.handball-ulm.de\/wp-content\/uploads\/2024\/01\/20231229_004449-1170x1002.jpg 1170w\" sizes=\"(max-width: 1024px) 100vw, 1024px\" \/><\/figure><\/li><li class=\"blocks-gallery-item\"><figure><img loading=\"lazy\" decoding=\"async\" width=\"1024\" height=\"576\" src=\"https:\/\/www.handball-ulm.de\/wp-content\/uploads\/2024\/01\/20231231_072951-1024x576.jpg\" alt=\"\" data-id=\"15748\" data-full-url=\"https:\/\/www.handball-ulm.de\/wp-content\/uploads\/2024\/01\/20231231_072951.jpg\" data-link=\"https:\/\/www.handball-ulm.de\/?attachment_id=15748\" class=\"wp-image-15748\" srcset=\"https:\/\/www.handball-ulm.de\/wp-content\/uploads\/2024\/01\/20231231_072951-1024x576.jpg 1024w, https:\/\/www.handball-ulm.de\/wp-content\/uploads\/2024\/01\/20231231_072951-300x169.jpg 300w, https:\/\/www.handball-ulm.de\/wp-content\/uploads\/2024\/01\/20231231_072951-768x432.jpg 768w, https:\/\/www.handball-ulm.de\/wp-content\/uploads\/2024\/01\/20231231_072951-1536x864.jpg 1536w, https:\/\/www.handball-ulm.de\/wp-content\/uploads\/2024\/01\/20231231_072951-2048x1152.jpg 2048w, https:\/\/www.handball-ulm.de\/wp-content\/uploads\/2024\/01\/20231231_072951-1170x658.jpg 1170w\" sizes=\"(max-width: 1024px) 100vw, 1024px\" \/><\/figure><\/li><\/ul><\/figure>\n\n\n\n<p>Die M\u00e4dchen der weiblichen C-Jugend bedauerten, dass ihre Spiele in gro\u00dfer Entfernung zur Arena stattfanden. An einem Abend kamen sie tats\u00e4chlich erst kurz vor Mitternacht von den Spielen. Vorteil des Ganzen war, dass sie dadurch einen sch\u00f6nen Stadtbummel in Lund bzw. in Malm\u00f6 machen konnten. Beim M\u00e4nner-Bundesligaspiel in der ersten Reihe zu sitzen, war ebenfalls ein Erlebnis. Interessant, dass die Herren sich mit Kicken aufw\u00e4rmen.<\/p>\n\n\n\n<p>Die Spiele gegen die Norwegerinnen (unentschieden) und D\u00e4nen (mit einem Tor verloren) waren am besten. Gegen die Schwedinnen von S\u00e4vehof und die beiden deutschen Mannschaften (Reserve eines Bundesliga-Klubs\/Hessen-Oberliga und Landesligamannschaft) hatte man dann leider keine Chance und rief auch nicht wirklich das ganze Potenzial ab.<\/p>\n\n\n\n<p>Richtig viel Spa\u00df machte das Anfeuern der anderen SG Mannschaften. So waren die M\u00e4dchen live dabei, als die Boys14 zwei Spiele der Playoffs C gewinnen konnten und sie feuerten lautstark in der Arena die Boys19 an und brachten sie so zu einem Sieg. Dass dabei der TV Bissendorf-Holte und der VfL G\u00fcnzburg ebenfalls halfen, machte das Erlebnis runder. Mit Fanges\u00e4ngen und mit Megafon waren wir die Lautesten.<\/p>\n\n\n\n<p>Lustig war auch, dass die vier jungen Trainer im Bus schon mal um 4Uhr zur Uno-Zeit riefen. Auf der R\u00fcckfahrt schliefen jedoch alle viel mehr als auf der Hinfahrt. Die Trainer Flo und Pata gaben ihr Bestes und den M\u00e4dchen einige Freiheiten, die diese gewissenhaft nutzten und das Vertrauen der Trainer best\u00e4tigten. Die weibliche C-Jugend ist eine tolle Truppe und hat das Beste aus der Situation gemacht.<\/p>\n\n\n\n<p>Zum ersten Spiel der SG mussten die Boys13 ran. Schon 6:30Uhr ging es zu einem \u00fcbersichtlichen Fr\u00fchst\u00fcck und dann ab zum Bus und zum Spielort. Gleich das erste Spiel gegen den d\u00e4nischen Klub Allerod konnte deutlich gewonnen werden. IK S\u00e4vehof1 ist der 2. Gegner. Deutlich st\u00e4rker, k\u00f6rperlich deutlich \u00fcberlegener. Doch die Jungs spielen es clever und offensiv und holen auch hier den Sieg. Gegen die Rhein-Neckar-L\u00f6wen gab es dann keine wirkliche Chance. Gro\u00df und athletisch und handballerisch hervorragend ausgebildet waren alle Spieler. Wir verkauften uns, so teuer es denn m\u00f6glich war. Das Spiel als solches war sehr fair. Am 2. Tag ging es gegen die Schweden aus Helsingborg. Leider waren die Bedingungen schlecht und wir spielten nicht so gut wie am Vortag. Zwei unserer Spieler hatten Bauchschmerzen und es ging ihnen nicht wirklich gut. Daf\u00fcr k\u00e4mpften sie dann wie die L\u00f6wen. Im 2. Spiel des 2. Tages gegen die L\u00f6dde Vikings gaben die Jungs noch mal Vollgas und gewannen mit einem Tor. Dadurch belegten sie den 3. Platz, die bisher beste Platzierung der SG bei den Lundaspelen \u00fcberhaupt. Bei den Playoffs B gegen Ljunghusens HK konnten wir den wirbeligen Mittelspieler einfach nicht in den Griff bekommen. Da wir auch selbst in keinster Weise unsere Leistung abriefen, ist die Niederlage mit 4 Toren v\u00f6llig in Ordnung. Wir beeilten uns mit der Dusche und fuhren zu den Boys14 und feuerten diese gemeinsam mit den M\u00e4dchen zu zwei Siegen an. Die Jungs, die im normalen Spielbetrieb mit den Boys13 zusammenspielen, zeigten sehr gute Leistungen, so dass die Trainer richtig stolz sein konnten. Gl\u00fcck im Ungl\u00fcck hatten wir gleich mehrfach, da wir verlorene Handys und Geldbeutel der kleinsten Spieler immer wieder finden konnten. Dass Finn die ganzen Tage ohne Ticket unterwegs war, merkte ebenfalls keiner. Das Ticket war n\u00e4mlich schon am ersten Tag verschollen. Die Geburtstage von Patricia am 28. und von Finn am 30. wurden geb\u00fchrend gew\u00fcrdigt. Finn war bei den Boys14 das Maskottchen, mithilfe der Gegner konnte er sogar zweimal das Tor treffen. Die Halle tobte vor Begeisterung.<\/p>\n\n\n\n<p>Auch die weibliche B-Jugend ist trotz eines Trainerwechsels vor Weihnachten, verletzungsbedingter Ausf\u00e4lle und eines ohne hin kleinen Kaders von 9 Spielerinnen nach Lund angereist. Aufgrund der ungewohnten Mannschaftstrennung nach Jahrg\u00e4ngen, hat uns dankenswerterweise Karo, die eigentlich noch C Jugend spielt, zus\u00e4tzlich unterst\u00fctzt. Mit all diesen Faktoren im Hinterkopf sind wir mit gemischten Gef\u00fchlen ins Turnier gestartet und haben uns zum Ziel gesetzt, die gemeinsame Zeit als Kennenlernen zu nutzen und die Basis auf den gemeinsamen Spa\u00df am Sport zu legen.<\/p>\n\n\n\n<p>Schnell war aber klar, dass unsere Vorrundengruppe mit einem norwegischen Meister in der Altersklasse Girls 16, 2 deutschen Mannschaften aus dem oberen Drittel der Oberliga und weiteren Teams aus Schweden und Norwegen mit vergleichbarem Niveau, sehr gut besetzt ist. Nicht nur das handballerische Niveau war \u00fcberragend, sondern auch die vollbesetzten Auswechselb\u00e4nke imponierte uns. Deshalb startete man ohne Druck in den ersten Spieltag. Leider verloren wir das erste Spiel trotz langer F\u00fchrung sehr ungl\u00fccklich (15:18) und im zweiten Spiel zeigen uns die L\u00f6dde Vikings, warum sie den Titel norwegischer Meister verdient haben (20:13).<\/p>\n\n\n\n<p>Nach der ersten Analyse war klar, dass wir nicht unsern gewohnten Tempohandball spielen k\u00f6nnen und besser mit der vorhandenen Energie haushalten m\u00fcssen. Mit diesem Vorsatz sind wir an Tag 2 super gestartet und haben das Duell gegen Helsingborg 1 lange mit einer 6-Tore-F\u00fchrung dominiert. Schlussendlich hatten wir in letzten Spielminuten einen unerwarteten mentalen Einbruch und konnten nur noch das Unentschieden herausholen. Entt\u00e4uscht und mit ein paar Tr\u00e4nen ging man in die Pause zwischen den Spielen und versuchte das Erlebte zu verarbeiten. Einmal mehr zeigten die M\u00e4dels, dass sie f\u00fcr den Leistungssport gemacht sind, denn mit neuer Taktik und frischen K\u00f6pfen startete man in die letzten zwei Spiele des Tages, die nach sehr knappen Schlussminuten jedoch nicht f\u00fcr sich entscheiden konnte.<\/p>\n\n\n\n<p>Anschlie\u00dfend standen am dritten Tag die Playoff-Spiele an. Mit den Ergebnissen der Vortage sind wir leider als Letzter der Vorrundengruppe in die Playoffs gestartet und mussten direkt gegen die drittplatzierte Heimmannschaft aus Lund LUGI HF 2 ran. Da die M\u00e4dels die taktischen Anforderungen vom Brett \u00fcberragend in das laufende Spiel umsetzten, konnten unsere Kreisspielerinnen sehr gut in Szene gesetzt werden. Nach 30-min\u00fctigem konzentrierten Spiel, musste sich der klare schwedische Favorit aus den Playoffs verabschieden. Somit zogen die M\u00e4dels der SG gegen den Club aus Palma de Mallorca ins Achtelfinale ein. Nach insgesamt 3,5 Stunden Spielzeit binnen 48 Stunden, verabschiedeten sich die M\u00e4dels mit einer knappen 17:19 Niederlage aus dem Turnier.<\/p>\n\n\n\n<p>Abschlie\u00dfend bleibt jedoch zu sagen, dass die M\u00e4dels eine immense Lernkurve im Turnierverlauf an Tag gelegt haben, vieles auf Knopfdruck umgesetzt wurde und die \u00fcberragende Atmosph\u00e4re in vollen Z\u00fcgen ausgenutzt wurde. Ich freue mich sehr auf die uns bevorstehenden Monate als&nbsp;eure&nbsp;Trainerin.<\/p>\n\n\n\n<figure class=\"wp-block-image size-large\"><img loading=\"lazy\" decoding=\"async\" width=\"1024\" height=\"768\" src=\"https:\/\/www.handball-ulm.de\/wp-content\/uploads\/2024\/01\/IMG-20231229-WA0027.jpg\" alt=\"\" class=\"wp-image-16037\" srcset=\"https:\/\/www.handball-ulm.de\/wp-content\/uploads\/2024\/01\/IMG-20231229-WA0027.jpg 1024w, https:\/\/www.handball-ulm.de\/wp-content\/uploads\/2024\/01\/IMG-20231229-WA0027-300x225.jpg 300w, https:\/\/www.handball-ulm.de\/wp-content\/uploads\/2024\/01\/IMG-20231229-WA0027-768x576.jpg 768w\" sizes=\"(max-width: 1024px) 100vw, 1024px\" \/><\/figure>\n\n\n\n<p>Am letzten Tag packten wir und fuhren nach Malm\u00f6. Wir durften die Zeit selbstst\u00e4ndig verbringen, das fanden wir gut. Malm\u00f6 ist sch\u00f6n. Wir kauften noch Lebensmittel f\u00fcr die R\u00fcckfahrt. Dann ging es mit dem Bus zur\u00fcck in die Skane Sparbanken Arena, um das Spiel der Spezials anzusehen. Wir waren nun bereit f\u00fcr die R\u00fcckfahrt, denn alle zeigten M\u00fcdigkeitserscheinungen.<\/p>\n\n\n\n<p>Wir als weibliche A reisen mit 10 Spielerinnen nach Lund. Nach circa 17 Stunden Busfahrt starten wir eine Erkundungstour in der Innenstadt mit unserem Coach Osman, der uns im Espresso House allen ein warmes Getr\u00e4nk spendiert. Riesen Vorfreude hatten wir am 27.12., da an diesem Tag die ersten 3 Spiele sind. Nat\u00fcrlich kannte man keine einzige Mannschaft, somit mussten wir uns auf alles neu einstellen. Trotz aller Anstrengungen haben wir leider nicht so viel Erfolg, aber jede Menge Spa\u00df. Viele lustige und sch\u00f6ne Momente hatten wir als weibliche A Jugend und konnten gemeinsam tolle neue Erfahrungen&nbsp;sammeln. Vielen Dank an Osman.<\/p>\n\n\n\n<p>Die m\u00e4nnliche A-Jugend traf so wie alle anderen auf sehr starke Gegner. Zwei Spiele konnten gewonnen werden, das eine mithilfe der hervorragenden Fanges\u00e4nge. Bedauerlicherweise sind im kleinen Kader der Mannschaft nun zum kaputten Finger auch noch zwei B\u00e4nderrisse hinzugekommen. Die Schienbeine unseres Torsch\u00fctzenk\u00f6nigs melden auch einen Pausebedarf an. So ist es gut, dass bis zum Start der Runde wenigstens ein paar Tage ins Land gehen.<\/p>\n\n\n\n<figure class=\"wp-block-video\"><video controls src=\"https:\/\/www.handball-ulm.de\/wp-content\/uploads\/2024\/01\/lund1-\u2013-Mit-Clipchamp-erstellt.mp4\"><\/video><\/figure>\n\n\n\n<p>Ereignisreiche Tage und N\u00e4chte liegen hinter uns.<\/p>\n\n\n\n<p>\u201eMemories for life\u201c war dieses Jahr das Motto der \u201eLundaspelen\u201c. Das trifft voll und ganz zu. Ein gro\u00dfer Dank an alle Trainer, Organisatoren und Eltern, ohne die dieses Erlebnis nicht h\u00e4tte stattfinden k\u00f6nnen.<\/p>\n\n\n\n<figure class=\"wp-block-video\"><video controls src=\"https:\/\/www.handball-ulm.de\/wp-content\/uploads\/2023\/12\/Lund3-\u2013-Mit-Clipchamp-erstellt.mp4\"><\/video><\/figure>\n\n\n\n<p>Mehr Fotos in der <code><a href=\"https:\/\/www.handball-ulm.de\/index.php\/nggallery\/alles\/lund-2023?page_id=91\" target=\"_blank\" rel=\"noreferrer noopener\">Galerie<\/a><\/code><\/p>\n","protected":false},"excerpt":{"rendered":"<p>Internationales Handballturnier 2023 in Lund\/Schweden \u2013 Wir sind dabei Lundaspelen in Schweden, das sind 166 Clubs mit 774 Teams in 22 Kategorien aus 13 L\u00e4ndern. Mit dabei sind Spieler und Spielerinnen aus Norwegen, Schweden, D\u00e4nemark, Deutschland, Niederlande, Slowenien, Serbien, Italien, Belgien, Spanien, Kroatien, Tschechien und Frankreich F\u00fcr das Orga-Team begann das Projekt Lundaspelen 2023 bereits [&hellip;]<\/p>\n<br\/><br\/><a class=\"read-more\" href=\"https:\/\/www.handball-ulm.de\/?page_id=12647\"> Mehr lesen...<\/a>","protected":false},"author":1,"featured_media":0,"parent":0,"menu_order":0,"comment_status":"closed","ping_status":"closed","template":"","meta":{"ngg_post_thumbnail":0,"footnotes":""},"_links":{"self":[{"href":"https:\/\/www.handball-ulm.de\/index.php?rest_route=\/wp\/v2\/pages\/12647"}],"collection":[{"href":"https:\/\/www.handball-ulm.de\/index.php?rest_route=\/wp\/v2\/pages"}],"about":[{"href":"https:\/\/www.handball-ulm.de\/index.php?rest_route=\/wp\/v2\/types\/page"}],"author":[{"embeddable":true,"href":"https:\/\/www.handball-ulm.de\/index.php?rest_route=\/wp\/v2\/users\/1"}],"replies":[{"embeddable":true,"href":"https:\/\/www.handball-ulm.de\/index.php?rest_route=%2Fwp%2Fv2%2Fcomments&post=12647"}],"version-history":[{"count":17,"href":"https:\/\/www.handball-ulm.de\/index.php?rest_route=\/wp\/v2\/pages\/12647\/revisions"}],"predecessor-version":[{"id":16063,"href":"https:\/\/www.handball-ulm.de\/index.php?rest_route=\/wp\/v2\/pages\/12647\/revisions\/16063"}],"wp:attachment":[{"href":"https:\/\/www.handball-ulm.de\/index.php?rest_route=%2Fwp%2Fv2%2Fmedia&parent=12647"}],"curies":[{"name":"wp","href":"https:\/\/api.w.org\/{rel}","templated":true}]}}