{"id":124,"date":"2018-05-20T12:51:55","date_gmt":"2018-05-20T10:51:55","guid":{"rendered":"https:\/\/sgulm.tcremer.de\/?page_id=124"},"modified":"2025-12-07T19:35:16","modified_gmt":"2025-12-07T18:35:16","slug":"trainer","status":"publish","type":"page","link":"https:\/\/www.handball-ulm.de\/?page_id=124","title":{"rendered":"Trainer"},"content":{"rendered":"<h2>Unser aktuelles Trainerteam<\/h2>\n\n\n<p>Corina Sch\u00f6n  Franzi Mader  Lenny Sch\u00f6n  Alex Moll \u00a0 <br>Christoph Wolfert  Jessica Hemmelmann \u00a0 <br>Emma Krusche  Mina Kizilaslan  Emilia Nuding<br>David Lux  Paula Kallmeyer \u00a0 <br>Lili Gyaja  Alba Pagliari  Julius Klein  Konstantin Klein \u00a0 \u00a0 <br>Jan Baudisch  Valle Hipper  Oskar Schwark  Tarik Sancak \u00a0 \u00a0 <br>Susi Kr\u00e4uter  Mia B\u00f6ck  Isabel McIlhone \u00a0 <br>Klumpi  Marian  Maia Niculescu  Timo Frank  Luisa Frank \u00a0 <br>Simon Honk  Christoph G\u00f6tz  Nadine Schmidt \u00a0 \u00a0 \u00a0 <br>Robin Teichert  Lenny Sch\u00f6n  Christian Erhart \u00a0 <br>Ralf Eisinger  Jule Eisinger  Leon Eckerth<br>Jonas Funk  Stefan Fischer \u00a0 <br>Patrick Hecht  Hannes K\u00fchner  Raja D\u00f6lle<br>Graziella H\u00e4u\u00dfler  Peter O\u00dfwald  Reiner Kazmeier<br>Robert Ruschke  Natalie Duarte \u00a0 \u00a0 \u00a0 \u00a0 <br>Ali Sancak \u00a0Reiner Kazmeier \u00a0 \u00a0 <br>Philipp Gyaja \u00a0 <br>Dragan Dakovic \u00a0Fred Madeira \u00a0<br>Ralf Eisinger <br>Giulio Cicchese<\/p>\n","protected":false},"excerpt":{"rendered":"<p>Unser aktuelles Trainerteam Corina Sch\u00f6n Franzi Mader Lenny Sch\u00f6n Alex Moll \u00a0 Christoph Wolfert Jessica Hemmelmann \u00a0 Emma Krusche Mina Kizilaslan Emilia NudingDavid Lux Paula Kallmeyer \u00a0 Lili Gyaja Alba Pagliari Julius Klein Konstantin Klein \u00a0 \u00a0 Jan Baudisch Valle Hipper Oskar Schwark Tarik Sancak \u00a0 \u00a0 Susi Kr\u00e4uter Mia B\u00f6ck Isabel McIlhone \u00a0 Klumpi [&hellip;]<\/p>\n<br\/><br\/><a class=\"read-more\" href=\"https:\/\/www.handball-ulm.de\/?page_id=124\"> Mehr lesen...<\/a>","protected":false},"author":1,"featured_media":10710,"parent":0,"menu_order":0,"comment_status":"closed","ping_status":"closed","template":"","meta":{"ngg_post_thumbnail":0,"footnotes":""},"_links":{"self":[{"href":"https:\/\/www.handball-ulm.de\/index.php?rest_route=\/wp\/v2\/pages\/124"}],"collection":[{"href":"https:\/\/www.handball-ulm.de\/index.php?rest_route=\/wp\/v2\/pages"}],"about":[{"href":"https:\/\/www.handball-ulm.de\/index.php?rest_route=\/wp\/v2\/types\/page"}],"author":[{"embeddable":true,"href":"https:\/\/www.handball-ulm.de\/index.php?rest_route=\/wp\/v2\/users\/1"}],"replies":[{"embeddable":true,"href":"https:\/\/www.handball-ulm.de\/index.php?rest_route=%2Fwp%2Fv2%2Fcomments&post=124"}],"version-history":[{"count":30,"href":"https:\/\/www.handball-ulm.de\/index.php?rest_route=\/wp\/v2\/pages\/124\/revisions"}],"predecessor-version":[{"id":20071,"href":"https:\/\/www.handball-ulm.de\/index.php?rest_route=\/wp\/v2\/pages\/124\/revisions\/20071"}],"wp:featuredmedia":[{"embeddable":true,"href":"https:\/\/www.handball-ulm.de\/index.php?rest_route=\/wp\/v2\/media\/10710"}],"wp:attachment":[{"href":"https:\/\/www.handball-ulm.de\/index.php?rest_route=%2Fwp%2Fv2%2Fmedia&parent=124"}],"curies":[{"name":"wp","href":"https:\/\/api.w.org\/{rel}","templated":true}]}}

<h2>Unser aktuelles Trainerteam</h2>


<p>Corina Schön  Franzi Mader  Lenny Schön  Alex Moll   <br>Christoph Wolfert  Jessica Hemmelmann   <br>Emma Krusche  Mina Kizilaslan  Emilia Nuding<br>David Lux  Paula Kallmeyer   <br>Lili Gyaja  Alba Pagliari  Julius Klein  Konstantin Klein     <br>Jan Baudisch  Valle Hipper  Oskar Schwark  Tarik Sancak     <br>Susi Kräuter  Mia Böck  Isabel McIlhone   <br>Klumpi  Marian  Maia Niculescu  Timo Frank  Luisa Frank   <br>Simon Honk  Christoph Götz  Nadine Schmidt       <br>Robin Teichert  Lenny Schön  Christian Erhart   <br>Ralf Eisinger  Jule Eisinger  Leon Eckerth<br>Jonas Funk  Stefan Fischer   <br>Patrick Hecht  Hannes Kühner  Raja Dölle<br>Graziella Häußler  Peter Oßwald  Reiner Kazmeier<br>Robert Ruschke  Natalie Duarte         <br>Ali Sancak  Reiner Kazmeier     <br>Philipp Gyaja   <br>Dragan Dakovic  Fred Madeira  <br>Ralf Eisinger <br>Giulio Cicchese</p>

<p>Unser aktuelles Trainerteam Corina Schön Franzi Mader Lenny Schön Alex Moll   Christoph Wolfert Jessica Hemmelmann   Emma Krusche Mina Kizilaslan Emilia NudingDavid Lux Paula Kallmeyer   Lili Gyaja Alba Pagliari Julius Klein Konstantin Klein     Jan Baudisch Valle Hipper Oskar Schwark Tarik Sancak     Susi Kräuter Mia Böck Isabel McIlhone   Klumpi [&hellip;]</p>
<br/><br/><a class="read-more" href="https://www.handball-ulm.de/?page_id=124"> Mehr lesen...</a>
