{"id":118,"date":"2018-05-20T12:46:25","date_gmt":"2018-05-20T10:46:25","guid":{"rendered":"https:\/\/sgulm.tcremer.de\/?page_id=118"},"modified":"2024-09-30T20:30:15","modified_gmt":"2024-09-30T18:30:15","slug":"foerderverein-2000","status":"publish","type":"page","link":"https:\/\/www.handball-ulm.de\/?page_id=118","title":{"rendered":"F\u00f6rderverein 2000"},"content":{"rendered":"<h2>F\u00f6rderverein Handball 2000 e.V. <img loading=\"lazy\" decoding=\"async\" class=\"size-medium wp-image-12067 alignright\" src=\"https:\/\/www.handball-ulm.de\/wp-content\/uploads\/2023\/01\/WhatsApp-Image-2023-01-18-at-07.32.25-186x300.jpeg\" alt=\"\" width=\"186\" height=\"300\" srcset=\"https:\/\/www.handball-ulm.de\/wp-content\/uploads\/2023\/01\/WhatsApp-Image-2023-01-18-at-07.32.25-186x300.jpeg 186w, https:\/\/www.handball-ulm.de\/wp-content\/uploads\/2023\/01\/WhatsApp-Image-2023-01-18-at-07.32.25.jpeg 634w\" sizes=\"(max-width: 186px) 100vw, 186px\" \/><\/h2>\n<p>Der F\u00f6rderverein Handball 2000 e.V. besteht seit 1999 und wird im Wesentlichen von ehemaligen Spielern der SG Ulm &amp; Wiblingen getragen.<\/p>\n<p>Wir als Vorstand halten zwar die Z\u00fcgel in der Hand, werden aber bei allen\u00a0Aktionen von einem Stamm kerniger Handballsenioren tatkr\u00e4ftig unterst\u00fctzt, die ihr Herz dem sch\u00f6nsten Sport der Welt geschenkt haben und nun nach Beendigung ihrer eigenen Laufbahn ihr Energie in\u00a0unseren Verein\u00a0au\u00dferhalb der Halle stecken. Bei gr\u00f6\u00dferen Veranstaltungen sind wir au\u00dferdem auf viele flei\u00dfige H\u00e4nde der aktiven Spielerinnen und Spieler angewiesen.<\/p>\n<h4>Die Mitgestaltung eines aktiven Vereinslebens bei der SG Ulm &amp; Wiblingen stellt, neben dem sportlichen Leistungsgedanken, die Grundlage unserer Arbeit dar.<\/h4>\n<p>Den Fokus unserer Arbeit bilden die mannschafts\u00fcbergreifenden Highlights f\u00fcr unsere Handballerinnen und Handballer mit ihren Familien.<\/p>\n<p>Finanziell beteiligen wir uns bei der Beschaffung von Trikots und B\u00e4llen, Mannschaftsausfl\u00fcgen, Trainingslagern sowie der Bezuschussung von Jugendturnieren.<\/p>\n<p>Unsere Arbeit wird getragen von Mitgliedsbeitr\u00e4gen, Sponsorengeldern und Einnahmen \u00fcber Aktivit\u00e4ten wie beispielsweise die beliebte\u00a0Musiknacht am Wiblinger Binsenweiher.<\/p>\n<p>Haben Sie Interesse an unterst\u00fctzender Mitarbeit, Mitgliedschaft oder Sponsoring?<\/p>\n<p>Helfende H\u00e4nde und finanzielle Unterst\u00fctzung sind immer willkommen!<\/p>\n<h1>Mitgliedschaft<\/h1>\n<p>Schon ab 20 Euro j\u00e4hrlich k\u00f6nnen Sie Mitglied in unserem F\u00f6rderverein Handball 2000 e.V. werden.<\/p>\n<p>Im Gegenzug erhalten Sie eine Saisonkarte f\u00fcr alle Heimspiele unserer aktiven Mannschaften.<\/p>\n<p>Einfach die\u00a0<a href=\"\/wp-content\/uploads\/2019\/02\/Beitrittserkl%C3%A4rung_F%C3%B6rderverein.pdf\" target=\"_blank\" rel=\"noopener noreferrer\">Beitrittserkl\u00e4rung<\/a> drucken, ausf\u00fcllen und bei unserem Hallendienst oder einem unserer Vorstandsmitglieder abgeben!<\/p>\n<h4>Sie erreichen uns unter:\u00a0<span id=\"cloak62507\"><a href=\"mailto:foerderverein@sgulm.de\">foerderverein@sgulm.de<\/a><\/span><\/h4>\n<h1>Sponsoring<\/h1>\n<p>Ob Anzeigen- oder Bandenwerbung, finanzielle Unterst\u00fctzung einer Mannschaft durch Trikots, Trainingsanz\u00fcge oder sonstige Ausstattung &#8211; als Sponsor gibt es viele M\u00f6glichkeiten f\u00fcr jeden finanziellen Rahmen!<\/p>\n<p>Sie erreichen ca. 350 Spielerinnen und Spieler mit Ihren Familien.<\/p>\n<p><strong>Bitte sprechen Sie uns an!<\/strong><\/p>\n<h4>Sie erreichen uns unter: <span id=\"cloak62507\"><a href=\"mailto:foerderverein@sgulm.de\">sponsoren@sgulm.de<\/a><\/span><\/h4>\n\n\n<figure class=\"wp-block-image size-large\"><img loading=\"lazy\" decoding=\"async\" width=\"478\" height=\"676\" src=\"https:\/\/www.handball-ulm.de\/wp-content\/uploads\/2022\/11\/Screenshot-418.png\" alt=\"\" class=\"wp-image-11560\" srcset=\"https:\/\/www.handball-ulm.de\/wp-content\/uploads\/2022\/11\/Screenshot-418.png 478w, https:\/\/www.handball-ulm.de\/wp-content\/uploads\/2022\/11\/Screenshot-418-212x300.png 212w\" sizes=\"(max-width: 478px) 100vw, 478px\" \/><\/figure>\n\n\n\n<h3 class=\"wp-block-heading\">F\u00f6rderverein Handball 2000 e.V.<\/h3>\n\n\n<div class=\"wp-block-image\">\n<figure class=\"alignleft size-large\"><img loading=\"lazy\" decoding=\"async\" width=\"121\" height=\"176\" src=\"https:\/\/www.handball-ulm.de\/wp-content\/uploads\/2022\/07\/Alfi-1.jpg\" alt=\"\" class=\"wp-image-10129\"\/><figcaption class=\"wp-element-caption\">Vorstand <br>Alfred Bognar<\/figcaption><\/figure><\/div>\n\n\n<div style=\"height:20px\" aria-hidden=\"true\" class=\"wp-block-spacer\"><\/div>\n\n\n\n<hr class=\"wp-block-separator has-css-opacity\"\/>\n\n\n\n<div class=\"wp-block-columns is-layout-flex wp-container-core-columns-layout-3 wp-block-columns-is-layout-flex\">\n<div class=\"wp-block-column is-layout-flow wp-block-column-is-layout-flow\">\n<div class=\"wp-block-columns is-layout-flex wp-container-core-columns-layout-1 wp-block-columns-is-layout-flex\">\n<div class=\"wp-block-column is-layout-flow wp-block-column-is-layout-flow\">\n<figure class=\"wp-block-image size-large\"><img loading=\"lazy\" decoding=\"async\" width=\"105\" height=\"133\" src=\"https:\/\/www.handball-ulm.de\/wp-content\/uploads\/2022\/07\/horst3.jpg\" alt=\"\" class=\"wp-image-10127\"\/><figcaption class=\"wp-element-caption\">Horst Wagner<\/figcaption><\/figure>\n<\/div>\n\n\n\n<div class=\"wp-block-column is-layout-flow wp-block-column-is-layout-flow\">\n<figure class=\"wp-block-image size-large is-resized\"><img loading=\"lazy\" decoding=\"async\" width=\"150\" height=\"199\" src=\"https:\/\/www.handball-ulm.de\/wp-content\/uploads\/2022\/07\/PetrA-1.jpg\" alt=\"\" class=\"wp-image-10130\" style=\"height:176px\"\/><figcaption class=\"wp-element-caption\">Finanzen<br>Petra Bognar<\/figcaption><\/figure>\n\n\n\n<figure class=\"wp-block-image size-large is-resized\"><img loading=\"lazy\" decoding=\"async\" width=\"85\" height=\"113\" src=\"https:\/\/www.handball-ulm.de\/wp-content\/uploads\/2022\/07\/Kile.jpg\" alt=\"\" class=\"wp-image-10049\" style=\"height:176px\"\/><figcaption class=\"wp-element-caption\">Tech. Leitung<br>Alexander Kilian<\/figcaption><\/figure>\n<\/div>\n<\/div>\n<\/div>\n\n\n\n<div class=\"wp-block-column is-layout-flow wp-block-column-is-layout-flow\">\n<div class=\"wp-block-columns is-layout-flex wp-container-core-columns-layout-2 wp-block-columns-is-layout-flex\">\n<div class=\"wp-block-column is-layout-flow wp-block-column-is-layout-flow\">\n<figure class=\"wp-block-image size-large is-resized\"><img loading=\"lazy\" decoding=\"async\" width=\"710\" height=\"1024\" src=\"https:\/\/www.handball-ulm.de\/wp-content\/uploads\/2022\/08\/Irina-710x1024.jpeg\" alt=\"\" class=\"wp-image-10168\" style=\"height:176px\" srcset=\"https:\/\/www.handball-ulm.de\/wp-content\/uploads\/2022\/08\/Irina-710x1024.jpeg 710w, https:\/\/www.handball-ulm.de\/wp-content\/uploads\/2022\/08\/Irina-208x300.jpeg 208w, https:\/\/www.handball-ulm.de\/wp-content\/uploads\/2022\/08\/Irina-768x1107.jpeg 768w, https:\/\/www.handball-ulm.de\/wp-content\/uploads\/2022\/08\/Irina-1065x1536.jpeg 1065w, https:\/\/www.handball-ulm.de\/wp-content\/uploads\/2022\/08\/Irina.jpeg 1132w\" sizes=\"(max-width: 710px) 100vw, 710px\" \/><figcaption class=\"wp-element-caption\">Sponsoring<br>Irina D\u00f6lz<\/figcaption><\/figure>\n\n\n\n<figure class=\"wp-block-image size-large is-resized\"><img loading=\"lazy\" decoding=\"async\" width=\"89\" height=\"145\" src=\"https:\/\/www.handball-ulm.de\/wp-content\/uploads\/2022\/07\/holgi.jpg\" alt=\"\" class=\"wp-image-10052\" style=\"height:176px\"\/><figcaption class=\"wp-element-caption\">Kassenpr\u00fcfer<br> Holger Schey<\/figcaption><\/figure>\n<\/div>\n\n\n\n<div class=\"wp-block-column is-layout-flow wp-block-column-is-layout-flow\">\n<figure class=\"wp-block-image size-large is-resized\"><img loading=\"lazy\" decoding=\"async\" width=\"154\" height=\"202\" src=\"https:\/\/www.handball-ulm.de\/wp-content\/uploads\/2022\/07\/FlorianUnseld.png\" alt=\"\" class=\"wp-image-10046\" style=\"height:176px\"\/><figcaption class=\"wp-element-caption\">Sponsoring<br>Florian Unseld<\/figcaption><\/figure>\n\n\n\n<figure class=\"wp-block-image size-large is-resized\"><img loading=\"lazy\" decoding=\"async\" width=\"117\" height=\"143\" src=\"https:\/\/www.handball-ulm.de\/wp-content\/uploads\/2022\/07\/j\u00f6rg.jpg\" alt=\"\" class=\"wp-image-10053\" style=\"height:176px\"\/><figcaption class=\"wp-element-caption\">Kassenpr\u00fcfer<br> J\u00f6rg Wiggershaus<\/figcaption><\/figure>\n<\/div>\n<\/div>\n\n\n\n<p><\/p>\n<\/div>\n<\/div>\n\n\n\n<p><\/p>\n","protected":false},"excerpt":{"rendered":"<p>F\u00f6rderverein Handball 2000 e.V. Der F\u00f6rderverein Handball 2000 e.V. besteht seit 1999 und wird im Wesentlichen von ehemaligen Spielern der SG Ulm &amp; Wiblingen getragen. Wir als Vorstand halten zwar die Z\u00fcgel in der Hand, werden aber bei allen\u00a0Aktionen von einem Stamm kerniger Handballsenioren tatkr\u00e4ftig unterst\u00fctzt, die ihr Herz dem sch\u00f6nsten Sport der Welt geschenkt [&hellip;]<\/p>\n<br\/><br\/><a class=\"read-more\" href=\"https:\/\/www.handball-ulm.de\/?page_id=118\"> Mehr lesen...<\/a>","protected":false},"author":1,"featured_media":0,"parent":0,"menu_order":0,"comment_status":"closed","ping_status":"closed","template":"","meta":{"ngg_post_thumbnail":0,"footnotes":""},"_links":{"self":[{"href":"https:\/\/www.handball-ulm.de\/index.php?rest_route=\/wp\/v2\/pages\/118"}],"collection":[{"href":"https:\/\/www.handball-ulm.de\/index.php?rest_route=\/wp\/v2\/pages"}],"about":[{"href":"https:\/\/www.handball-ulm.de\/index.php?rest_route=\/wp\/v2\/types\/page"}],"author":[{"embeddable":true,"href":"https:\/\/www.handball-ulm.de\/index.php?rest_route=\/wp\/v2\/users\/1"}],"replies":[{"embeddable":true,"href":"https:\/\/www.handball-ulm.de\/index.php?rest_route=%2Fwp%2Fv2%2Fcomments&post=118"}],"version-history":[{"count":33,"href":"https:\/\/www.handball-ulm.de\/index.php?rest_route=\/wp\/v2\/pages\/118\/revisions"}],"predecessor-version":[{"id":17258,"href":"https:\/\/www.handball-ulm.de\/index.php?rest_route=\/wp\/v2\/pages\/118\/revisions\/17258"}],"wp:attachment":[{"href":"https:\/\/www.handball-ulm.de\/index.php?rest_route=%2Fwp%2Fv2%2Fmedia&parent=118"}],"curies":[{"name":"wp","href":"https:\/\/api.w.org\/{rel}","templated":true}]}}

Förderverein 2000

<h2>Förderverein Handball 2000 e.V. <img loading="lazy" decoding="async" class="size-medium wp-image-12067 alignright" src="https://www.handball-ulm.de/wp-content/uploads/2023/01/WhatsApp-Image-2023-01-18-at-07.32.25-186x300.jpeg" alt="" width="186" height="300" srcset="https://www.handball-ulm.de/wp-content/uploads/2023/01/WhatsApp-Image-2023-01-18-at-07.32.25-186x300.jpeg 186w, https://www.handball-ulm.de/wp-content/uploads/2023/01/WhatsApp-Image-2023-01-18-at-07.32.25.jpeg 634w" sizes="(max-width: 186px) 100vw, 186px" /></h2>
<p>Der Förderverein Handball 2000 e.V. besteht seit 1999 und wird im Wesentlichen von ehemaligen Spielern der SG Ulm &amp; Wiblingen getragen.</p>
<p>Wir als Vorstand halten zwar die Zügel in der Hand, werden aber bei allen Aktionen von einem Stamm kerniger Handballsenioren tatkräftig unterstützt, die ihr Herz dem schönsten Sport der Welt geschenkt haben und nun nach Beendigung ihrer eigenen Laufbahn ihr Energie in unseren Verein außerhalb der Halle stecken. Bei größeren Veranstaltungen sind wir außerdem auf viele fleißige Hände der aktiven Spielerinnen und Spieler angewiesen.</p>
<h4>Die Mitgestaltung eines aktiven Vereinslebens bei der SG Ulm &amp; Wiblingen stellt, neben dem sportlichen Leistungsgedanken, die Grundlage unserer Arbeit dar.</h4>
<p>Den Fokus unserer Arbeit bilden die mannschaftsübergreifenden Highlights für unsere Handballerinnen und Handballer mit ihren Familien.</p>
<p>Finanziell beteiligen wir uns bei der Beschaffung von Trikots und Bällen, Mannschaftsausflügen, Trainingslagern sowie der Bezuschussung von Jugendturnieren.</p>
<p>Unsere Arbeit wird getragen von Mitgliedsbeiträgen, Sponsorengeldern und Einnahmen über Aktivitäten wie beispielsweise die beliebte Musiknacht am Wiblinger Binsenweiher.</p>
<p>Haben Sie Interesse an unterstützender Mitarbeit, Mitgliedschaft oder Sponsoring?</p>
<p>Helfende Hände und finanzielle Unterstützung sind immer willkommen!</p>
<h1>Mitgliedschaft</h1>
<p>Schon ab 20 Euro jährlich können Sie Mitglied in unserem Förderverein Handball 2000 e.V. werden.</p>
<p>Im Gegenzug erhalten Sie eine Saisonkarte für alle Heimspiele unserer aktiven Mannschaften.</p>
<p>Einfach die <a href="/wp-content/uploads/2019/02/Beitrittserkl%C3%A4rung_F%C3%B6rderverein.pdf" target="_blank" rel="noopener noreferrer">Beitrittserklärung</a> drucken, ausfüllen und bei unserem Hallendienst oder einem unserer Vorstandsmitglieder abgeben!</p>
<h4>Sie erreichen uns unter: <span id="cloak62507"><a href="mailto:foerderverein@sgulm.de">foerderverein@sgulm.de</a></span></h4>
<h1>Sponsoring</h1>
<p>Ob Anzeigen- oder Bandenwerbung, finanzielle Unterstützung einer Mannschaft durch Trikots, Trainingsanzüge oder sonstige Ausstattung &#8211; als Sponsor gibt es viele Möglichkeiten für jeden finanziellen Rahmen!</p>
<p>Sie erreichen ca. 350 Spielerinnen und Spieler mit Ihren Familien.</p>
<p><strong>Bitte sprechen Sie uns an!</strong></p>
<h4>Sie erreichen uns unter: <span id="cloak62507"><a href="mailto:foerderverein@sgulm.de">sponsoren@sgulm.de</a></span></h4>


<figure class="wp-block-image size-large"><img loading="lazy" decoding="async" width="478" height="676" src="https://www.handball-ulm.de/wp-content/uploads/2022/11/Screenshot-418.png" alt="" class="wp-image-11560" srcset="https://www.handball-ulm.de/wp-content/uploads/2022/11/Screenshot-418.png 478w, https://www.handball-ulm.de/wp-content/uploads/2022/11/Screenshot-418-212x300.png 212w" sizes="(max-width: 478px) 100vw, 478px" /></figure>



<h3 class="wp-block-heading">Förderverein Handball 2000 e.V.</h3>


<div class="wp-block-image">
<figure class="alignleft size-large"><img loading="lazy" decoding="async" width="121" height="176" src="https://www.handball-ulm.de/wp-content/uploads/2022/07/Alfi-1.jpg" alt="" class="wp-image-10129"/><figcaption class="wp-element-caption">Vorstand <br>Alfred Bognar</figcaption></figure></div>


<div style="height:20px" aria-hidden="true" class="wp-block-spacer"></div>



<hr class="wp-block-separator has-css-opacity"/>



<div class="wp-block-columns is-layout-flex wp-container-core-columns-layout-3 wp-block-columns-is-layout-flex">
<div class="wp-block-column is-layout-flow wp-block-column-is-layout-flow">
<div class="wp-block-columns is-layout-flex wp-container-core-columns-layout-1 wp-block-columns-is-layout-flex">
<div class="wp-block-column is-layout-flow wp-block-column-is-layout-flow">
<figure class="wp-block-image size-large"><img loading="lazy" decoding="async" width="105" height="133" src="https://www.handball-ulm.de/wp-content/uploads/2022/07/horst3.jpg" alt="" class="wp-image-10127"/><figcaption class="wp-element-caption">Horst Wagner</figcaption></figure>
</div>



<div class="wp-block-column is-layout-flow wp-block-column-is-layout-flow">
<figure class="wp-block-image size-large is-resized"><img loading="lazy" decoding="async" width="150" height="199" src="https://www.handball-ulm.de/wp-content/uploads/2022/07/PetrA-1.jpg" alt="" class="wp-image-10130" style="height:176px"/><figcaption class="wp-element-caption">Finanzen<br>Petra Bognar</figcaption></figure>



<figure class="wp-block-image size-large is-resized"><img loading="lazy" decoding="async" width="85" height="113" src="https://www.handball-ulm.de/wp-content/uploads/2022/07/Kile.jpg" alt="" class="wp-image-10049" style="height:176px"/><figcaption class="wp-element-caption">Tech. Leitung<br>Alexander Kilian</figcaption></figure>
</div>
</div>
</div>



<div class="wp-block-column is-layout-flow wp-block-column-is-layout-flow">
<div class="wp-block-columns is-layout-flex wp-container-core-columns-layout-2 wp-block-columns-is-layout-flex">
<div class="wp-block-column is-layout-flow wp-block-column-is-layout-flow">
<figure class="wp-block-image size-large is-resized"><img loading="lazy" decoding="async" width="710" height="1024" src="https://www.handball-ulm.de/wp-content/uploads/2022/08/Irina-710x1024.jpeg" alt="" class="wp-image-10168" style="height:176px" srcset="https://www.handball-ulm.de/wp-content/uploads/2022/08/Irina-710x1024.jpeg 710w, https://www.handball-ulm.de/wp-content/uploads/2022/08/Irina-208x300.jpeg 208w, https://www.handball-ulm.de/wp-content/uploads/2022/08/Irina-768x1107.jpeg 768w, https://www.handball-ulm.de/wp-content/uploads/2022/08/Irina-1065x1536.jpeg 1065w, https://www.handball-ulm.de/wp-content/uploads/2022/08/Irina.jpeg 1132w" sizes="(max-width: 710px) 100vw, 710px" /><figcaption class="wp-element-caption">Sponsoring<br>Irina Dölz</figcaption></figure>



<figure class="wp-block-image size-large is-resized"><img loading="lazy" decoding="async" width="89" height="145" src="https://www.handball-ulm.de/wp-content/uploads/2022/07/holgi.jpg" alt="" class="wp-image-10052" style="height:176px"/><figcaption class="wp-element-caption">Kassenprüfer<br> Holger Schey</figcaption></figure>
</div>



<div class="wp-block-column is-layout-flow wp-block-column-is-layout-flow">
<figure class="wp-block-image size-large is-resized"><img loading="lazy" decoding="async" width="154" height="202" src="https://www.handball-ulm.de/wp-content/uploads/2022/07/FlorianUnseld.png" alt="" class="wp-image-10046" style="height:176px"/><figcaption class="wp-element-caption">Sponsoring<br>Florian Unseld</figcaption></figure>



<figure class="wp-block-image size-large is-resized"><img loading="lazy" decoding="async" width="117" height="143" src="https://www.handball-ulm.de/wp-content/uploads/2022/07/jörg.jpg" alt="" class="wp-image-10053" style="height:176px"/><figcaption class="wp-element-caption">Kassenprüfer<br> Jörg Wiggershaus</figcaption></figure>
</div>
</div>



<p></p>
</div>
</div>



<p></p>

<p>Förderverein Handball 2000 e.V. Der Förderverein Handball 2000 e.V. besteht seit 1999 und wird im Wesentlichen von ehemaligen Spielern der SG Ulm &amp; Wiblingen getragen. Wir als Vorstand halten zwar die Zügel in der Hand, werden aber bei allen Aktionen von einem Stamm kerniger Handballsenioren tatkräftig unterstützt, die ihr Herz dem schönsten Sport der Welt geschenkt [&hellip;]</p>
<br/><br/><a class="read-more" href="https://www.handball-ulm.de/?page_id=118"> Mehr lesen...</a>
