{"id":108,"date":"2018-05-20T12:34:46","date_gmt":"2018-05-20T10:34:46","guid":{"rendered":"https:\/\/sgulm.tcremer.de\/?page_id=108"},"modified":"2025-04-08T13:55:27","modified_gmt":"2025-04-08T11:55:27","slug":"impressum","status":"publish","type":"page","link":"https:\/\/www.handball-ulm.de\/?page_id=108","title":{"rendered":"Impressum"},"content":{"rendered":"<h1>Impressum<\/h1>\n<h2>Angaben gem\u00e4\u00df \u00a7 5 TMG<\/h2>\n<p>SG Ulm &amp; Wiblingen GbR<\/p>\n<p><strong>Gesellschafter:<\/strong><\/p>\n<p>SSV Ulm 1846 e.V.<br \/>\nVereinsregister: VR 141<br \/>\nRegistergericht: Amtsgericht Ulm<\/p>\n<p>TV Wiblingen 1905 e.V.<br \/>\nVereinsregister: VR 21<br \/>\nRegistergericht: Amtsgericht Ulm<\/p>\n<p><strong>Vertreten durch den Vorstand:<\/strong><br \/>\nErhard Sepp (komm. Leiter)<\/p>\n<h2>Kontakt<\/h2>\n<p>E-Mail: <a href=\"mailto:vorstand@sgulm.de\">vorstand@sgulm.de<\/a><\/p>\n<h2>Postadresse und Kontakt der beiden Vereine<\/h2>\n<p>SSV Ulm 1846 e.V.<br \/>\nStadionstra\u00dfe 17<br \/>\n89073 Ulm<br \/>\nE-Mail: <a href=\"mailto:fabian.goeggel@ssvulm1846.de\">fabian.goeggel@ssvulm1846.de<\/a><br \/>\nTelefon: +49 731 1846-0<br \/>\nTelefax: +49 731 1846-101<\/p>\n<p>TV Wiblingen 1905 e.V.<br \/>\nWiblinger Ring 4<br \/>\n89079 Ulm<br \/>\nE-Mail: <a href=\"mailto:info@tv-wiblingen.de\">info@tv-wiblingen.de<\/a><br \/>\nTelefon +49 731 41407<br \/>\nTelefax +49 731 482614<\/p>\n<h3>Haftung f\u00fcr Inhalte<\/h3>\n<p>Als Diensteanbieter sind wir gem\u00e4\u00df \u00a7 7 Abs.1 TMG f\u00fcr eigene Inhalte auf diesen Seiten nach den allgemeinen Gesetzen verantwortlich. Nach \u00a7\u00a7 8 bis 10 TMG sind wir als Diensteanbieter jedoch nicht verpflichtet, \u00fcbermittelte oder gespeicherte fremde Informationen zu \u00fcberwachen oder nach Umst\u00e4nden zu forschen, die auf eine rechtswidrige T\u00e4tigkeit hinweisen.<\/p>\n<p>Verpflichtungen zur Entfernung oder Sperrung der Nutzung von Informationen nach den allgemeinen Gesetzen bleiben hiervon unber\u00fchrt. Eine diesbez\u00fcgliche Haftung ist jedoch erst ab dem Zeitpunkt der Kenntnis einer konkreten Rechtsverletzung m\u00f6glich. Bei Bekanntwerden von entsprechenden Rechtsverletzungen werden wir diese Inhalte umgehend entfernen.<\/p>\n<h3>Haftung f\u00fcr Links<\/h3>\n<p>Unser Angebot enth\u00e4lt Links zu externen Websites Dritter, auf deren Inhalte wir keinen Einfluss haben. Deshalb k\u00f6nnen wir f\u00fcr diese fremden Inhalte auch keine Gew\u00e4hr \u00fcbernehmen. F\u00fcr die Inhalte der verlinkten Seiten ist stets der jeweilige Anbieter oder Betreiber der Seiten verantwortlich. Die verlinkten Seiten wurden zum Zeitpunkt der Verlinkung auf m\u00f6gliche Rechtsverst\u00f6\u00dfe \u00fcberpr\u00fcft. Rechtswidrige Inhalte waren zum Zeitpunkt der Verlinkung nicht erkennbar.<\/p>\n<p>Eine permanente inhaltliche Kontrolle der verlinkten Seiten ist jedoch ohne konkrete Anhaltspunkte einer Rechtsverletzung nicht zumutbar. Bei Bekanntwerden von Rechtsverletzungen werden wir derartige Links umgehend entfernen.<\/p>\n<h3>Urheberrecht<\/h3>\n<p>Die durch die Seitenbetreiber erstellten Inhalte und Werke auf diesen Seiten unterliegen dem deutschen Urheberrecht. Die Vervielf\u00e4ltigung, Bearbeitung, Verbreitung und jede Art der Verwertung au\u00dferhalb der Grenzen des Urheberrechtes bed\u00fcrfen der schriftlichen Zustimmung des jeweiligen Autors bzw. Erstellers. Downloads und Kopien dieser Seite sind nur f\u00fcr den privaten, nicht kommerziellen Gebrauch gestattet.<\/p>\n<p>Soweit die Inhalte auf dieser Seite nicht vom Betreiber erstellt wurden, werden die Urheberrechte Dritter beachtet. Insbesondere werden Inhalte Dritter als solche gekennzeichnet. Sollten Sie trotzdem auf eine Urheberrechtsverletzung aufmerksam werden, bitten wir um einen entsprechenden Hinweis. Bei Bekanntwerden von Rechtsverletzungen werden wir derartige Inhalte umgehend entfernen.<\/p>\n<p>Quelle: <a href=\"https:\/\/www.e-recht24.de\">https:\/\/www.e-recht24.de<\/a><\/p>\n","protected":false},"excerpt":{"rendered":"<p>Impressum Angaben gem\u00e4\u00df \u00a7 5 TMG SG Ulm &amp; Wiblingen GbR Gesellschafter: SSV Ulm 1846 e.V. Vereinsregister: VR 141 Registergericht: Amtsgericht Ulm TV Wiblingen 1905 e.V. Vereinsregister: VR 21 Registergericht: Amtsgericht Ulm Vertreten durch den Vorstand: Erhard Sepp (komm. Leiter) Kontakt E-Mail: vorstand@sgulm.de Postadresse und Kontakt der beiden Vereine SSV Ulm 1846 e.V. Stadionstra\u00dfe 17 [&hellip;]<\/p>\n<br\/><br\/><a class=\"read-more\" href=\"https:\/\/www.handball-ulm.de\/?page_id=108\"> Mehr lesen...<\/a>","protected":false},"author":1,"featured_media":0,"parent":0,"menu_order":0,"comment_status":"closed","ping_status":"closed","template":"","meta":{"ngg_post_thumbnail":0,"footnotes":""},"_links":{"self":[{"href":"https:\/\/www.handball-ulm.de\/index.php?rest_route=\/wp\/v2\/pages\/108"}],"collection":[{"href":"https:\/\/www.handball-ulm.de\/index.php?rest_route=\/wp\/v2\/pages"}],"about":[{"href":"https:\/\/www.handball-ulm.de\/index.php?rest_route=\/wp\/v2\/types\/page"}],"author":[{"embeddable":true,"href":"https:\/\/www.handball-ulm.de\/index.php?rest_route=\/wp\/v2\/users\/1"}],"replies":[{"embeddable":true,"href":"https:\/\/www.handball-ulm.de\/index.php?rest_route=%2Fwp%2Fv2%2Fcomments&post=108"}],"version-history":[{"count":18,"href":"https:\/\/www.handball-ulm.de\/index.php?rest_route=\/wp\/v2\/pages\/108\/revisions"}],"predecessor-version":[{"id":18232,"href":"https:\/\/www.handball-ulm.de\/index.php?rest_route=\/wp\/v2\/pages\/108\/revisions\/18232"}],"wp:attachment":[{"href":"https:\/\/www.handball-ulm.de\/index.php?rest_route=%2Fwp%2Fv2%2Fmedia&parent=108"}],"curies":[{"name":"wp","href":"https:\/\/api.w.org\/{rel}","templated":true}]}}