{"id":10480,"date":"2023-10-21T15:01:16","date_gmt":"2023-10-21T13:01:16","guid":{"rendered":"https:\/\/www.handball-ulm.de\/?page_id=10480"},"modified":"2025-11-16T16:03:38","modified_gmt":"2025-11-16T15:03:38","slug":"weststadt-minis-2","status":"publish","type":"page","link":"https:\/\/www.handball-ulm.de\/?page_id=10480","title":{"rendered":"Weststadt Minis 2"},"content":{"rendered":"\n\r\n\r\n<div id=\"tabs-567454404\">\n\r\n<ul class=\"resp-tabs-list\">\r\n    <li>Kader<\/li>\r\n\n\r\n    <li>Aktuelles<\/li>\r\n\n\r\n    <li>Spielplan<\/li>\r\n\n\r\n    <li>Trainingszeiten<\/li>\r\n\n\r\n    <li>Jahrgang<\/li>\r\n\n\r\n    <li>Trainer<\/li>\r\n<\/ul>\r\n<div class=\"resp-tabs-container\">\n \r\n<div>\r\n\n<p class=\"standart\"><strong>Hintere Reihen v.l.n.r.: <\/strong>&#8230; folgt!<br><strong>Vordere Reihen v.l.n.r.:<\/strong>&#8230; folgt!<\/p>\n<p><strong>Es fehlen:<\/strong> &#8230; folgt!<\/p>\n\r\n<\/div>\r\n\n\r\n<div>\r\n\n<article class=\"post\">\r\n    <div class=\"post-20178 post type-post status-publish format-standard has-post-thumbnail hentry category-aktive category-aktuelles-foerderverein category-allgemein category-aus-dem-sg-leben category-aus-dem-sg-leben-25-26 category-events category-frauen-1 category-frauen-2 category-gaenswiescup-2025 category-gaenswiescup-2026 category-gaenswiesturnier category-gemischt-d1 category-gemischt-d2 category-gemischt-d3 category-gemischt-e-ulm category-gemischt-e-wiblingen category-gemischt-f-ulm category-gemischt-f-wiblingen category-jugend category-maenner-1 category-maenner-2 category-maenner-3 category-maennlich-a category-maennlich-b1 category-maennlich-c category-maennlich-c2 category-miniminis-oststadt category-miniminis-weststadt category-miniminis-wiblingen category-minis-goegglingen category-minis-oststadt category-minis-weststadt-1 category-minis-weststadt-2 category-minis-wiblingen category-spielgemeinschaft category-startseite category-weiblich-a category-weiblich-b category-weiblich-b2 category-weiblich-c category-weiblich-c2 category-weiblich-d category-weiblich-e\"  id=\"post-20178\">\r\n      \r\n    <figure>\r\n        <a href=\"https:\/\/www.handball-ulm.de\/?p=20178\">\r\n            <img loading=\"lazy\" decoding=\"async\" width=\"964\" height=\"428\" src=\"https:\/\/www.handball-ulm.de\/wp-content\/uploads\/2026\/04\/torwart-Website.jpg\" class=\"attachment-sporty-blog-image size-sporty-blog-image wp-post-image\" alt=\"Torwart gesucht\" srcset=\"https:\/\/www.handball-ulm.de\/wp-content\/uploads\/2026\/04\/torwart-Website.jpg 964w, https:\/\/www.handball-ulm.de\/wp-content\/uploads\/2026\/04\/torwart-Website-300x133.jpg 300w, https:\/\/www.handball-ulm.de\/wp-content\/uploads\/2026\/04\/torwart-Website-768x341.jpg 768w\" sizes=\"(max-width: 964px) 100vw, 964px\" \/>        <\/a>\r\n    <\/figure>\r\n            <div class=\"postbox\">  \r\n            <h3>\r\n                <a href=\"https:\/\/www.handball-ulm.de\/?p=20178\">Aufruf: Wer kennt einen Torh\u00fcter?!<\/a>\r\n            <\/h3>\r\n        <div class=\"date-without-thumb\">15. April 2026<\/div> \r\n        <p>Liebe Vereinsfamilie, unsere Herren 1 steht vor einer wichtigen Frage: Wer h\u00fctet n\u00e4chste Saison unser Tor? Trainer Ralf und die Mannschaft suchen dringend einen Torh\u00fcter \u2013 ab sofort, aber ganz besonders f\u00fcr die kommende Saison. Und jetzt kommt ihr ins Spiel! \ud83d\udc49 Fragt in eurem Freundeskreis, in der Familie, bei Arbeitskollegen, beim Stammtisch \u2013 einfach [&hellip;]<\/p>\n<br\/><br\/><a class=\"read-more\" href=\"https:\/\/www.handball-ulm.de\/?p=20178\"> Mehr lesen...<\/a>        <\/div>    \r\n    <\/div>\r\n<\/article>\r\n<article class=\"post\">\r\n    <div class=\"post-16324 post type-post status-publish format-standard has-post-thumbnail hentry category-aus-dem-sg-leben-23-24 category-minis-oststadt category-minis-weststadt-2 category-startseite\"  id=\"post-16324\">\r\n      \r\n    <figure>\r\n        <a href=\"https:\/\/www.handball-ulm.de\/?p=16324\">\r\n            <img loading=\"lazy\" decoding=\"async\" width=\"964\" height=\"428\" src=\"https:\/\/www.handball-ulm.de\/wp-content\/uploads\/2024\/03\/PXL_20240317_091831145-964x428.jpeg\" class=\"attachment-sporty-blog-image size-sporty-blog-image wp-post-image\" alt=\"\" \/>        <\/a>\r\n    <\/figure>\r\n            <div class=\"postbox\">  \r\n            <h3>\r\n                <a href=\"https:\/\/www.handball-ulm.de\/?p=16324\">Minis in Laupheim<\/a>\r\n            <\/h3>\r\n        <div class=\"date-without-thumb\">17. M\u00e4rz 2024<\/div> \r\n        <p>Dr\u00fcber und Drunter<\/p>\n<br\/><br\/><a class=\"read-more\" href=\"https:\/\/www.handball-ulm.de\/?p=16324\"> Mehr lesen...<\/a>        <\/div>    \r\n    <\/div>\r\n<\/article>\r\n<!-- VIEW ALL BUTTON -->\r\n<div class=\"blogpager\">\r\n    <div class=\"previous\">\r\n        <a href=\"https:\/\/www.handball-ulm.de\/?cat=88\">Alle<\/a>\r\n    <\/div>\r\n<\/div>\r\n\n\r\n<\/div>\r\n\n\r\n<div>\r\n<br>\n\r\n<div class=\"clearfix\">\r\n    <div id=\"subtabs-1788548276\">\n\r\n      <ul class=\"resp-tabs-list\">\r\n    <li>2023\/2024<\/li>\r\n<\/ul>\r\n      <div class=\"resp-tabs-container\">\n \r\n<div>\r\n<strong><br>Weststadt Minis 2<br><\/strong>(Minis Oststadt ist im nachfolgenden Spielplan SG Ulm &amp; Wibl 4)<strong><br><\/strong><\/p>\n<p><br>\r\n<\/div>\r\n<\/div>\r\n    <\/div>\r\n<\/div>\r\n\n<br>\r\n<\/div>\r\n\n\r\n<div>\r\n<br>Freitag 16:30 \u2013 18:00 Uhr BSH<\/p>\n<p><a href=\"\/?page_id=127\">Link zu den Hallen<\/a><br>\r\n<\/div>\r\n\n\r\n<div>\r\n<br>2019\/2020<br>\r\n<\/div>\r\n\n\r\n<div>\r\n<br><strong>Name:<\/strong> Verena Kolbe und Ronja Prokscha<br><strong>E-Mail: <\/strong><a href=\"mailto:weststadtminis@sgulm.de\">weststadtminis@sgulm.de<\/a><br>\r\n<\/div>\r\n\r\n\r\n<\/div><\/div>\r\n<script type=\"text\/javascript\">jQuery(document).ready(function() { \r\n    jQuery(\"#tabs-567454404\").easyResponsiveTabs({ type: \"default\", width: \"auto\", fit: true}); \r\njQuery(\"#subtabs-1788548276\").easyResponsiveTabs({ type: \"default\", width: \"auto\", fit: true});\n    \r\n}); <\/script>\r\n\n\n\n\n<p><\/p>\n","protected":false},"excerpt":{"rendered":"<br\/><br\/><a class=\"read-more\" href=\"https:\/\/www.handball-ulm.de\/?p=16324\"> Mehr lesen...<\/a>","protected":false},"author":1,"featured_media":14996,"parent":0,"menu_order":0,"comment_status":"closed","ping_status":"closed","template":"","meta":{"ngg_post_thumbnail":0,"footnotes":""},"_links":{"self":[{"href":"https:\/\/www.handball-ulm.de\/index.php?rest_route=\/wp\/v2\/pages\/10480"}],"collection":[{"href":"https:\/\/www.handball-ulm.de\/index.php?rest_route=\/wp\/v2\/pages"}],"about":[{"href":"https:\/\/www.handball-ulm.de\/index.php?rest_route=\/wp\/v2\/types\/page"}],"author":[{"embeddable":true,"href":"https:\/\/www.handball-ulm.de\/index.php?rest_route=\/wp\/v2\/users\/1"}],"replies":[{"embeddable":true,"href":"https:\/\/www.handball-ulm.de\/index.php?rest_route=%2Fwp%2Fv2%2Fcomments&post=10480"}],"version-history":[{"count":5,"href":"https:\/\/www.handball-ulm.de\/index.php?rest_route=\/wp\/v2\/pages\/10480\/revisions"}],"predecessor-version":[{"id":19584,"href":"https:\/\/www.handball-ulm.de\/index.php?rest_route=\/wp\/v2\/pages\/10480\/revisions\/19584"}],"wp:featuredmedia":[{"embeddable":true,"href":"https:\/\/www.handball-ulm.de\/index.php?rest_route=\/wp\/v2\/media\/14996"}],"wp:attachment":[{"href":"https:\/\/www.handball-ulm.de\/index.php?rest_route=%2Fwp%2Fv2%2Fmedia&parent=10480"}],"curies":[{"name":"wp","href":"https:\/\/api.w.org\/{rel}","templated":true}]}}

<div id="tabs-567454404">

<ul class="resp-tabs-list">
    <li>Kader</li>


    <li>Aktuelles</li>


    <li>Spielplan</li>


    <li>Trainingszeiten</li>


    <li>Jahrgang</li>


    <li>Trainer</li>
</ul>
<div class="resp-tabs-container">
 
<div>

<p class="standart"><strong>Hintere Reihen v.l.n.r.: </strong>&#8230; folgt!<br><strong>Vordere Reihen v.l.n.r.:</strong>&#8230; folgt!</p>
<p><strong>Es fehlen:</strong> &#8230; folgt!</p>

</div>


<div>

<article class="post">
    <div class="post-20178 post type-post status-publish format-standard has-post-thumbnail hentry category-aktive category-aktuelles-foerderverein category-allgemein category-aus-dem-sg-leben category-aus-dem-sg-leben-25-26 category-events category-frauen-1 category-frauen-2 category-gaenswiescup-2025 category-gaenswiescup-2026 category-gaenswiesturnier category-gemischt-d1 category-gemischt-d2 category-gemischt-d3 category-gemischt-e-ulm category-gemischt-e-wiblingen category-gemischt-f-ulm category-gemischt-f-wiblingen category-jugend category-maenner-1 category-maenner-2 category-maenner-3 category-maennlich-a category-maennlich-b1 category-maennlich-c category-maennlich-c2 category-miniminis-oststadt category-miniminis-weststadt category-miniminis-wiblingen category-minis-goegglingen category-minis-oststadt category-minis-weststadt-1 category-minis-weststadt-2 category-minis-wiblingen category-spielgemeinschaft category-startseite category-weiblich-a category-weiblich-b category-weiblich-b2 category-weiblich-c category-weiblich-c2 category-weiblich-d category-weiblich-e"  id="post-20178">
      
    <figure>
        <a href="https://www.handball-ulm.de/?p=20178">
            <img loading="lazy" decoding="async" width="964" height="428" src="https://www.handball-ulm.de/wp-content/uploads/2026/04/torwart-Website.jpg" class="attachment-sporty-blog-image size-sporty-blog-image wp-post-image" alt="Torwart gesucht" srcset="https://www.handball-ulm.de/wp-content/uploads/2026/04/torwart-Website.jpg 964w, https://www.handball-ulm.de/wp-content/uploads/2026/04/torwart-Website-300x133.jpg 300w, https://www.handball-ulm.de/wp-content/uploads/2026/04/torwart-Website-768x341.jpg 768w" sizes="(max-width: 964px) 100vw, 964px" />        </a>
    </figure>
            <div class="postbox">  
            <h3>
                <a href="https://www.handball-ulm.de/?p=20178">Aufruf: Wer kennt einen Torhüter?!</a>
            </h3>
        <div class="date-without-thumb">15. April 2026</div> 
        <p>Liebe Vereinsfamilie, unsere Herren 1 steht vor einer wichtigen Frage: Wer hütet nächste Saison unser Tor? Trainer Ralf und die Mannschaft suchen dringend einen Torhüter – ab sofort, aber ganz besonders für die kommende Saison. Und jetzt kommt ihr ins Spiel! 👉 Fragt in eurem Freundeskreis, in der Familie, bei Arbeitskollegen, beim Stammtisch – einfach [&hellip;]</p>
<br/><br/><a class="read-more" href="https://www.handball-ulm.de/?p=20178"> Mehr lesen...</a>        </div>    
    </div>
</article>
<article class="post">
    <div class="post-16324 post type-post status-publish format-standard has-post-thumbnail hentry category-aus-dem-sg-leben-23-24 category-minis-oststadt category-minis-weststadt-2 category-startseite"  id="post-16324">
      
    <figure>
        <a href="https://www.handball-ulm.de/?p=16324">
            <img loading="lazy" decoding="async" width="964" height="428" src="https://www.handball-ulm.de/wp-content/uploads/2024/03/PXL_20240317_091831145-964x428.jpeg" class="attachment-sporty-blog-image size-sporty-blog-image wp-post-image" alt="" />        </a>
    </figure>
            <div class="postbox">  
            <h3>
                <a href="https://www.handball-ulm.de/?p=16324">Minis in Laupheim</a>
            </h3>
        <div class="date-without-thumb">17. März 2024</div> 
        <p>Drüber und Drunter</p>
<br/><br/><a class="read-more" href="https://www.handball-ulm.de/?p=16324"> Mehr lesen...</a>        </div>    
    </div>
</article>
<!-- VIEW ALL BUTTON -->
<div class="blogpager">
    <div class="previous">
        <a href="https://www.handball-ulm.de/?cat=88">Alle</a>
    </div>
</div>


</div>


<div>
<br>

<div class="clearfix">
    <div id="subtabs-1788548276">

      <ul class="resp-tabs-list">
    <li>2023/2024</li>
</ul>
      <div class="resp-tabs-container">
 
<div>
<strong><br>Weststadt Minis 2<br></strong>(Minis Oststadt ist im nachfolgenden Spielplan SG Ulm &amp; Wibl 4)<strong><br></strong></p>
<p><br>
</div>
</div>
    </div>
</div>

<br>
</div>


<div>
<br>Freitag 16:30 – 18:00 Uhr BSH</p>
<p><a href="/?page_id=127">Link zu den Hallen</a><br>
</div>


<div>
<br>2019/2020<br>
</div>


<div>
<br><strong>Name:</strong> Verena Kolbe und Ronja Prokscha<br><strong>E-Mail: </strong><a href="mailto:weststadtminis@sgulm.de">weststadtminis@sgulm.de</a><br>
</div>


</div></div>
<script type="text/javascript">jQuery(document).ready(function() { 
    jQuery("#tabs-567454404").easyResponsiveTabs({ type: "default", width: "auto", fit: true}); 
jQuery("#subtabs-1788548276").easyResponsiveTabs({ type: "default", width: "auto", fit: true});
    
}); </script>




<p></p>
