{"id":10479,"date":"2023-09-25T23:30:19","date_gmt":"2023-09-25T21:30:19","guid":{"rendered":"https:\/\/www.handball-ulm.de\/?page_id=10479"},"modified":"2023-09-25T23:30:21","modified_gmt":"2023-09-25T21:30:21","slug":"archiv-weststadt-miniminis-2022-2023","status":"publish","type":"page","link":"https:\/\/www.handball-ulm.de\/?page_id=10479","title":{"rendered":"Archiv Weststadt MiniMinis &#8211; 2022\/2023"},"content":{"rendered":"\n\r\n\r\n<div id=\"tabs-865447750\">\n\r\n<ul class=\"resp-tabs-list\">\r\n    <li>Kader<\/li>\r\n\n\r\n    <li>Aktuelles<\/li>\r\n<\/ul>\r\n<div class=\"resp-tabs-container\">\n \r\n<div>\r\n\n<p><strong>Hintere Reihe v.l.n.r.:<br \/>\n<\/strong>Simon, Magda, Nina, Franzi, George<strong><br \/>\nMittlere Reiche v.l.n.r:<br \/>\n<\/strong>Jona, Emi, Emma, Jonas, Mila, Theresa, Lea<strong><br \/>\nVordere Reihe v.l.n.r.:<br \/>\n<\/strong>Abo, Emil, Clara, Emma, Luca<\/p>\n<p><strong>Es fehlen:<\/strong><br \/>\nTrainerin Corina, Emil, Paul, Mia, Emma<\/p>\n\r\n<\/div>\r\n\n\r\n<div>\r\n\n<article class=\"post\">\r\n    <div class=\"post-20178 post type-post status-publish format-standard has-post-thumbnail hentry category-aktive category-aktuelles-foerderverein category-allgemein category-aus-dem-sg-leben category-aus-dem-sg-leben-25-26 category-events category-frauen-1 category-frauen-2 category-gaenswiescup-2025 category-gaenswiescup-2026 category-gaenswiesturnier category-gemischt-d1 category-gemischt-d2 category-gemischt-d3 category-gemischt-e-ulm category-gemischt-e-wiblingen category-gemischt-f-ulm category-gemischt-f-wiblingen category-jugend category-maenner-1 category-maenner-2 category-maenner-3 category-maennlich-a category-maennlich-b1 category-maennlich-c category-maennlich-c2 category-miniminis-oststadt category-miniminis-weststadt category-miniminis-wiblingen category-minis-goegglingen category-minis-oststadt category-minis-weststadt-1 category-minis-weststadt-2 category-minis-wiblingen category-spielgemeinschaft category-startseite category-weiblich-a category-weiblich-b category-weiblich-b2 category-weiblich-c category-weiblich-c2 category-weiblich-d category-weiblich-e\"  id=\"post-20178\">\r\n      \r\n    <figure>\r\n        <a href=\"https:\/\/www.handball-ulm.de\/?p=20178\">\r\n            <img loading=\"lazy\" decoding=\"async\" width=\"964\" height=\"428\" src=\"https:\/\/www.handball-ulm.de\/wp-content\/uploads\/2026\/04\/torwart-Website.jpg\" class=\"attachment-sporty-blog-image size-sporty-blog-image wp-post-image\" alt=\"Torwart gesucht\" srcset=\"https:\/\/www.handball-ulm.de\/wp-content\/uploads\/2026\/04\/torwart-Website.jpg 964w, https:\/\/www.handball-ulm.de\/wp-content\/uploads\/2026\/04\/torwart-Website-300x133.jpg 300w, https:\/\/www.handball-ulm.de\/wp-content\/uploads\/2026\/04\/torwart-Website-768x341.jpg 768w\" sizes=\"(max-width: 964px) 100vw, 964px\" \/>        <\/a>\r\n    <\/figure>\r\n            <div class=\"postbox\">  \r\n            <h3>\r\n                <a href=\"https:\/\/www.handball-ulm.de\/?p=20178\">Aufruf: Wer kennt einen Torh\u00fcter?!<\/a>\r\n            <\/h3>\r\n        <div class=\"date-without-thumb\">15. April 2026<\/div> \r\n        <p>Liebe Vereinsfamilie, unsere Herren 1 steht vor einer wichtigen Frage: Wer h\u00fctet n\u00e4chste Saison unser Tor? Trainer Ralf und die Mannschaft suchen dringend einen Torh\u00fcter \u2013 ab sofort, aber ganz besonders f\u00fcr die kommende Saison. Und jetzt kommt ihr ins Spiel! \ud83d\udc49 Fragt in eurem Freundeskreis, in der Familie, bei Arbeitskollegen, beim Stammtisch \u2013 einfach [&hellip;]<\/p>\n<br\/><br\/><a class=\"read-more\" href=\"https:\/\/www.handball-ulm.de\/?p=20178\"> Mehr lesen...<\/a>        <\/div>    \r\n    <\/div>\r\n<\/article>\r\n<article class=\"post\">\r\n    <div class=\"post-19340 post type-post status-publish format-standard hentry category-miniminis-weststadt\"  id=\"post-19340\">\r\n            <div class=\"postbox\">  \r\n            <h3>\r\n                <a href=\"https:\/\/www.handball-ulm.de\/?p=19340\">Mini Minis Weststadt: Saison Bericht 2025\/26<\/a>\r\n            <\/h3>\r\n        <div class=\"date-without-thumb\">29. September 2025<\/div> \r\n        <p>Wir sind eine Handballmannschaft! Wir haben: Spa\u00df! Wir sagen immer ich kann das! Wir sind die MINIMINIS! Unsere Miniminis sind eine bunte Truppe von jungen Nachwuchsspielern, die mit viel Freude am Handballspielen ihr erstes Grundwissen erwerben. Hier steht der Spa\u00df am Bewegen im Vordergrund: rennen, werfen, fangen, zielen \u2013 alles in spielerischer Form und angepasst [&hellip;]<\/p>\n<br\/><br\/><a class=\"read-more\" href=\"https:\/\/www.handball-ulm.de\/?p=19340\"> Mehr lesen...<\/a>        <\/div>    \r\n    <\/div>\r\n<\/article>\r\n<article class=\"post\">\r\n    <div class=\"post-14246 post type-post status-publish format-standard hentry category-miniminis-weststadt\"  id=\"post-14246\">\r\n            <div class=\"postbox\">  \r\n            <h3>\r\n                <a href=\"https:\/\/www.handball-ulm.de\/?p=14246\">Mini Minis Weststadt: Saison Bericht 2023\/2<\/a>\r\n            <\/h3>\r\n        <div class=\"date-without-thumb\">25. September 2023<\/div> \r\n        <p>Die Weststadt MiniMinis sind mit 3 \u201ealten Hasen\u201c in die Saison 2023\/2024 gestartet, nachdem 17 MiniMinis voller Aufregung zu den \u201egro\u00dfen\u201c Minis wechseln durften. Wir w\u00fcnschen euch auf diesem Wege weiterhin viel Spa\u00df beim Handball. Unser Handball-Teamgeist wird auch jetzt von Anfang bis Ende gelebt. Wir beginnen unser Training immer mit einer gemeinsamen Begr\u00fc\u00dfung: \u201eWir [&hellip;]<\/p>\n<br\/><br\/><a class=\"read-more\" href=\"https:\/\/www.handball-ulm.de\/?p=14246\"> Mehr lesen...<\/a>        <\/div>    \r\n    <\/div>\r\n<\/article>\r\n<article class=\"post\">\r\n    <div class=\"post-12688 post type-post status-publish format-standard hentry category-aus-dem-sg-leben-22-23 category-miniminis-oststadt category-miniminis-weststadt category-miniminis-wiblingen category-minis-oststadt category-minis-weststadt-1 category-minis-wiblingen category-startseite\"  id=\"post-12688\">\r\n            <div class=\"postbox\">  \r\n            <h3>\r\n                <a href=\"https:\/\/www.handball-ulm.de\/?p=12688\">Ein neuer Jugendleiter beginnt seine Arbeit<\/a>\r\n            <\/h3>\r\n        <div class=\"date-without-thumb\">17. April 2023<\/div> \r\n        <p>Verst\u00e4rkung in der Jugendleitung<\/p>\n<br\/><br\/><a class=\"read-more\" href=\"https:\/\/www.handball-ulm.de\/?p=12688\"> Mehr lesen...<\/a>        <\/div>    \r\n    <\/div>\r\n<\/article>\r\n<article class=\"post\">\r\n    <div class=\"post-10503 post type-post status-publish format-standard hentry category-miniminis-weststadt\"  id=\"post-10503\">\r\n            <div class=\"postbox\">  \r\n            <h3>\r\n                <a href=\"https:\/\/www.handball-ulm.de\/?p=10503\">Mini Minis Weststadt: Saison Bericht 2022\/23<\/a>\r\n            <\/h3>\r\n        <div class=\"date-without-thumb\">20. August 2022<\/div> \r\n        <p>&#8222;Wir sind eine Handballmannschaft. Wir haben zusammen Spa\u00df. Wir sagen immer: Ich kann das! Wir sind die MiniMinis!\u201c So begr\u00fc\u00dfen sich unsere Handballtalente im Alter von 3-4 Jahren zu jedem Training. Im Vordergrund des Trainings steht der Spa\u00df an der Bewegung, erste \u00dcbungen mit Ball und der Teamgeist. Letzteres wird speziell durch die Teilnahme an [&hellip;]<\/p>\n<br\/><br\/><a class=\"read-more\" href=\"https:\/\/www.handball-ulm.de\/?p=10503\"> Mehr lesen...<\/a>        <\/div>    \r\n    <\/div>\r\n<\/article>\r\n<!-- VIEW ALL BUTTON -->\r\n<div class=\"blogpager\">\r\n    <div class=\"previous\">\r\n        <a href=\"https:\/\/www.handball-ulm.de\/?cat=31\">Alle<\/a>\r\n    <\/div>\r\n<\/div>\r\n\n\r\n<\/div>\r\n\r\n\r\n<\/div><\/div>\r\n<script type=\"text\/javascript\">jQuery(document).ready(function() { \r\n    jQuery(\"#tabs-865447750\").easyResponsiveTabs({ type: \"default\", width: \"auto\", fit: true}); \r\n    \r\n}); <\/script>\r\n\n\n","protected":false},"excerpt":{"rendered":"<br\/><br\/><a class=\"read-more\" href=\"https:\/\/www.handball-ulm.de\/?p=10503\"> Mehr lesen...<\/a>","protected":false},"author":1,"featured_media":6335,"parent":0,"menu_order":0,"comment_status":"closed","ping_status":"closed","template":"","meta":{"ngg_post_thumbnail":0,"footnotes":""},"_links":{"self":[{"href":"https:\/\/www.handball-ulm.de\/index.php?rest_route=\/wp\/v2\/pages\/10479"}],"collection":[{"href":"https:\/\/www.handball-ulm.de\/index.php?rest_route=\/wp\/v2\/pages"}],"about":[{"href":"https:\/\/www.handball-ulm.de\/index.php?rest_route=\/wp\/v2\/types\/page"}],"author":[{"embeddable":true,"href":"https:\/\/www.handball-ulm.de\/index.php?rest_route=\/wp\/v2\/users\/1"}],"replies":[{"embeddable":true,"href":"https:\/\/www.handball-ulm.de\/index.php?rest_route=%2Fwp%2Fv2%2Fcomments&post=10479"}],"version-history":[{"count":2,"href":"https:\/\/www.handball-ulm.de\/index.php?rest_route=\/wp\/v2\/pages\/10479\/revisions"}],"predecessor-version":[{"id":14243,"href":"https:\/\/www.handball-ulm.de\/index.php?rest_route=\/wp\/v2\/pages\/10479\/revisions\/14243"}],"wp:featuredmedia":[{"embeddable":true,"href":"https:\/\/www.handball-ulm.de\/index.php?rest_route=\/wp\/v2\/media\/6335"}],"wp:attachment":[{"href":"https:\/\/www.handball-ulm.de\/index.php?rest_route=%2Fwp%2Fv2%2Fmedia&parent=10479"}],"curies":[{"name":"wp","href":"https:\/\/api.w.org\/{rel}","templated":true}]}}

<div id="tabs-865447750">

<ul class="resp-tabs-list">
    <li>Kader</li>


    <li>Aktuelles</li>
</ul>
<div class="resp-tabs-container">
 
<div>

<p><strong>Hintere Reihe v.l.n.r.:<br />
</strong>Simon, Magda, Nina, Franzi, George<strong><br />
Mittlere Reiche v.l.n.r:<br />
</strong>Jona, Emi, Emma, Jonas, Mila, Theresa, Lea<strong><br />
Vordere Reihe v.l.n.r.:<br />
</strong>Abo, Emil, Clara, Emma, Luca</p>
<p><strong>Es fehlen:</strong><br />
Trainerin Corina, Emil, Paul, Mia, Emma</p>

</div>


<div>

<article class="post">
    <div class="post-20178 post type-post status-publish format-standard has-post-thumbnail hentry category-aktive category-aktuelles-foerderverein category-allgemein category-aus-dem-sg-leben category-aus-dem-sg-leben-25-26 category-events category-frauen-1 category-frauen-2 category-gaenswiescup-2025 category-gaenswiescup-2026 category-gaenswiesturnier category-gemischt-d1 category-gemischt-d2 category-gemischt-d3 category-gemischt-e-ulm category-gemischt-e-wiblingen category-gemischt-f-ulm category-gemischt-f-wiblingen category-jugend category-maenner-1 category-maenner-2 category-maenner-3 category-maennlich-a category-maennlich-b1 category-maennlich-c category-maennlich-c2 category-miniminis-oststadt category-miniminis-weststadt category-miniminis-wiblingen category-minis-goegglingen category-minis-oststadt category-minis-weststadt-1 category-minis-weststadt-2 category-minis-wiblingen category-spielgemeinschaft category-startseite category-weiblich-a category-weiblich-b category-weiblich-b2 category-weiblich-c category-weiblich-c2 category-weiblich-d category-weiblich-e"  id="post-20178">
      
    <figure>
        <a href="https://www.handball-ulm.de/?p=20178">
            <img loading="lazy" decoding="async" width="964" height="428" src="https://www.handball-ulm.de/wp-content/uploads/2026/04/torwart-Website.jpg" class="attachment-sporty-blog-image size-sporty-blog-image wp-post-image" alt="Torwart gesucht" srcset="https://www.handball-ulm.de/wp-content/uploads/2026/04/torwart-Website.jpg 964w, https://www.handball-ulm.de/wp-content/uploads/2026/04/torwart-Website-300x133.jpg 300w, https://www.handball-ulm.de/wp-content/uploads/2026/04/torwart-Website-768x341.jpg 768w" sizes="(max-width: 964px) 100vw, 964px" />        </a>
    </figure>
            <div class="postbox">  
            <h3>
                <a href="https://www.handball-ulm.de/?p=20178">Aufruf: Wer kennt einen Torhüter?!</a>
            </h3>
        <div class="date-without-thumb">15. April 2026</div> 
        <p>Liebe Vereinsfamilie, unsere Herren 1 steht vor einer wichtigen Frage: Wer hütet nächste Saison unser Tor? Trainer Ralf und die Mannschaft suchen dringend einen Torhüter – ab sofort, aber ganz besonders für die kommende Saison. Und jetzt kommt ihr ins Spiel! 👉 Fragt in eurem Freundeskreis, in der Familie, bei Arbeitskollegen, beim Stammtisch – einfach [&hellip;]</p>
<br/><br/><a class="read-more" href="https://www.handball-ulm.de/?p=20178"> Mehr lesen...</a>        </div>    
    </div>
</article>
<article class="post">
    <div class="post-19340 post type-post status-publish format-standard hentry category-miniminis-weststadt"  id="post-19340">
            <div class="postbox">  
            <h3>
                <a href="https://www.handball-ulm.de/?p=19340">Mini Minis Weststadt: Saison Bericht 2025/26</a>
            </h3>
        <div class="date-without-thumb">29. September 2025</div> 
        <p>Wir sind eine Handballmannschaft! Wir haben: Spaß! Wir sagen immer ich kann das! Wir sind die MINIMINIS! Unsere Miniminis sind eine bunte Truppe von jungen Nachwuchsspielern, die mit viel Freude am Handballspielen ihr erstes Grundwissen erwerben. Hier steht der Spaß am Bewegen im Vordergrund: rennen, werfen, fangen, zielen – alles in spielerischer Form und angepasst [&hellip;]</p>
<br/><br/><a class="read-more" href="https://www.handball-ulm.de/?p=19340"> Mehr lesen...</a>        </div>    
    </div>
</article>
<article class="post">
    <div class="post-14246 post type-post status-publish format-standard hentry category-miniminis-weststadt"  id="post-14246">
            <div class="postbox">  
            <h3>
                <a href="https://www.handball-ulm.de/?p=14246">Mini Minis Weststadt: Saison Bericht 2023/2</a>
            </h3>
        <div class="date-without-thumb">25. September 2023</div> 
        <p>Die Weststadt MiniMinis sind mit 3 „alten Hasen“ in die Saison 2023/2024 gestartet, nachdem 17 MiniMinis voller Aufregung zu den „großen“ Minis wechseln durften. Wir wünschen euch auf diesem Wege weiterhin viel Spaß beim Handball. Unser Handball-Teamgeist wird auch jetzt von Anfang bis Ende gelebt. Wir beginnen unser Training immer mit einer gemeinsamen Begrüßung: „Wir [&hellip;]</p>
<br/><br/><a class="read-more" href="https://www.handball-ulm.de/?p=14246"> Mehr lesen...</a>        </div>    
    </div>
</article>
<article class="post">
    <div class="post-12688 post type-post status-publish format-standard hentry category-aus-dem-sg-leben-22-23 category-miniminis-oststadt category-miniminis-weststadt category-miniminis-wiblingen category-minis-oststadt category-minis-weststadt-1 category-minis-wiblingen category-startseite"  id="post-12688">
            <div class="postbox">  
            <h3>
                <a href="https://www.handball-ulm.de/?p=12688">Ein neuer Jugendleiter beginnt seine Arbeit</a>
            </h3>
        <div class="date-without-thumb">17. April 2023</div> 
        <p>Verstärkung in der Jugendleitung</p>
<br/><br/><a class="read-more" href="https://www.handball-ulm.de/?p=12688"> Mehr lesen...</a>        </div>    
    </div>
</article>
<article class="post">
    <div class="post-10503 post type-post status-publish format-standard hentry category-miniminis-weststadt"  id="post-10503">
            <div class="postbox">  
            <h3>
                <a href="https://www.handball-ulm.de/?p=10503">Mini Minis Weststadt: Saison Bericht 2022/23</a>
            </h3>
        <div class="date-without-thumb">20. August 2022</div> 
        <p>&#8222;Wir sind eine Handballmannschaft. Wir haben zusammen Spaß. Wir sagen immer: Ich kann das! Wir sind die MiniMinis!“ So begrüßen sich unsere Handballtalente im Alter von 3-4 Jahren zu jedem Training. Im Vordergrund des Trainings steht der Spaß an der Bewegung, erste Übungen mit Ball und der Teamgeist. Letzteres wird speziell durch die Teilnahme an [&hellip;]</p>
<br/><br/><a class="read-more" href="https://www.handball-ulm.de/?p=10503"> Mehr lesen...</a>        </div>    
    </div>
</article>
<!-- VIEW ALL BUTTON -->
<div class="blogpager">
    <div class="previous">
        <a href="https://www.handball-ulm.de/?cat=31">Alle</a>
    </div>
</div>


</div>


</div></div>
<script type="text/javascript">jQuery(document).ready(function() { 
    jQuery("#tabs-865447750").easyResponsiveTabs({ type: "default", width: "auto", fit: true}); 
    
}); </script>
