{"id":10302,"date":"2022-08-15T20:42:31","date_gmt":"2022-08-15T18:42:31","guid":{"rendered":"https:\/\/www.handball-ulm.de\/?page_id=10302"},"modified":"2022-08-15T20:42:33","modified_gmt":"2022-08-15T18:42:33","slug":"archiv-weiblich-a-2021-2022","status":"publish","type":"page","link":"https:\/\/www.handball-ulm.de\/?page_id=10302","title":{"rendered":"Archiv Weiblich A \u2013 2021\/2022"},"content":{"rendered":"<p><strong>Unsere weiblichen A-M\u00e4dchen verst\u00e4rkten in dieser Saison die Frauen 2. Deshalb war f\u00fcr die Saison 2021\/2022 keine weibliche A-Jugend gemeldet.<\/strong><\/p>\n<p>&nbsp;<\/p>\n","protected":false},"excerpt":{"rendered":"<p>Unsere weiblichen A-M\u00e4dchen verst\u00e4rkten in dieser Saison die Frauen 2. Deshalb war f\u00fcr die Saison 2021\/2022 keine weibliche A-Jugend gemeldet. &nbsp;<\/p>\n<br\/><br\/><a class=\"read-more\" href=\"https:\/\/www.handball-ulm.de\/?page_id=10302\"> Mehr lesen...<\/a>","protected":false},"author":1,"featured_media":0,"parent":0,"menu_order":0,"comment_status":"closed","ping_status":"closed","template":"","meta":{"ngg_post_thumbnail":0,"footnotes":""},"_links":{"self":[{"href":"https:\/\/www.handball-ulm.de\/index.php?rest_route=\/wp\/v2\/pages\/10302"}],"collection":[{"href":"https:\/\/www.handball-ulm.de\/index.php?rest_route=\/wp\/v2\/pages"}],"about":[{"href":"https:\/\/www.handball-ulm.de\/index.php?rest_route=\/wp\/v2\/types\/page"}],"author":[{"embeddable":true,"href":"https:\/\/www.handball-ulm.de\/index.php?rest_route=\/wp\/v2\/users\/1"}],"replies":[{"embeddable":true,"href":"https:\/\/www.handball-ulm.de\/index.php?rest_route=%2Fwp%2Fv2%2Fcomments&post=10302"}],"version-history":[{"count":1,"href":"https:\/\/www.handball-ulm.de\/index.php?rest_route=\/wp\/v2\/pages\/10302\/revisions"}],"predecessor-version":[{"id":10304,"href":"https:\/\/www.handball-ulm.de\/index.php?rest_route=\/wp\/v2\/pages\/10302\/revisions\/10304"}],"wp:attachment":[{"href":"https:\/\/www.handball-ulm.de\/index.php?rest_route=%2Fwp%2Fv2%2Fmedia&parent=10302"}],"curies":[{"name":"wp","href":"https:\/\/api.w.org\/{rel}","templated":true}]}}